{"id":10295,"date":"2025-04-01T17:22:29","date_gmt":"2025-04-01T15:22:29","guid":{"rendered":"https:\/\/commercialaudio.pl\/?post_type=product&#038;p=10295"},"modified":"2025-07-26T21:21:21","modified_gmt":"2025-07-26T19:21:21","slug":"wzmacniacz-sygnalu-usb-extender-kit","status":"publish","type":"product","link":"https:\/\/commercialaudio.pl\/cs\/produkt\/wzmacniacz-sygnalu-usb-extender-kit\/","title":{"rendered":"Zesilova\u010d sign\u00e1lu USB - Turtle USB Extender Kit"},"content":{"rendered":"<h1 class=\"p1\" style=\"text-align: center;\"><b>TURTLE USB EXTENDER KIT &#8211; WZMACNIACZ SYGNA\u0141U USB<\/b><\/h1>\n<p><img loading=\"lazy\" decoding=\"async\" class=\"aligncenter wp-image-10296 size-full\" src=\"https:\/\/commercialaudio.pl\/wp-content\/uploads\/2025\/04\/USB_Extender_Kit_main.png\" alt=\"\" width=\"1920\" height=\"1080\" srcset=\"https:\/\/commercialaudio.pl\/wp-content\/uploads\/2025\/04\/USB_Extender_Kit_main.png 1920w, https:\/\/commercialaudio.pl\/wp-content\/uploads\/2025\/04\/USB_Extender_Kit_main-1280x720.png 1280w, https:\/\/commercialaudio.pl\/wp-content\/uploads\/2025\/04\/USB_Extender_Kit_main-980x551.png 980w, https:\/\/commercialaudio.pl\/wp-content\/uploads\/2025\/04\/USB_Extender_Kit_main-480x270.png 480w\" sizes=\"(min-width: 0px) and (max-width: 480px) 480px, (min-width: 481px) and (max-width: 980px) 980px, (min-width: 981px) and (max-width: 1280px) 1280px, (min-width: 1281px) 1920px, 100vw\" \/><\/p>\n<div style=\"display: flex; justify-content: center; width: 100%;\">\n<div style=\"width: 100%; padding: 10px; display: flex; flex-direction: column; align-items: center; justify-content: center; height: 200px; background-color: #f8f8f8; text-align: center; padding-top: 20px;\">\n<p>Sada Turtle AV USB Extender Kit zaji\u0161\u0165uje vysok\u00fd v\u00fdkon rozhran\u00ed USB 3.2 na vzd\u00e1lenost a\u017e 100 metr\u016f \/ 328 stop pomoc\u00ed jedin\u00e9ho kabelu CAT, s rychlost\u00ed p\u0159enosu dat a\u017e 5 Gb\/s. D\u00edky jednoduch\u00e9mu plug-and-play, univerz\u00e1ln\u00ed kompatibilit\u011b za\u0159\u00edzen\u00ed a spolehliv\u00e9mu v\u00fdkonu s n\u00edzkou latenc\u00ed je toto \u0159e\u0161en\u00ed ide\u00e1ln\u00ed pro profesion\u00e1ln\u00ed AV prost\u0159ed\u00ed, konferen\u010dn\u00ed s\u00e1ly a \u017eiv\u00e9 produkce.<\/p>\n<\/div>\n<\/div>\n<p>&nbsp;<\/p>\n<div class=\"custom-flex-row\">\n<div class=\"custom-half\" style=\"color: white; background-color: black;\">\n<h3 style=\"text-align: center; color: white;\">Prodlu\u017eovac\u00ed kabel USB 3.2 o d\u00e9lce 100 metr\u016f \/ 328 stop.<\/h3>\n<p style=\"text-align: center; color: white;\">Sign\u00e1ly USB 3.2 Gen 1 se p\u0159en\u00e1\u0161ej\u00ed na vzd\u00e1lenost a\u017e 100 metr\u016f pomoc\u00ed jedin\u00e9ho kabelu CAT6\/6a\/7, \u010d\u00edm\u017e zaji\u0161\u0165uj\u00ed p\u0159ipojen\u00ed na velk\u00e9 vzd\u00e1lenosti bez ztr\u00e1ty v\u00fdkonu.<\/p>\n<\/div>\n<div class=\"custom-half last\"style=\"color: white; background-color: black;\">\n<h3 style=\"text-align: center; color: white;\">Vysok\u00e1 rychlost 5 Gb\/s.<\/h3>\n<p style=\"text-align: center; color: white;\">Podporuje p\u0159enosov\u00e9 rychlosti USB 3.2 a\u017e 5 Gb\/s a zaji\u0161\u0165uje tak rychl\u00fd a spolehliv\u00fd v\u00fdkon pro za\u0159\u00edzen\u00ed, jako jsou PTZ kamery, konferen\u010dn\u00ed kamery a zvukov\u00e1 rozhran\u00ed.<\/p>\n<p><img loading=\"lazy\" decoding=\"async\" class=\"aligncenter wp-image-10297 size-full\" src=\"https:\/\/commercialaudio.pl\/wp-content\/uploads\/2025\/04\/USB_Extender_Kit_7-e1743522043116.png\" alt=\"\" width=\"1920\" height=\"858\" srcset=\"https:\/\/commercialaudio.pl\/wp-content\/uploads\/2025\/04\/USB_Extender_Kit_7-e1743522043116.png 1920w, https:\/\/commercialaudio.pl\/wp-content\/uploads\/2025\/04\/USB_Extender_Kit_7-e1743522043116-1280x720.png 1280w, https:\/\/commercialaudio.pl\/wp-content\/uploads\/2025\/04\/USB_Extender_Kit_7-e1743522043116-980x551.png 980w, https:\/\/commercialaudio.pl\/wp-content\/uploads\/2025\/04\/USB_Extender_Kit_7-e1743522043116-480x270.png 480w\" sizes=\"(min-width: 0px) and (max-width: 480px) 480px, (min-width: 481px) and (max-width: 980px) 980px, (min-width: 981px) and (max-width: 1280px) 1280px, (min-width: 1281px) 1920px, 100vw\" \/><\/p>\n<\/div>\n<\/div>\n<p>&nbsp;<\/p>\n<div style=\"display: flex; justify-content: center; width: 100%;\">\n<div style=\"width: 100%; padding: 10px; display: flex; flex-direction: column; align-items: center; justify-content: center; height: 200px; background-color: #f8f8f8; text-align: center; padding-top: 20px;\">\n<h3 style=\"text-align: center;\"><strong>Plug-and-Play<\/strong><\/h3>\n<p style=\"text-align: center;\">Bez ovlada\u010d\u016f. Bez softwaru. Sta\u010d\u00ed p\u0159ipojit Host a Device Extendery a syst\u00e9m je p\u0159ipraven k pou\u017eit\u00ed.<\/p>\n<\/div>\n<\/div>\n<p>&nbsp;<br \/>\n<img loading=\"lazy\" decoding=\"async\" class=\"aligncenter wp-image-10298 size-full\" src=\"https:\/\/commercialaudio.pl\/wp-content\/uploads\/2025\/04\/shutterstock_2513873051-scaled-1-e1743522378202.jpg\" alt=\"\" width=\"1412\" height=\"486\" srcset=\"https:\/\/commercialaudio.pl\/wp-content\/uploads\/2025\/04\/shutterstock_2513873051-scaled-1-e1743522378202.jpg 1412w, https:\/\/commercialaudio.pl\/wp-content\/uploads\/2025\/04\/shutterstock_2513873051-scaled-1-e1743522378202-1280x486.jpg 1280w, https:\/\/commercialaudio.pl\/wp-content\/uploads\/2025\/04\/shutterstock_2513873051-scaled-1-e1743522378202-980x486.jpg 980w, https:\/\/commercialaudio.pl\/wp-content\/uploads\/2025\/04\/shutterstock_2513873051-scaled-1-e1743522378202-480x270.jpg 480w\" sizes=\"(min-width: 0px) and (max-width: 480px) 480px, (min-width: 481px) and (max-width: 980px) 980px, (min-width: 981px) and (max-width: 1280px) 1280px, (min-width: 1281px) 1412px, 100vw\" \/><\/p>\n<div class=\"custom-flex-row\">\n<div class=\"custom-half\" style=\"color: white; background-color: black;\">\n<h3 style=\"text-align: center; color: white;\">Odoln\u00fd. Kompaktn\u00ed.<\/h3>\n<p style=\"text-align: center; color: white;\">Jak Host, tak i Device Extender jsou vyrobeny v robustn\u00edm, celokovov\u00e9m pouzd\u0159e a maj\u00ed kompaktn\u00ed rozm\u011bry, d\u00edky \u010demu\u017e se ide\u00e1ln\u011b hod\u00ed k instalaci do AV sk\u0159\u00edn\u00ed, konferen\u010dn\u00edch m\u00edstnost\u00ed nebo za za\u0159\u00edzen\u00ed.<\/p>\n<p><img loading=\"lazy\" decoding=\"async\" class=\"aligncenter wp-image-10299 size-medium\" src=\"https:\/\/commercialaudio.pl\/wp-content\/uploads\/2025\/04\/USB_Extender_Kit_4-300x220.png\" alt=\"\" width=\"300\" height=\"220\" \/><\/p>\n<\/div>\n<div class=\"custom-half last\" style=\"color: white; background-color: black;\">\n<h3 style=\"text-align: center; color: white;\">Nap\u00e1jen\u00ed p\u0159es kabel. POC.<\/h3>\n<p style=\"text-align: center;\">V p\u0159\u00edpad\u011b technologie Power over Cable sta\u010d\u00ed nap\u00e1jet hostitelsk\u00e9 za\u0159\u00edzen\u00ed nebo za\u0159\u00edzen\u00ed, kter\u00e9 pak nap\u00e1j\u00ed druhou jednotku prost\u0159ednictv\u00edm kabelu CAT. Proto jsme p\u0159ilo\u017eili pouze jeden nap\u00e1jec\u00ed adapt\u00e9r.<\/p>\n<\/div>\n<\/div>\n<p><img loading=\"lazy\" decoding=\"async\" class=\"aligncenter wp-image-10300 size-full\" src=\"https:\/\/commercialaudio.pl\/wp-content\/uploads\/2025\/04\/WhatsApp-Image-2025-01-15-at-22.36.09.jpeg\" alt=\"\" width=\"1280\" height=\"1280\" srcset=\"https:\/\/commercialaudio.pl\/wp-content\/uploads\/2025\/04\/WhatsApp-Image-2025-01-15-at-22.36.09.jpeg 1280w, https:\/\/commercialaudio.pl\/wp-content\/uploads\/2025\/04\/WhatsApp-Image-2025-01-15-at-22.36.09-980x980.jpeg 980w, https:\/\/commercialaudio.pl\/wp-content\/uploads\/2025\/04\/WhatsApp-Image-2025-01-15-at-22.36.09-480x480.jpeg 480w\" sizes=\"(min-width: 0px) and (max-width: 480px) 480px, (min-width: 481px) and (max-width: 980px) 980px, (min-width: 981px) 1280px, 100vw\" \/><\/p>\n<div style=\"display: flex; justify-content: center; width: 100%;\">\n<div style=\"width: 100%; padding: 10px; display: flex; flex-direction: column; align-items: center; justify-content: center; height: 200px; background-color: #f8f8f8; text-align: center; padding-top: 20px;\">\n<h3 style=\"text-align: center;\"><strong>Flexibilita USB<\/strong><\/h3>\n<p style=\"text-align: center;\">Sada Turtle USB Extender Kit je kompatibiln\u00ed se za\u0159\u00edzen\u00edmi USB 3.2, USB 2.0 a USB 1.1, \u010d\u00edm\u017e zaji\u0161\u0165uje maxim\u00e1ln\u00ed flexibilitu a kompatibilitu.<\/p>\n<\/div>\n<\/div>\n<p>&nbsp;<\/p>\n<div style=\"display: flex;\">\n<div style=\"width: 50%; display: flex; flex-direction: column; align-items: center; justify-content: center; height: 350px; background-color: #000000; text-align: center;\"><img loading=\"lazy\" decoding=\"async\" class=\"aligncenter wp-image-10131\" src=\"https:\/\/commercialaudio.pl\/wp-content\/uploads\/2025\/03\/CHAZY4K_13.png\" alt=\"\" width=\"400\" height=\"255\" \/><\/div>\n<div style=\"width: 50%; display: flex; flex-direction: column; align-items: center; justify-content: center; height: 350px; background-color: #000000; text-align: center;\">\n<h3 style=\"text-align: center; color: white;\"><strong>Turtle Aqua. 3262 C.<\/strong><\/h3>\n<p style=\"text-align: center; color: white;\">\u0158\u00edk\u00e1me mu Turtle Aqua. Vy m\u016f\u017eete tak\u00e9. Skute\u010dn\u00e1 barva je 3262 C Pantone. Tuto barvu jsme zvolili proto, aby i kdy\u017e je nainstalujete na m\u00edsto, kde nejsou vid\u011bt, vypadaly opravdu skv\u011ble.<\/p>\n<\/div>\n<\/div>\n<p>&nbsp;<\/p>\n<div class=\"custom-flex-row\">\n<div class=\"custom-half\" style=\"color: white; background-color: black;\">\n<h2 style=\"text-align: center; color: white;\"><strong>Dodr\u017eov\u00e1n\u00ed TAA.<br \/>\n<\/strong><\/h2>\n<p style=\"color: white;\">Produkty Turtle AV prod\u00e1van\u00e9 v USA jsou v souladu s TAA a spl\u0148uj\u00ed normy pro zad\u00e1v\u00e1n\u00ed ve\u0159ejn\u00fdch zak\u00e1zek vl\u00e1dou USA. To zaru\u010duje, \u017ee je lze bez obav pou\u017e\u00edvat ve feder\u00e1ln\u00edch zak\u00e1zk\u00e1ch, a to v souladu s p\u0159\u00edsn\u00fdmi etick\u00fdmi p\u0159edpisy pro z\u00edsk\u00e1v\u00e1n\u00ed a v\u00fdrobu.<\/p>\n<\/div>\n<div class=\"custom-half last\" style=\"color: white; background-color: black;\">\n<h2 style=\"text-align: center; color: white;\"><strong>Z\u00e1ruka 5 let s mo\u017enost\u00ed v\u010dasn\u00e9 v\u00fdm\u011bny.<\/strong><\/h2>\n<p style=\"color: white;\">Spole\u010dnost Turtle je hrd\u00e1 na to, \u017ee na na\u0161e za\u0159\u00edzen\u00ed Dante Pro poskytuje p\u011btiletou z\u00e1ruku. Z\u00e1ruka trv\u00e1 5 let od data zakoupen\u00ed a jsme hrd\u00ed na to, \u017ee m\u016f\u017eeme na v\u0161echny na\u0161e produkty poskytnout z\u00e1ruku bezprobl\u00e9mov\u00e9 v\u00fdm\u011bny p\u0159edem.<\/p>\n<\/div>\n<\/div>","protected":false},"excerpt":{"rendered":"<h1 style=\"text-align: center;\"><strong>SADA PRO ROZ\u0160\u00cd\u0158EN\u00cd USB TURTLE<\/strong><\/h1>","protected":false},"featured_media":10301,"template":"","meta":{"_acf_changed":false,"_et_pb_use_builder":"","_et_pb_old_content":"","_et_gb_content_width":"","inline_featured_image":false},"product_cat":[297,290],"product_tag":[],"class_list":["post-10295","product","type-product","status-publish","has-post-thumbnail","product_cat-extendery","product_cat-turtle-av","first","instock","shipping-taxable","product-type-simple"],"acf":[],"_links":{"self":[{"href":"https:\/\/commercialaudio.pl\/cs\/wp-json\/wp\/v2\/product\/10295","targetHints":{"allow":["GET"]}}],"collection":[{"href":"https:\/\/commercialaudio.pl\/cs\/wp-json\/wp\/v2\/product"}],"about":[{"href":"https:\/\/commercialaudio.pl\/cs\/wp-json\/wp\/v2\/types\/product"}],"wp:featuredmedia":[{"embeddable":true,"href":"https:\/\/commercialaudio.pl\/cs\/wp-json\/wp\/v2\/media\/10301"}],"wp:attachment":[{"href":"https:\/\/commercialaudio.pl\/cs\/wp-json\/wp\/v2\/media?parent=10295"}],"wp:term":[{"taxonomy":"product_cat","embeddable":true,"href":"https:\/\/commercialaudio.pl\/cs\/wp-json\/wp\/v2\/product_cat?post=10295"},{"taxonomy":"product_tag","embeddable":true,"href":"https:\/\/commercialaudio.pl\/cs\/wp-json\/wp\/v2\/product_tag?post=10295"}],"curies":[{"name":"wp","href":"https:\/\/api.w.org\/{rel}","templated":true}]}}

Zesilovač signálu USB - Turtle USB Extender Kit

<h1 class="p1" style="text-align: center;"><b>TURTLE USB EXTENDER KIT &#8211; WZMACNIACZ SYGNAŁU USB</b></h1>
<p><img loading="lazy" decoding="async" class="aligncenter wp-image-10296 size-full" src="https://commercialaudio.pl/wp-content/uploads/2025/04/USB_Extender_Kit_main.png" alt="" width="1920" height="1080" srcset="https://commercialaudio.pl/wp-content/uploads/2025/04/USB_Extender_Kit_main.png 1920w, https://commercialaudio.pl/wp-content/uploads/2025/04/USB_Extender_Kit_main-1280x720.png 1280w, https://commercialaudio.pl/wp-content/uploads/2025/04/USB_Extender_Kit_main-980x551.png 980w, https://commercialaudio.pl/wp-content/uploads/2025/04/USB_Extender_Kit_main-480x270.png 480w" sizes="(min-width: 0px) and (max-width: 480px) 480px, (min-width: 481px) and (max-width: 980px) 980px, (min-width: 981px) and (max-width: 1280px) 1280px, (min-width: 1281px) 1920px, 100vw" /></p>
<div style="display: flex; justify-content: center; width: 100%;">
<div style="width: 100%; padding: 10px; display: flex; flex-direction: column; align-items: center; justify-content: center; height: 200px; background-color: #f8f8f8; text-align: center; padding-top: 20px;">
<p>Sada Turtle AV USB Extender Kit zajišťuje vysoký výkon rozhraní USB 3.2 na vzdálenost až 100 metrů / 328 stop pomocí jediného kabelu CAT, s rychlostí přenosu dat až 5 Gb/s. Díky jednoduchému plug-and-play, univerzální kompatibilitě zařízení a spolehlivému výkonu s nízkou latencí je toto řešení ideální pro profesionální AV prostředí, konferenční sály a živé produkce.</p>
</div>
</div>
<p>&nbsp;</p>
<div class="custom-flex-row">
<div class="custom-half" style="color: white; background-color: black;">
<h3 style="text-align: center; color: white;">Prodlužovací kabel USB 3.2 o délce 100 metrů / 328 stop.</h3>
<p style="text-align: center; color: white;">Signály USB 3.2 Gen 1 se přenášejí na vzdálenost až 100 metrů pomocí jediného kabelu CAT6/6a/7, čímž zajišťují připojení na velké vzdálenosti bez ztráty výkonu.</p>
</div>
<div class="custom-half last"style="color: white; background-color: black;">
<h3 style="text-align: center; color: white;">Vysoká rychlost 5 Gb/s.</h3>
<p style="text-align: center; color: white;">Podporuje přenosové rychlosti USB 3.2 až 5 Gb/s a zajišťuje tak rychlý a spolehlivý výkon pro zařízení, jako jsou PTZ kamery, konferenční kamery a zvuková rozhraní.</p>
<p><img loading="lazy" decoding="async" class="aligncenter wp-image-10297 size-full" src="https://commercialaudio.pl/wp-content/uploads/2025/04/USB_Extender_Kit_7-e1743522043116.png" alt="" width="1920" height="858" srcset="https://commercialaudio.pl/wp-content/uploads/2025/04/USB_Extender_Kit_7-e1743522043116.png 1920w, https://commercialaudio.pl/wp-content/uploads/2025/04/USB_Extender_Kit_7-e1743522043116-1280x720.png 1280w, https://commercialaudio.pl/wp-content/uploads/2025/04/USB_Extender_Kit_7-e1743522043116-980x551.png 980w, https://commercialaudio.pl/wp-content/uploads/2025/04/USB_Extender_Kit_7-e1743522043116-480x270.png 480w" sizes="(min-width: 0px) and (max-width: 480px) 480px, (min-width: 481px) and (max-width: 980px) 980px, (min-width: 981px) and (max-width: 1280px) 1280px, (min-width: 1281px) 1920px, 100vw" /></p>
</div>
</div>
<p>&nbsp;</p>
<div style="display: flex; justify-content: center; width: 100%;">
<div style="width: 100%; padding: 10px; display: flex; flex-direction: column; align-items: center; justify-content: center; height: 200px; background-color: #f8f8f8; text-align: center; padding-top: 20px;">
<h3 style="text-align: center;"><strong>Plug-and-Play</strong></h3>
<p style="text-align: center;">Bez ovladačů. Bez softwaru. Stačí připojit Host a Device Extendery a systém je připraven k použití.</p>
</div>
</div>
<p>&nbsp;<br />
<img loading="lazy" decoding="async" class="aligncenter wp-image-10298 size-full" src="https://commercialaudio.pl/wp-content/uploads/2025/04/shutterstock_2513873051-scaled-1-e1743522378202.jpg" alt="" width="1412" height="486" srcset="https://commercialaudio.pl/wp-content/uploads/2025/04/shutterstock_2513873051-scaled-1-e1743522378202.jpg 1412w, https://commercialaudio.pl/wp-content/uploads/2025/04/shutterstock_2513873051-scaled-1-e1743522378202-1280x486.jpg 1280w, https://commercialaudio.pl/wp-content/uploads/2025/04/shutterstock_2513873051-scaled-1-e1743522378202-980x486.jpg 980w, https://commercialaudio.pl/wp-content/uploads/2025/04/shutterstock_2513873051-scaled-1-e1743522378202-480x270.jpg 480w" sizes="(min-width: 0px) and (max-width: 480px) 480px, (min-width: 481px) and (max-width: 980px) 980px, (min-width: 981px) and (max-width: 1280px) 1280px, (min-width: 1281px) 1412px, 100vw" /></p>
<div class="custom-flex-row">
<div class="custom-half" style="color: white; background-color: black;">
<h3 style="text-align: center; color: white;">Odolný. Kompaktní.</h3>
<p style="text-align: center; color: white;">Jak Host, tak i Device Extender jsou vyrobeny v robustním, celokovovém pouzdře a mají kompaktní rozměry, díky čemuž se ideálně hodí k instalaci do AV skříní, konferenčních místností nebo za zařízení.</p>
<p><img loading="lazy" decoding="async" class="aligncenter wp-image-10299 size-medium" src="https://commercialaudio.pl/wp-content/uploads/2025/04/USB_Extender_Kit_4-300x220.png" alt="" width="300" height="220" /></p>
</div>
<div class="custom-half last" style="color: white; background-color: black;">
<h3 style="text-align: center; color: white;">Napájení přes kabel. POC.</h3>
<p style="text-align: center;">V případě technologie Power over Cable stačí napájet hostitelské zařízení nebo zařízení, které pak napájí druhou jednotku prostřednictvím kabelu CAT. Proto jsme přiložili pouze jeden napájecí adaptér.</p>
</div>
</div>
<p><img loading="lazy" decoding="async" class="aligncenter wp-image-10300 size-full" src="https://commercialaudio.pl/wp-content/uploads/2025/04/WhatsApp-Image-2025-01-15-at-22.36.09.jpeg" alt="" width="1280" height="1280" srcset="https://commercialaudio.pl/wp-content/uploads/2025/04/WhatsApp-Image-2025-01-15-at-22.36.09.jpeg 1280w, https://commercialaudio.pl/wp-content/uploads/2025/04/WhatsApp-Image-2025-01-15-at-22.36.09-980x980.jpeg 980w, https://commercialaudio.pl/wp-content/uploads/2025/04/WhatsApp-Image-2025-01-15-at-22.36.09-480x480.jpeg 480w" sizes="(min-width: 0px) and (max-width: 480px) 480px, (min-width: 481px) and (max-width: 980px) 980px, (min-width: 981px) 1280px, 100vw" /></p>
<div style="display: flex; justify-content: center; width: 100%;">
<div style="width: 100%; padding: 10px; display: flex; flex-direction: column; align-items: center; justify-content: center; height: 200px; background-color: #f8f8f8; text-align: center; padding-top: 20px;">
<h3 style="text-align: center;"><strong>Flexibilita USB</strong></h3>
<p style="text-align: center;">Sada Turtle USB Extender Kit je kompatibilní se zařízeními USB 3.2, USB 2.0 a USB 1.1, čímž zajišťuje maximální flexibilitu a kompatibilitu.</p>
</div>
</div>
<p>&nbsp;</p>
<div style="display: flex;">
<div style="width: 50%; display: flex; flex-direction: column; align-items: center; justify-content: center; height: 350px; background-color: #000000; text-align: center;"><img loading="lazy" decoding="async" class="aligncenter wp-image-10131" src="https://commercialaudio.pl/wp-content/uploads/2025/03/CHAZY4K_13.png" alt="" width="400" height="255" /></div>
<div style="width: 50%; display: flex; flex-direction: column; align-items: center; justify-content: center; height: 350px; background-color: #000000; text-align: center;">
<h3 style="text-align: center; color: white;"><strong>Turtle Aqua. 3262 C.</strong></h3>
<p style="text-align: center; color: white;">Říkáme mu Turtle Aqua. Vy můžete také. Skutečná barva je 3262 C Pantone. Tuto barvu jsme zvolili proto, aby i když je nainstalujete na místo, kde nejsou vidět, vypadaly opravdu skvěle.</p>
</div>
</div>
<p>&nbsp;</p>
<div class="custom-flex-row">
<div class="custom-half" style="color: white; background-color: black;">
<h2 style="text-align: center; color: white;"><strong>Dodržování TAA.<br />
</strong></h2>
<p style="color: white;">Produkty Turtle AV prodávané v USA jsou v souladu s TAA a splňují normy pro zadávání veřejných zakázek vládou USA. To zaručuje, že je lze bez obav používat ve federálních zakázkách, a to v souladu s přísnými etickými předpisy pro získávání a výrobu.</p>
</div>
<div class="custom-half last" style="color: white; background-color: black;">
<h2 style="text-align: center; color: white;"><strong>Záruka 5 let s možností včasné výměny.</strong></h2>
<p style="color: white;">Společnost Turtle je hrdá na to, že na naše zařízení Dante Pro poskytuje pětiletou záruku. Záruka trvá 5 let od data zakoupení a jsme hrdí na to, že můžeme na všechny naše produkty poskytnout záruku bezproblémové výměny předem.</p>
</div>
</div>

<h1 style="text-align: center;"><strong>SADA PRO ROZŠÍŘENÍ USB TURTLE</strong></h1>
