{"id":10614,"date":"2025-07-05T17:20:02","date_gmt":"2025-07-05T15:20:02","guid":{"rendered":"https:\/\/commercialaudio.pl\/?post_type=product&#038;p=10614"},"modified":"2025-07-05T18:34:05","modified_gmt":"2025-07-05T16:34:05","slug":"glosnik-bose-professional-forum-fc108","status":"publish","type":"product","link":"https:\/\/commercialaudio.pl\/cs\/produkt\/glosnik-bose-professional-forum-fc108\/","title":{"rendered":"Instala\u010dn\u00ed reproduktor - Bose Professional Forum FC108"},"content":{"rendered":"<h1 style=\"text-align: center;\"><strong>Bose Professional Forum FC108<\/strong><\/h1>\n<h2 style=\"text-align: center;\"><strong>Instala\u010dn\u00ed reproduktor<\/strong><\/h2>\n<p>Nejvy\u0161\u0161\u00ed \u00fa\u010dinnost ve sv\u00e9 t\u0159\u00edd\u011b. Forum FC108 je 8palcov\u00fd koaxi\u00e1ln\u00ed reproduktor typu point-source s pln\u00fdm frekven\u010dn\u00edm rozsahem, kter\u00fd nab\u00edz\u00ed v\u00fdjime\u010dn\u00fd zvuk a v\u00fdstupn\u00ed v\u00fdkon v kompaktn\u00ed, snadno montovateln\u00e9 sk\u0159\u00edni. D\u00edky frekven\u010dn\u00edmu rozsahu 53 Hz\u201320 kHz a maxim\u00e1ln\u00edmu akustick\u00e9mu tlaku 122 dB zaji\u0161\u0165uje Forum FC108 nejlep\u0161\u00ed zvuk v mal\u00fdch a st\u0159edn\u00edch instalac\u00edch. Konstrukce vyu\u017e\u00edv\u00e1 koaxi\u00e1ln\u00ed m\u011bni\u010d s velk\u00fdm zdvihem a technologii Beamwidth Matching Waveguide, kter\u00e1 zaji\u0161\u0165uje konstantn\u00ed vyza\u0159ovac\u00ed \u00fahel 110\u00b0 \u00d7 60\u00b0 a zaru\u010duje rovnom\u011brn\u00e9 pokryt\u00ed zvukem cel\u00e9ho prostoru. D\u00edky pln\u011b p\u0159izp\u016fsoben\u00e9mu pasivn\u00edmu rozd\u011blen\u00ed frekvenc\u00ed nen\u00ed zapot\u0159eb\u00ed \u017e\u00e1dn\u00e9 dal\u0161\u00ed zpracov\u00e1n\u00ed \u2013 sta\u010d\u00ed p\u0159ipojit a vychutnat si vynikaj\u00edc\u00ed v\u00fdkon z jak\u00e9hokoli zdroje. Model Forum FC108, navr\u017een\u00fd s ohledem na snadnou instalaci, nab\u00edz\u00ed p\u0159ekvapiv\u011b vysok\u00fd v\u00fdstupn\u00ed v\u00fdkon v kompaktn\u00edm t\u011ble, d\u00edky \u010demu\u017e se skv\u011ble hod\u00ed pro nejr\u016fzn\u011bj\u0161\u00ed instalace \u2013 a to ihned po vybalen\u00ed z krabice.<\/p>\n<p><strong style=\"color: #333333; font-size: 22px;\">Kl\u00ed\u010dov\u00e9 vlastnosti:<\/strong><\/p>\n<ul>\n<li>Pln\u011b slad\u011bn\u00e9 pasivn\u00ed crossovery pro vynikaj\u00edc\u00ed v\u00fdkon hned po vybalen\u00ed z krabice<\/li>\n<li>Vysoce v\u00fdkonn\u00e9 koaxi\u00e1ln\u00ed m\u011bni\u010de zaji\u0161\u0165uj\u00ed maxim\u00e1ln\u00ed hladinu akustick\u00e9ho tlaku (SPL) a\u017e 122 dB<\/li>\n<li>Technologie p\u0159izp\u016fsoben\u00ed \u0161\u00ed\u0159ky paprsku vlnovodu pro konzistentn\u00ed \u0161\u00ed\u0159en\u00ed 110\u00b0 \u00d7 60\u00b0<\/li>\n<li>Kompaktn\u00ed, oto\u010dn\u00e9 sk\u0159\u00edn\u011b se \u010dtvercov\u00fdmi r\u00e1me\u010dky pro flexibiln\u00ed instalaci<\/li>\n<li>Robustn\u00ed konstrukce pouzdra pro dlouhodobou \u017eivotnost<\/li>\n<li>V\u00fdrobcem optimalizovan\u00e9 nastaven\u00ed reproduktor\u016f v kombinaci se zesilova\u010di a procesory Bose Professional<\/li>\n<li>Stupe\u0148 kryt\u00ed IP43 pro vnit\u0159n\u00ed a chr\u00e1n\u011bn\u00e9 venkovn\u00ed pou\u017eit\u00ed<\/li>\n<li>Mo\u017enosti mont\u00e1\u017ee zahrnuj\u00ed U-dr\u017e\u00e1k, dr\u017e\u00e1k pro povrchovou mont\u00e1\u017e s funkc\u00ed ot\u00e1\u010den\u00ed a nakl\u00e1p\u011bn\u00ed, z\u00e1v\u011bsnou li\u0161tu a voliteln\u00fd z\u00e1v\u011bs s okem.<\/li>\n<\/ul>\n<p>&nbsp;<\/p>\n<p><strong style=\"color: #333333; font-size: 22px;\">Pou\u017eit\u00ed:<\/strong><\/p>\n<ul>\n<li>Obchody\/restaurace<\/li>\n<li>Chr\u00e1my<\/li>\n<li>Kulturn\u00ed centra<\/li>\n<li>Vzd\u011bl\u00e1vac\u00ed za\u0159\u00edzen\u00ed<\/li>\n<li>Kancel\u00e1\u0159sk\u00e9 prostory<\/li>\n<li>Hotely<\/li>\n<\/ul>","protected":false},"excerpt":{"rendered":"<h1 style=\"text-align: center;\"><b>BOSE PROFESSIONAL FORUM FC108<\/b><\/h1>","protected":false},"featured_media":10602,"template":"","meta":{"_acf_changed":false,"_et_pb_use_builder":"","_et_pb_old_content":"","_et_gb_content_width":"","inline_featured_image":false},"product_cat":[17],"product_tag":[],"class_list":["post-10614","product","type-product","status-publish","has-post-thumbnail","product_cat-bose","first","instock","shipping-taxable","product-type-simple"],"acf":[],"_links":{"self":[{"href":"https:\/\/commercialaudio.pl\/cs\/wp-json\/wp\/v2\/product\/10614","targetHints":{"allow":["GET"]}}],"collection":[{"href":"https:\/\/commercialaudio.pl\/cs\/wp-json\/wp\/v2\/product"}],"about":[{"href":"https:\/\/commercialaudio.pl\/cs\/wp-json\/wp\/v2\/types\/product"}],"wp:featuredmedia":[{"embeddable":true,"href":"https:\/\/commercialaudio.pl\/cs\/wp-json\/wp\/v2\/media\/10602"}],"wp:attachment":[{"href":"https:\/\/commercialaudio.pl\/cs\/wp-json\/wp\/v2\/media?parent=10614"}],"wp:term":[{"taxonomy":"product_cat","embeddable":true,"href":"https:\/\/commercialaudio.pl\/cs\/wp-json\/wp\/v2\/product_cat?post=10614"},{"taxonomy":"product_tag","embeddable":true,"href":"https:\/\/commercialaudio.pl\/cs\/wp-json\/wp\/v2\/product_tag?post=10614"}],"curies":[{"name":"wp","href":"https:\/\/api.w.org\/{rel}","templated":true}]}}

Instalační reproduktor - Bose Professional Forum FC108

<h1 style="text-align: center;"><strong>Bose Professional Forum FC108</strong></h1>
<h2 style="text-align: center;"><strong>Instalační reproduktor</strong></h2>
<p>Nejvyšší účinnost ve své třídě. Forum FC108 je 8palcový koaxiální reproduktor typu point-source s plným frekvenčním rozsahem, který nabízí výjimečný zvuk a výstupní výkon v kompaktní, snadno montovatelné skříni. Díky frekvenčnímu rozsahu 53 Hz–20 kHz a maximálnímu akustickému tlaku 122 dB zajišťuje Forum FC108 nejlepší zvuk v malých a středních instalacích. Konstrukce využívá koaxiální měnič s velkým zdvihem a technologii Beamwidth Matching Waveguide, která zajišťuje konstantní vyzařovací úhel 110° × 60° a zaručuje rovnoměrné pokrytí zvukem celého prostoru. Díky plně přizpůsobenému pasivnímu rozdělení frekvencí není zapotřebí žádné další zpracování – stačí připojit a vychutnat si vynikající výkon z jakéhokoli zdroje. Model Forum FC108, navržený s ohledem na snadnou instalaci, nabízí překvapivě vysoký výstupní výkon v kompaktním těle, díky čemuž se skvěle hodí pro nejrůznější instalace – a to ihned po vybalení z krabice.</p>
<p><strong style="color: #333333; font-size: 22px;">Klíčové vlastnosti:</strong></p>
<ul>
<li>Plně sladěné pasivní crossovery pro vynikající výkon hned po vybalení z krabice</li>
<li>Vysoce výkonné koaxiální měniče zajišťují maximální hladinu akustického tlaku (SPL) až 122 dB</li>
<li>Technologie přizpůsobení šířky paprsku vlnovodu pro konzistentní šíření 110° × 60°</li>
<li>Kompaktní, otočné skříně se čtvercovými rámečky pro flexibilní instalaci</li>
<li>Robustní konstrukce pouzdra pro dlouhodobou životnost</li>
<li>Výrobcem optimalizované nastavení reproduktorů v kombinaci se zesilovači a procesory Bose Professional</li>
<li>Stupeň krytí IP43 pro vnitřní a chráněné venkovní použití</li>
<li>Možnosti montáže zahrnují U-držák, držák pro povrchovou montáž s funkcí otáčení a naklápění, závěsnou lištu a volitelný závěs s okem.</li>
</ul>
<p>&nbsp;</p>
<p><strong style="color: #333333; font-size: 22px;">Použití:</strong></p>
<ul>
<li>Obchody/restaurace</li>
<li>Chrámy</li>
<li>Kulturní centra</li>
<li>Vzdělávací zařízení</li>
<li>Kancelářské prostory</li>
<li>Hotely</li>
</ul>
