{"id":11246,"date":"2025-12-11T18:55:01","date_gmt":"2025-12-11T17:55:01","guid":{"rendered":"https:\/\/commercialaudio.pl\/?post_type=product&#038;p=11246"},"modified":"2025-12-11T19:31:23","modified_gmt":"2025-12-11T18:31:23","slug":"monitor-studyjny-atc-scm105ac-pro","status":"publish","type":"product","link":"https:\/\/commercialaudio.pl\/cs\/produkt\/monitor-studyjny-atc-scm105ac-pro\/","title":{"rendered":"ATC Loudspeakers SCM105AC Pro st\u0159edoplo\u0161n\u00fd studiov\u00fd centr\u00e1ln\u00ed monitor"},"content":{"rendered":"<h1 style=\"text-align: center;\"><b>Reproduktory ATC SCM105AC Pro<\/b><\/h1>\n<h2 style=\"text-align: center;\"><b>Centr\u00e1ln\u00ed studiov\u00fd monitor se st\u0159edn\u00edm frekven\u010dn\u00edm rozsahem.<\/b><\/h2>\n<p>N\u00edzk\u00e1 konstrukce sk\u0159\u00edn\u011b usnad\u0148uje instalaci v m\u00e9n\u011b prostorn\u00fdch re\u017eis\u00e9rsk\u00fdch kabin\u00e1ch. Symetrick\u00e9 uspo\u0159\u00e1d\u00e1n\u00ed m\u011bni\u010d\u016f. Ide\u00e1ln\u00ed dopln\u011bk ke stereofonn\u00edm monitor\u016fm SCM50\/100\/110A Pro*. Dva 9\u201d\/234 mm basov\u00e9 m\u011bni\u010de typu SL, 3\u201d\/75 mm m\u011bkk\u00e1 st\u0159edov\u00e1 kopulka, 1\u201d\/25 mm m\u011bkk\u00e1 v\u00fd\u0161kov\u00e1 kopulka. 3p\u00e1smov\u00e1 aktivn\u00ed konstrukce s p\u0159esn\u00fdmi aktivn\u00edmi v\u00fdhybkami a diskr\u00e9tn\u00edmi v\u00fdkonov\u00fdmi zesilova\u010di MOSFET, integrovan\u00fdmi do propriet\u00e1rn\u00edho \u201eAmp-Packu\u201d. K dispozici je tak\u00e9 verze pro mont\u00e1\u017e do st\u011bny s extern\u00edm zesilova\u010dem \u2013 SCM105AiWC Pro. \u0160irok\u00fd dynamick\u00fd rozsah a frekven\u010dn\u00ed rozsah.<br \/>\n*Lze propojit s modelem SCM150A Pro, je v\u0161ak t\u0159eba vz\u00edt v \u00favahu maxim\u00e1ln\u00ed hodnotu SPL.<\/p>\n<p><img loading=\"lazy\" decoding=\"async\" class=\"alignnone wp-image-11248 size-full\" src=\"https:\/\/commercialaudio.pl\/wp-content\/uploads\/2025\/12\/commercial_audio_SCM105AC-Pro-Front-Reflection-scaled.jpg\" alt=\"\" width=\"2560\" height=\"1646\" srcset=\"https:\/\/commercialaudio.pl\/wp-content\/uploads\/2025\/12\/commercial_audio_SCM105AC-Pro-Front-Reflection-scaled.jpg 2560w, https:\/\/commercialaudio.pl\/wp-content\/uploads\/2025\/12\/commercial_audio_SCM105AC-Pro-Front-Reflection-1280x823.jpg 1280w, https:\/\/commercialaudio.pl\/wp-content\/uploads\/2025\/12\/commercial_audio_SCM105AC-Pro-Front-Reflection-980x630.jpg 980w, https:\/\/commercialaudio.pl\/wp-content\/uploads\/2025\/12\/commercial_audio_SCM105AC-Pro-Front-Reflection-480x309.jpg 480w\" sizes=\"(min-width: 0px) and (max-width: 480px) 480px, (min-width: 481px) and (max-width: 980px) 980px, (min-width: 981px) and (max-width: 1280px) 1280px, (min-width: 1281px) 2560px, 100vw\" \/><\/p>\n<h3>Akustick\u00e1 specifikace:<\/h3>\n<ul>\n<li>Sn\u00edma\u010de:\n<ul>\n<li>Bas: 2 x SB75-234SL 16 \u03a9.<\/li>\n<li>St\u0159ed: 1 x SM75-150S 16 \u03a9.<\/li>\n<li>Vysok\u00e9 frekvence: 1 x SH25-76S 6 \u03a9.<\/li>\n<\/ul>\n<\/li>\n<li>Potla\u010den\u00ed n\u00edzk\u00fdch frekvenc\u00ed: 30 Hz (-6 dB, bez rezonance).<\/li>\n<li>Omezen\u00ed vysok\u00fdch frekvenc\u00ed: 25 kHz (-6 dB).<\/li>\n<li>Linearita amplitudy: 50 Hz \u2013 17 kHz (+\/- 2 dB).<\/li>\n<li>Charakteristika v rozmez\u00ed: +\/-0,5 dB.<\/li>\n<li>P\u0159ep\u00ednac\u00ed frekvence: 380 Hz a 3,5 kHz.<\/li>\n<li>MaxSPL: 115 dB trvale, 121 dB \u0161pi\u010dkov\u011b (na p\u00e1r, v\u00e1\u017een\u00fd r\u016f\u017eov\u00fd \u0161um podle normy IEC, 1 m, bez dozvuku).<\/li>\n<li>Citlivost syst\u00e9mu: 85 dBC ref. -20 dBu (na jednu jednotku, 1 m, r\u016f\u017eov\u00fd \u0161um, zes\u00edlen\u00ed bas\u016f 0 dB, citlivost 2,2 dBu\/1 V).<\/li>\n<\/ul>\n<p><img loading=\"lazy\" decoding=\"async\" class=\"aligncenter wp-image-11249 size-full\" src=\"https:\/\/commercialaudio.pl\/wp-content\/uploads\/2025\/12\/commercial_audio_SCM105AC-Pro-Rear-Reflection-scaled.jpg\" alt=\"\" width=\"2560\" height=\"1384\" srcset=\"https:\/\/commercialaudio.pl\/wp-content\/uploads\/2025\/12\/commercial_audio_SCM105AC-Pro-Rear-Reflection-scaled.jpg 2560w, https:\/\/commercialaudio.pl\/wp-content\/uploads\/2025\/12\/commercial_audio_SCM105AC-Pro-Rear-Reflection-1280x692.jpg 1280w, https:\/\/commercialaudio.pl\/wp-content\/uploads\/2025\/12\/commercial_audio_SCM105AC-Pro-Rear-Reflection-980x530.jpg 980w, https:\/\/commercialaudio.pl\/wp-content\/uploads\/2025\/12\/commercial_audio_SCM105AC-Pro-Rear-Reflection-480x260.jpg 480w\" sizes=\"(min-width: 0px) and (max-width: 480px) 480px, (min-width: 481px) and (max-width: 980px) 980px, (min-width: 981px) and (max-width: 1280px) 1280px, (min-width: 1281px) 2560px, 100vw\" \/><\/p>\n<h3>Elektronick\u00e1 specifikace:<\/h3>\n<ul>\n<li>Symetrick\u00fd vstup: 1 x samice konektoru XLR na zadn\u00edm panelu, pin 2 je aktivn\u00ed.<\/li>\n<li>Vstupn\u00ed impedance: 20 k\u03a9 (diferenci\u00e1ln\u00ed).<\/li>\n<li>Vstupn\u00ed dynamick\u00fd rozsah: &gt;82 dB (10 kHz).<\/li>\n<li>Vstupn\u00ed citlivost: 2,2 dBu\/1 Vrms p\u0159i pln\u00e9m v\u00fdkonu.<\/li>\n<li>Nastaven\u00ed citlivosti vstupu: plynul\u00e9 nastaven\u00ed v rozsahu od 2,2 dBu do 8,2 dBu \/ 1 Vrms a\u017e 2 Vrms (-6 dB).<\/li>\n<li>Nastaven\u00ed zes\u00edlen\u00ed bas\u016f: plynul\u00e9 nastaven\u00ed v rozmez\u00ed od 0 dB do +6 dB.<\/li>\n<li>Crossover filtry: \u010dtvrt\u00e9ho \u0159\u00e1du typu Linkwitz-Riley.<\/li>\n<li>P\u00e1smo p\u0159enosu: 200 kHz (-3 dB).<\/li>\n<li>Typ zesilova\u010de: t\u0159\u00edda A\/B na b\u00e1zi MOSFET tranzistor\u016f s uzemn\u011bn\u00fdm zdrojem, chlazen\u00fd konvekc\u00ed.<\/li>\n<li>V\u00fdstupn\u00ed v\u00fdkon: basy 200 W (8 \u03a9), st\u0159edn\u00ed t\u00f3ny 100 W (16 \u03a9), v\u00fd\u0161ky 50 W (6 \u03a9). THD+N: &lt;0,003%\/-92 dB (1 kHz, 1 dB pod jmenovit\u00fdm v\u00fdkonem, frekven\u010dn\u00ed rozsah 90 kHz).<\/li>\n<li>Omezova\u010d: aktivn\u00ed redukce zes\u00edlen\u00ed ATC FET, \u201eaktivn\u00ed\u201d omezova\u010d signalizovan\u00fd LED diodou na p\u0159edn\u00edm panelu.<\/li>\n<li>S\u00ed\u0165ov\u00fd vstup: um\u00edst\u011bn\u00fd na zadn\u00edm panelu, 220\u2013230 V nebo 115 V \u2013 tov\u00e1rn\u00ed nastaven\u00ed. Dodr\u017eujte ozna\u010den\u00ed a \u0161t\u00edtky na panelu!<\/li>\n<li>P\u0159\u00edkon: v klidov\u00e9m stavu 37 W \/ 51 VA. 1\/8 v\u00fdkonu 132 W \/ 178 VA. Pln\u00fd v\u00fdkon 321 W \/ 403 VA.<\/li>\n<li>Tepeln\u00fd v\u00fdkon: v klidov\u00e9m stavu 126 BTU\/h. 1\/8 v\u00fdkonu 366 BTU\/h. Pln\u00fd v\u00fdkon 413 BTU\/h.<\/li>\n<\/ul>","protected":false},"excerpt":{"rendered":"<h1 class=\"product_title entry-title\" style=\"text-align: center;\">ATC SCM105AC Pro<\/h1>","protected":false},"featured_media":11252,"template":"","meta":{"_acf_changed":false,"_et_pb_use_builder":"","_et_pb_old_content":"","_et_gb_content_width":"","inline_featured_image":false},"product_cat":[22,58,59],"product_tag":[110,107,106,105,108,109],"class_list":["post-11246","product","type-product","status-publish","has-post-thumbnail","product_cat-atc","product_cat-monitory","product_cat-monitory-sredniego-pola","product_tag-aktywne-monitory-studyjne","product_tag-audio","product_tag-dzwiek","product_tag-monitory-studyjne","product_tag-studio","product_tag-studyjne-kolumny-glosnikowe","first","instock","shipping-taxable","product-type-simple"],"acf":[],"_links":{"self":[{"href":"https:\/\/commercialaudio.pl\/cs\/wp-json\/wp\/v2\/product\/11246","targetHints":{"allow":["GET"]}}],"collection":[{"href":"https:\/\/commercialaudio.pl\/cs\/wp-json\/wp\/v2\/product"}],"about":[{"href":"https:\/\/commercialaudio.pl\/cs\/wp-json\/wp\/v2\/types\/product"}],"wp:featuredmedia":[{"embeddable":true,"href":"https:\/\/commercialaudio.pl\/cs\/wp-json\/wp\/v2\/media\/11252"}],"wp:attachment":[{"href":"https:\/\/commercialaudio.pl\/cs\/wp-json\/wp\/v2\/media?parent=11246"}],"wp:term":[{"taxonomy":"product_cat","embeddable":true,"href":"https:\/\/commercialaudio.pl\/cs\/wp-json\/wp\/v2\/product_cat?post=11246"},{"taxonomy":"product_tag","embeddable":true,"href":"https:\/\/commercialaudio.pl\/cs\/wp-json\/wp\/v2\/product_tag?post=11246"}],"curies":[{"name":"wp","href":"https:\/\/api.w.org\/{rel}","templated":true}]}}

ATC Loudspeakers SCM105AC Pro středoplošný studiový centrální monitor

<h1 style="text-align: center;"><b>Reproduktory ATC SCM105AC Pro</b></h1>
<h2 style="text-align: center;"><b>Centrální studiový monitor se středním frekvenčním rozsahem.</b></h2>
<p>Nízká konstrukce skříně usnadňuje instalaci v méně prostorných režisérských kabinách. Symetrické uspořádání měničů. Ideální doplněk ke stereofonním monitorům SCM50/100/110A Pro*. Dva 9”/234 mm basové měniče typu SL, 3”/75 mm měkká středová kopulka, 1”/25 mm měkká výšková kopulka. 3pásmová aktivní konstrukce s přesnými aktivními výhybkami a diskrétními výkonovými zesilovači MOSFET, integrovanými do proprietárního „Amp-Packu”. K dispozici je také verze pro montáž do stěny s externím zesilovačem – SCM105AiWC Pro. Široký dynamický rozsah a frekvenční rozsah.<br />
*Lze propojit s modelem SCM150A Pro, je však třeba vzít v úvahu maximální hodnotu SPL.</p>
<p><img loading="lazy" decoding="async" class="alignnone wp-image-11248 size-full" src="https://commercialaudio.pl/wp-content/uploads/2025/12/commercial_audio_SCM105AC-Pro-Front-Reflection-scaled.jpg" alt="" width="2560" height="1646" srcset="https://commercialaudio.pl/wp-content/uploads/2025/12/commercial_audio_SCM105AC-Pro-Front-Reflection-scaled.jpg 2560w, https://commercialaudio.pl/wp-content/uploads/2025/12/commercial_audio_SCM105AC-Pro-Front-Reflection-1280x823.jpg 1280w, https://commercialaudio.pl/wp-content/uploads/2025/12/commercial_audio_SCM105AC-Pro-Front-Reflection-980x630.jpg 980w, https://commercialaudio.pl/wp-content/uploads/2025/12/commercial_audio_SCM105AC-Pro-Front-Reflection-480x309.jpg 480w" sizes="(min-width: 0px) and (max-width: 480px) 480px, (min-width: 481px) and (max-width: 980px) 980px, (min-width: 981px) and (max-width: 1280px) 1280px, (min-width: 1281px) 2560px, 100vw" /></p>
<h3>Akustická specifikace:</h3>
<ul>
<li>Snímače:
<ul>
<li>Bas: 2 x SB75-234SL 16 Ω.</li>
<li>Střed: 1 x SM75-150S 16 Ω.</li>
<li>Vysoké frekvence: 1 x SH25-76S 6 Ω.</li>
</ul>
</li>
<li>Potlačení nízkých frekvencí: 30 Hz (-6 dB, bez rezonance).</li>
<li>Omezení vysokých frekvencí: 25 kHz (-6 dB).</li>
<li>Linearita amplitudy: 50 Hz – 17 kHz (+/- 2 dB).</li>
<li>Charakteristika v rozmezí: +/-0,5 dB.</li>
<li>Přepínací frekvence: 380 Hz a 3,5 kHz.</li>
<li>MaxSPL: 115 dB trvale, 121 dB špičkově (na pár, vážený růžový šum podle normy IEC, 1 m, bez dozvuku).</li>
<li>Citlivost systému: 85 dBC ref. -20 dBu (na jednu jednotku, 1 m, růžový šum, zesílení basů 0 dB, citlivost 2,2 dBu/1 V).</li>
</ul>
<p><img loading="lazy" decoding="async" class="aligncenter wp-image-11249 size-full" src="https://commercialaudio.pl/wp-content/uploads/2025/12/commercial_audio_SCM105AC-Pro-Rear-Reflection-scaled.jpg" alt="" width="2560" height="1384" srcset="https://commercialaudio.pl/wp-content/uploads/2025/12/commercial_audio_SCM105AC-Pro-Rear-Reflection-scaled.jpg 2560w, https://commercialaudio.pl/wp-content/uploads/2025/12/commercial_audio_SCM105AC-Pro-Rear-Reflection-1280x692.jpg 1280w, https://commercialaudio.pl/wp-content/uploads/2025/12/commercial_audio_SCM105AC-Pro-Rear-Reflection-980x530.jpg 980w, https://commercialaudio.pl/wp-content/uploads/2025/12/commercial_audio_SCM105AC-Pro-Rear-Reflection-480x260.jpg 480w" sizes="(min-width: 0px) and (max-width: 480px) 480px, (min-width: 481px) and (max-width: 980px) 980px, (min-width: 981px) and (max-width: 1280px) 1280px, (min-width: 1281px) 2560px, 100vw" /></p>
<h3>Elektronická specifikace:</h3>
<ul>
<li>Symetrický vstup: 1 x samice konektoru XLR na zadním panelu, pin 2 je aktivní.</li>
<li>Vstupní impedance: 20 kΩ (diferenciální).</li>
<li>Vstupní dynamický rozsah: &gt;82 dB (10 kHz).</li>
<li>Vstupní citlivost: 2,2 dBu/1 Vrms při plném výkonu.</li>
<li>Nastavení citlivosti vstupu: plynulé nastavení v rozsahu od 2,2 dBu do 8,2 dBu / 1 Vrms až 2 Vrms (-6 dB).</li>
<li>Nastavení zesílení basů: plynulé nastavení v rozmezí od 0 dB do +6 dB.</li>
<li>Crossover filtry: čtvrtého řádu typu Linkwitz-Riley.</li>
<li>Pásmo přenosu: 200 kHz (-3 dB).</li>
<li>Typ zesilovače: třída A/B na bázi MOSFET tranzistorů s uzemněným zdrojem, chlazený konvekcí.</li>
<li>Výstupní výkon: basy 200 W (8 Ω), střední tóny 100 W (16 Ω), výšky 50 W (6 Ω). THD+N: &lt;0,003%/-92 dB (1 kHz, 1 dB pod jmenovitým výkonem, frekvenční rozsah 90 kHz).</li>
<li>Omezovač: aktivní redukce zesílení ATC FET, „aktivní” omezovač signalizovaný LED diodou na předním panelu.</li>
<li>Síťový vstup: umístěný na zadním panelu, 220–230 V nebo 115 V – tovární nastavení. Dodržujte označení a štítky na panelu!</li>
<li>Příkon: v klidovém stavu 37 W / 51 VA. 1/8 výkonu 132 W / 178 VA. Plný výkon 321 W / 403 VA.</li>
<li>Tepelný výkon: v klidovém stavu 126 BTU/h. 1/8 výkonu 366 BTU/h. Plný výkon 413 BTU/h.</li>
</ul>
