{"id":11253,"date":"2025-12-11T19:33:17","date_gmt":"2025-12-11T18:33:17","guid":{"rendered":"https:\/\/commercialaudio.pl\/?post_type=product&#038;p=11253"},"modified":"2025-12-11T19:49:14","modified_gmt":"2025-12-11T18:49:14","slug":"instalacyjny-centralny-monitor-studyjny-atc-scm105aiwc-pro","status":"publish","type":"product","link":"https:\/\/commercialaudio.pl\/cs\/produkt\/instalacyjny-centralny-monitor-studyjny-atc-scm105aiwc-pro\/","title":{"rendered":"Instalace st\u0159edn\u00edho studiov\u00e9ho monitoru ATC Loudspeakers SCM105AiWC Pro"},"content":{"rendered":"<h1 style=\"text-align: center;\"><b>Reproduktory ATC SCM105AiWC Pro<\/b><\/h1>\n<h2 style=\"text-align: center;\"><b>Instalace centr\u00e1ln\u00edho studiov\u00e9ho monitoru se st\u0159edn\u00edm frekven\u010dn\u00edm rozsahem.<\/b><\/h2>\n<p>N\u00edzk\u00e1 konstrukce sk\u0159\u00edn\u011b usnad\u0148uje instalaci do st\u011bn v men\u0161\u00edch re\u017eis\u00e9rsk\u00fdch m\u00edstnostech. Symetrick\u00e9 uspo\u0159\u00e1d\u00e1n\u00ed m\u011bni\u010d\u016f. Ide\u00e1ln\u00ed dopln\u011bk ke stereofonn\u00edm monitor\u016fm SCM50\/100\/110AiW Pro*. Dva 9\u201d\/234 mm basov\u00e9 m\u011bni\u010de SL, 3\u201d\/75 mm m\u011bkk\u00e1 st\u0159edov\u00e1 kopulka, 1\u201d\/25 mm m\u011bkk\u00e1 v\u00fd\u0161kov\u00e1 kopulka. Poh\u00e1n\u011bno 19palcov\u00fdm zesilova\u010dem pro mont\u00e1\u017e do rackov\u00e9 sk\u0159\u00edn\u011b 6U, model R1-350 Pro. Vestav\u011bn\u00e9 vstupy um\u00edst\u011bn\u00e9 na zadn\u00edm panelu. Audio p\u0159ipojen\u00ed pomoc\u00ed v\u00edce\u017eilov\u00e9ho reproduktorov\u00e9ho kabelu zakon\u010den\u00e9ho konektorem NL8. P\u0159ipojen\u00ed LED indik\u00e1toru nap\u00e1jen\u00ed\/omezova\u010de pomoc\u00ed 5pinov\u00e9ho konektoru XLR. K dispozici je tak\u00e9 verze pro mont\u00e1\u017e na stativ \u2013 model SCM105AC Pro.<br \/>\n*Lze propojit s modelem SCM150AiW Pro, je v\u0161ak t\u0159eba vz\u00edt v \u00favahu maxim\u00e1ln\u00ed hodnotu SPL.<\/p>\n<p><img loading=\"lazy\" decoding=\"async\" class=\"alignnone wp-image-11255 size-full\" src=\"https:\/\/commercialaudio.pl\/wp-content\/uploads\/2025\/12\/commercial_audio_SCM105A-Pro_website_dtop4.jpg\" alt=\"\" width=\"1920\" height=\"704\" srcset=\"https:\/\/commercialaudio.pl\/wp-content\/uploads\/2025\/12\/commercial_audio_SCM105A-Pro_website_dtop4.jpg 1920w, https:\/\/commercialaudio.pl\/wp-content\/uploads\/2025\/12\/commercial_audio_SCM105A-Pro_website_dtop4-1280x469.jpg 1280w, https:\/\/commercialaudio.pl\/wp-content\/uploads\/2025\/12\/commercial_audio_SCM105A-Pro_website_dtop4-980x359.jpg 980w, https:\/\/commercialaudio.pl\/wp-content\/uploads\/2025\/12\/commercial_audio_SCM105A-Pro_website_dtop4-480x176.jpg 480w\" sizes=\"(min-width: 0px) and (max-width: 480px) 480px, (min-width: 481px) and (max-width: 980px) 980px, (min-width: 981px) and (max-width: 1280px) 1280px, (min-width: 1281px) 1920px, 100vw\" \/><\/p>\n<h3>Akustick\u00e1 specifikace:<\/h3>\n<ul>\n<li>Sn\u00edma\u010de:\n<ul>\n<li>Bas: 2 x SB75-234SL 16 \u03a9.<\/li>\n<li>St\u0159ed: 1 x SM75-150S 16 \u03a9.<\/li>\n<li>Vysok\u00e9 frekvence: 1 x SH25-76S 6 \u03a9.<\/li>\n<\/ul>\n<\/li>\n<li>Potla\u010den\u00ed n\u00edzk\u00fdch frekvenc\u00ed: 30 Hz (-6 dB, bez rezonance).<\/li>\n<li>Omezen\u00ed vysok\u00fdch frekvenc\u00ed: 25 kHz (-6 dB).<\/li>\n<li>Linearita amplitudy: 50 Hz \u2013 17 kHz (+\/- 2 dB).<\/li>\n<li>Charakteristika v rozmez\u00ed: +\/-0,5 dB.<\/li>\n<li>P\u0159ep\u00ednac\u00ed frekvence: 380 Hz a 3,5 kHz.<\/li>\n<li>MaxSPL: 115 dB trvale, 121 dB \u0161pi\u010dkov\u011b (na p\u00e1r, v\u00e1\u017een\u00fd r\u016f\u017eov\u00fd \u0161um podle normy IEC, 1 m, bez dozvuku).<\/li>\n<li>Citlivost syst\u00e9mu: 85 dBC ref. -20 dBu (na jednu jednotku, 1 m, r\u016f\u017eov\u00fd \u0161um, zes\u00edlen\u00ed bas\u016f 0 dB, citlivost 2,2 dBu\/1 V).<\/li>\n<\/ul>\n<p><img loading=\"lazy\" decoding=\"async\" class=\"aligncenter wp-image-11258 size-full\" src=\"https:\/\/commercialaudio.pl\/wp-content\/uploads\/2025\/12\/commercial_audio_SCM105A-Pro_website-imagery.jpg\" alt=\"\" width=\"1920\" height=\"704\" srcset=\"https:\/\/commercialaudio.pl\/wp-content\/uploads\/2025\/12\/commercial_audio_SCM105A-Pro_website-imagery.jpg 1920w, https:\/\/commercialaudio.pl\/wp-content\/uploads\/2025\/12\/commercial_audio_SCM105A-Pro_website-imagery-1280x469.jpg 1280w, https:\/\/commercialaudio.pl\/wp-content\/uploads\/2025\/12\/commercial_audio_SCM105A-Pro_website-imagery-980x359.jpg 980w, https:\/\/commercialaudio.pl\/wp-content\/uploads\/2025\/12\/commercial_audio_SCM105A-Pro_website-imagery-480x176.jpg 480w\" sizes=\"(min-width: 0px) and (max-width: 480px) 480px, (min-width: 481px) and (max-width: 980px) 980px, (min-width: 981px) and (max-width: 1280px) 1280px, (min-width: 1281px) 1920px, 100vw\" \/><\/p>","protected":false},"excerpt":{"rendered":"<h1 class=\"product_title entry-title\" style=\"text-align: center;\">ATC SCM105AiWC Pro<\/h1>","protected":false},"featured_media":11259,"template":"","meta":{"_acf_changed":false,"_et_pb_use_builder":"","_et_pb_old_content":"","_et_gb_content_width":"","inline_featured_image":false},"product_cat":[22,58,59],"product_tag":[110,107,106,105,108,109],"class_list":["post-11253","product","type-product","status-publish","has-post-thumbnail","product_cat-atc","product_cat-monitory","product_cat-monitory-sredniego-pola","product_tag-aktywne-monitory-studyjne","product_tag-audio","product_tag-dzwiek","product_tag-monitory-studyjne","product_tag-studio","product_tag-studyjne-kolumny-glosnikowe","first","instock","shipping-taxable","product-type-simple"],"acf":[],"_links":{"self":[{"href":"https:\/\/commercialaudio.pl\/cs\/wp-json\/wp\/v2\/product\/11253","targetHints":{"allow":["GET"]}}],"collection":[{"href":"https:\/\/commercialaudio.pl\/cs\/wp-json\/wp\/v2\/product"}],"about":[{"href":"https:\/\/commercialaudio.pl\/cs\/wp-json\/wp\/v2\/types\/product"}],"wp:featuredmedia":[{"embeddable":true,"href":"https:\/\/commercialaudio.pl\/cs\/wp-json\/wp\/v2\/media\/11259"}],"wp:attachment":[{"href":"https:\/\/commercialaudio.pl\/cs\/wp-json\/wp\/v2\/media?parent=11253"}],"wp:term":[{"taxonomy":"product_cat","embeddable":true,"href":"https:\/\/commercialaudio.pl\/cs\/wp-json\/wp\/v2\/product_cat?post=11253"},{"taxonomy":"product_tag","embeddable":true,"href":"https:\/\/commercialaudio.pl\/cs\/wp-json\/wp\/v2\/product_tag?post=11253"}],"curies":[{"name":"wp","href":"https:\/\/api.w.org\/{rel}","templated":true}]}}

Instalace středního studiového monitoru ATC Loudspeakers SCM105AiWC Pro

<h1 style="text-align: center;"><b>Reproduktory ATC SCM105AiWC Pro</b></h1>
<h2 style="text-align: center;"><b>Instalace centrálního studiového monitoru se středním frekvenčním rozsahem.</b></h2>
<p>Nízká konstrukce skříně usnadňuje instalaci do stěn v menších režisérských místnostech. Symetrické uspořádání měničů. Ideální doplněk ke stereofonním monitorům SCM50/100/110AiW Pro*. Dva 9”/234 mm basové měniče SL, 3”/75 mm měkká středová kopulka, 1”/25 mm měkká výšková kopulka. Poháněno 19palcovým zesilovačem pro montáž do rackové skříně 6U, model R1-350 Pro. Vestavěné vstupy umístěné na zadním panelu. Audio připojení pomocí vícežilového reproduktorového kabelu zakončeného konektorem NL8. Připojení LED indikátoru napájení/omezovače pomocí 5pinového konektoru XLR. K dispozici je také verze pro montáž na stativ – model SCM105AC Pro.<br />
*Lze propojit s modelem SCM150AiW Pro, je však třeba vzít v úvahu maximální hodnotu SPL.</p>
<p><img loading="lazy" decoding="async" class="alignnone wp-image-11255 size-full" src="https://commercialaudio.pl/wp-content/uploads/2025/12/commercial_audio_SCM105A-Pro_website_dtop4.jpg" alt="" width="1920" height="704" srcset="https://commercialaudio.pl/wp-content/uploads/2025/12/commercial_audio_SCM105A-Pro_website_dtop4.jpg 1920w, https://commercialaudio.pl/wp-content/uploads/2025/12/commercial_audio_SCM105A-Pro_website_dtop4-1280x469.jpg 1280w, https://commercialaudio.pl/wp-content/uploads/2025/12/commercial_audio_SCM105A-Pro_website_dtop4-980x359.jpg 980w, https://commercialaudio.pl/wp-content/uploads/2025/12/commercial_audio_SCM105A-Pro_website_dtop4-480x176.jpg 480w" sizes="(min-width: 0px) and (max-width: 480px) 480px, (min-width: 481px) and (max-width: 980px) 980px, (min-width: 981px) and (max-width: 1280px) 1280px, (min-width: 1281px) 1920px, 100vw" /></p>
<h3>Akustická specifikace:</h3>
<ul>
<li>Snímače:
<ul>
<li>Bas: 2 x SB75-234SL 16 Ω.</li>
<li>Střed: 1 x SM75-150S 16 Ω.</li>
<li>Vysoké frekvence: 1 x SH25-76S 6 Ω.</li>
</ul>
</li>
<li>Potlačení nízkých frekvencí: 30 Hz (-6 dB, bez rezonance).</li>
<li>Omezení vysokých frekvencí: 25 kHz (-6 dB).</li>
<li>Linearita amplitudy: 50 Hz – 17 kHz (+/- 2 dB).</li>
<li>Charakteristika v rozmezí: +/-0,5 dB.</li>
<li>Přepínací frekvence: 380 Hz a 3,5 kHz.</li>
<li>MaxSPL: 115 dB trvale, 121 dB špičkově (na pár, vážený růžový šum podle normy IEC, 1 m, bez dozvuku).</li>
<li>Citlivost systému: 85 dBC ref. -20 dBu (na jednu jednotku, 1 m, růžový šum, zesílení basů 0 dB, citlivost 2,2 dBu/1 V).</li>
</ul>
<p><img loading="lazy" decoding="async" class="aligncenter wp-image-11258 size-full" src="https://commercialaudio.pl/wp-content/uploads/2025/12/commercial_audio_SCM105A-Pro_website-imagery.jpg" alt="" width="1920" height="704" srcset="https://commercialaudio.pl/wp-content/uploads/2025/12/commercial_audio_SCM105A-Pro_website-imagery.jpg 1920w, https://commercialaudio.pl/wp-content/uploads/2025/12/commercial_audio_SCM105A-Pro_website-imagery-1280x469.jpg 1280w, https://commercialaudio.pl/wp-content/uploads/2025/12/commercial_audio_SCM105A-Pro_website-imagery-980x359.jpg 980w, https://commercialaudio.pl/wp-content/uploads/2025/12/commercial_audio_SCM105A-Pro_website-imagery-480x176.jpg 480w" sizes="(min-width: 0px) and (max-width: 480px) 480px, (min-width: 481px) and (max-width: 980px) 980px, (min-width: 981px) and (max-width: 1280px) 1280px, (min-width: 1281px) 1920px, 100vw" /></p>
