{"id":11728,"date":"2026-03-11T16:42:46","date_gmt":"2026-03-11T15:42:46","guid":{"rendered":"https:\/\/commercialaudio.pl\/?post_type=product&#038;p=11728"},"modified":"2026-03-11T16:47:56","modified_gmt":"2026-03-11T15:47:56","slug":"podwojny-modul-sieciowy-sg-sg","status":"publish","type":"product","link":"https:\/\/commercialaudio.pl\/cs\/produkt\/podwojny-modul-sieciowy-sg-sg\/","title":{"rendered":"Du\u00e1ln\u00ed s\u00ed\u0165ov\u00fd zvukov\u00fd modul - DirectOut SG.SG.SRC.IO"},"content":{"rendered":"<h1 style=\"text-align: center;\">DirectOut SG.SG.SRC.IO<\/h1>\n<p>RAV.SG.SRC.IO je du\u00e1ln\u00ed s\u00ed\u0165ov\u00fd audio modul pro \u0159adu <a href=\"https:\/\/commercialaudio.pl\/cs\/produkt\/procesor-audio-directout-prodigymp\/\" target=\"_blank\" rel=\"noopener\">PRODIGY<\/a> i <a href=\"https:\/\/commercialaudio.pl\/cs\/produkt\/zvukovy-procesor-directout-spolecnosti-maven\/\" target=\"_blank\" rel=\"noopener\">MAVEN.A<\/a> umo\u017e\u0148uj\u00edc\u00ed obsluhu dvou 64kan\u00e1lov\u00fdch datov\u00fdch tok\u016f SoundGrid.<\/p>\n<p><strong>Jeden modul, dva zvukov\u00e9 moduly<\/strong><\/p>\n<p>Modul vybaven\u00fd dv\u011bma kartami miniPCI nab\u00edz\u00ed 2 x 64 vstupn\u00edch a v\u00fdstupn\u00edch kan\u00e1l\u016f SoundGrid, \u010d\u00edm\u017e dosahuje celkov\u00e9ho po\u010dtu 128 kan\u00e1l\u016f v jednom modulu A.<br \/>\nLze jej tak\u00e9 p\u0159ipojit ke dv\u011bma r\u016fzn\u00fdm prost\u0159ed\u00edm SoundGrid, z nich\u017e ka\u017ed\u00e9 m\u00e1 64 kan\u00e1l\u016f.<\/p>\n<p><img loading=\"lazy\" decoding=\"async\" class=\"aligncenter wp-image-11719 size-full\" src=\"https:\/\/commercialaudio.pl\/wp-content\/uploads\/2026\/03\/10.jpg\" alt=\"sg\" width=\"2362\" height=\"1328\" srcset=\"https:\/\/commercialaudio.pl\/wp-content\/uploads\/2026\/03\/10.jpg 2362w, https:\/\/commercialaudio.pl\/wp-content\/uploads\/2026\/03\/10-1280x720.jpg 1280w, https:\/\/commercialaudio.pl\/wp-content\/uploads\/2026\/03\/10-980x551.jpg 980w, https:\/\/commercialaudio.pl\/wp-content\/uploads\/2026\/03\/10-480x270.jpg 480w\" sizes=\"(min-width: 0px) and (max-width: 480px) 480px, (min-width: 481px) and (max-width: 980px) 980px, (min-width: 981px) and (max-width: 1280px) 1280px, (min-width: 1281px) 2362px, 100vw\" \/><\/p>\n<p><strong>P\u0159evod vzorkovac\u00ed frekvence<\/strong><\/p>\n<p>Standardn\u011b je zabudov\u00e1n individu\u00e1ln\u00ed obvod HD SRC pro obousm\u011brnou konverzi vzorkovac\u00ed frekvence.<br \/>\nDv\u011b zvukov\u00e9 karty mohou pracovat s r\u016fzn\u00fdmi vzorkovac\u00edmi frekvencemi.<br \/>\nDu\u00e1ln\u00ed s\u00ed\u0165ov\u00e9 moduly zaji\u0161\u0165uj\u00ed plynul\u00e9 propojen\u00ed mezi hranicemi hodin a r\u016fzn\u00fdmi audio protokoly v r\u00e1mci jednoho modulu.<\/p>\n<p><strong>Redundantn\u00ed toky<\/strong><\/p>\n<p>K dispozici jsou 2 x 2 nez\u00e1visl\u00e1 s\u00ed\u0165ov\u00e1 rozhran\u00ed pro p\u0159ipojen\u00ed ka\u017ed\u00e9ho protokolu prost\u0159ednictv\u00edm druh\u00e9ho kan\u00e1lu (hlavn\u00ed\/vedlej\u0161\u00ed nebo Port 1 \/ Port 2).<\/p>\n<p>Po\u010det zvukov\u00fdch kan\u00e1l\u016f na protokol se p\u0159i vy\u0161\u0161\u00edch vzorkovac\u00edch frekvenc\u00edch sni\u017euje \u2013 32 kan\u00e1l\u016f p\u0159i 2 FS nebo 16 kan\u00e1l\u016f p\u0159i 4 FS (SoundGrid podporuje pouze 1 FS a 2 FS).<\/p>\n<p>SoundGrid je technologie spole\u010dnosti pro vytv\u00e1\u0159en\u00ed zvukov\u00fdch s\u00edt\u00ed. <a href=\"https:\/\/www.waves.com\/\" target=\"_blank\" rel=\"noopener\">Vlny<\/a> na z\u00e1klad\u011b vrstvy Ethernet 2.<\/p>","protected":false},"excerpt":{"rendered":"<h1 style=\"text-align: center;\">DIRECTOUT SG.SG.SRC.IO<\/h1>","protected":false},"featured_media":11699,"template":"","meta":{"_acf_changed":false,"_et_pb_use_builder":"","_et_pb_old_content":"","_et_gb_content_width":"","inline_featured_image":false},"product_cat":[283],"product_tag":[],"class_list":["post-11728","product","type-product","status-publish","has-post-thumbnail","product_cat-moduly","first","instock","shipping-taxable","product-type-simple"],"acf":[],"_links":{"self":[{"href":"https:\/\/commercialaudio.pl\/cs\/wp-json\/wp\/v2\/product\/11728","targetHints":{"allow":["GET"]}}],"collection":[{"href":"https:\/\/commercialaudio.pl\/cs\/wp-json\/wp\/v2\/product"}],"about":[{"href":"https:\/\/commercialaudio.pl\/cs\/wp-json\/wp\/v2\/types\/product"}],"wp:featuredmedia":[{"embeddable":true,"href":"https:\/\/commercialaudio.pl\/cs\/wp-json\/wp\/v2\/media\/11699"}],"wp:attachment":[{"href":"https:\/\/commercialaudio.pl\/cs\/wp-json\/wp\/v2\/media?parent=11728"}],"wp:term":[{"taxonomy":"product_cat","embeddable":true,"href":"https:\/\/commercialaudio.pl\/cs\/wp-json\/wp\/v2\/product_cat?post=11728"},{"taxonomy":"product_tag","embeddable":true,"href":"https:\/\/commercialaudio.pl\/cs\/wp-json\/wp\/v2\/product_tag?post=11728"}],"curies":[{"name":"wp","href":"https:\/\/api.w.org\/{rel}","templated":true}]}}

Duální síťový zvukový modul - DirectOut SG.SG.SRC.IO

<h1 style="text-align: center;">DirectOut SG.SG.SRC.IO</h1>
<p>RAV.SG.SRC.IO je duální síťový audio modul pro řadu <a href="https://commercialaudio.pl/cs/produkt/procesor-audio-directout-prodigymp/" target="_blank" rel="noopener">PRODIGY</a> i <a href="https://commercialaudio.pl/cs/produkt/zvukovy-procesor-directout-spolecnosti-maven/" target="_blank" rel="noopener">MAVEN.A</a> umožňující obsluhu dvou 64kanálových datových toků SoundGrid.</p>
<p><strong>Jeden modul, dva zvukové moduly</strong></p>
<p>Modul vybavený dvěma kartami miniPCI nabízí 2 x 64 vstupních a výstupních kanálů SoundGrid, čímž dosahuje celkového počtu 128 kanálů v jednom modulu A.<br />
Lze jej také připojit ke dvěma různým prostředím SoundGrid, z nichž každé má 64 kanálů.</p>
<p><img loading="lazy" decoding="async" class="aligncenter wp-image-11719 size-full" src="https://commercialaudio.pl/wp-content/uploads/2026/03/10.jpg" alt="sg" width="2362" height="1328" srcset="https://commercialaudio.pl/wp-content/uploads/2026/03/10.jpg 2362w, https://commercialaudio.pl/wp-content/uploads/2026/03/10-1280x720.jpg 1280w, https://commercialaudio.pl/wp-content/uploads/2026/03/10-980x551.jpg 980w, https://commercialaudio.pl/wp-content/uploads/2026/03/10-480x270.jpg 480w" sizes="(min-width: 0px) and (max-width: 480px) 480px, (min-width: 481px) and (max-width: 980px) 980px, (min-width: 981px) and (max-width: 1280px) 1280px, (min-width: 1281px) 2362px, 100vw" /></p>
<p><strong>Převod vzorkovací frekvence</strong></p>
<p>Standardně je zabudován individuální obvod HD SRC pro obousměrnou konverzi vzorkovací frekvence.<br />
Dvě zvukové karty mohou pracovat s různými vzorkovacími frekvencemi.<br />
Duální síťové moduly zajišťují plynulé propojení mezi hranicemi hodin a různými audio protokoly v rámci jednoho modulu.</p>
<p><strong>Redundantní toky</strong></p>
<p>K dispozici jsou 2 x 2 nezávislá síťová rozhraní pro připojení každého protokolu prostřednictvím druhého kanálu (hlavní/vedlejší nebo Port 1 / Port 2).</p>
<p>Počet zvukových kanálů na protokol se při vyšších vzorkovacích frekvencích snižuje – 32 kanálů při 2 FS nebo 16 kanálů při 4 FS (SoundGrid podporuje pouze 1 FS a 2 FS).</p>
<p>SoundGrid je technologie společnosti pro vytváření zvukových sítí. <a href="https://www.waves.com/" target="_blank" rel="noopener">Vlny</a> na základě vrstvy Ethernet 2.</p>
