{"id":12028,"date":"2026-04-09T19:41:08","date_gmt":"2026-04-09T17:41:08","guid":{"rendered":"https:\/\/commercialaudio.pl\/?post_type=product&#038;p=12028"},"modified":"2026-04-09T20:46:20","modified_gmt":"2026-04-09T18:46:20","slug":"super-elastyczny-kabel-jednoparowy-van-damme-pro-grade-classic-xke-super-flexible-1-pair","status":"publish","type":"product","link":"https:\/\/commercialaudio.pl\/cs\/produkt\/super-elastyczny-kabel-jednoparowy-van-damme-pro-grade-classic-xke-super-flexible-1-pair\/","title":{"rendered":"Super ohebn\u00fd kabel s jedn\u00edm p\u00e1rem - Van Damme Pro Grade Classic XKE Super Flexible 1 Pair"},"content":{"rendered":"<h1 style=\"text-align: center;\"><b>VAN DAMME PRO GRADE CLASSIC XKE SUPER FLEXIBLE 1 PAIR &#8211; SUPER ELASTYCZNY KABEL JEDNOPAROWY<\/b><\/h1>\n<p><span style=\"font-weight: 400;\">Vysoce pru\u017en\u00fd jednop\u00e1rov\u00fd kabel Van Damme je symetrick\u00fd analogov\u00fd audio kabel o pr\u016fm\u011bru 3,60 mm, vybaven\u00fd spir\u00e1lov\u00fdm m\u011bd\u011bn\u00fdm st\u00edn\u011bn\u00edm. Tento kabel je ide\u00e1ln\u00ed pro pou\u017eit\u00ed s miniaturn\u00edmi konektory, jako je \u0159ada Switchcraft Tini-Qg, a dal\u0161\u00edmi mal\u00fdmi konektory, kter\u00e9 se obvykle vyskytuj\u00ed u klopov\u00fdch mikrofon\u016f. Jeho spir\u00e1lov\u00e9 st\u00edn\u011bn\u00ed skv\u011ble sn\u00e1\u0161\u00ed opakovan\u00e9 oh\u00fdb\u00e1n\u00ed, co\u017e z n\u011bj v ur\u010dit\u00fdch dynamick\u00fdch aplikac\u00edch \u010din\u00ed mnohem lep\u0161\u00ed volbu ne\u017e jednop\u00e1rov\u00e9 kabely s f\u00f3liov\u00fdm st\u00edn\u011bn\u00edm.<\/span><\/p>\n<h4><strong>Technick\u00e9 specifikace:<\/strong><\/h4>\n<ul>\n<li><strong>Maxim\u00e1ln\u00ed d\u00e9lka c\u00edvky <\/strong> 100 m<\/li>\n<li><strong>Kabely<\/strong> 5 vodi\u010d\u016f o pr\u016f\u0159ezu 0,10 mm z bezkysl\u00edkat\u00e9 m\u011bdi pota\u017een\u00e9 st\u0159\u00edbrem<br \/>\n14 x 0,10 mm neizolovan\u00fdch vodi\u010d\u016f z ultra\u010dist\u00e9 bezkysl\u00edkat\u00e9 m\u011bdi<\/li>\n<li><strong>Rozm\u011bry kabel\u016f<\/strong> 19 \u00d7 0,10 mm, 0,15 mm\u00b2, AWG 26\/19<\/li>\n<li><strong>Izolace<\/strong> S\u00ed\u0165ovan\u00fd polyethylen<\/li>\n<li><strong>Typ displeje<\/strong> 60 \u00d7 0,10 mm spir\u00e1lov\u011b vinut\u00fd dr\u00e1t z bezkysl\u00edkat\u00e9 m\u011bdi<\/li>\n<li><strong>Materi\u00e1l povrchu<\/strong> Pru\u017en\u00fd kompozit z PVC a neoprenu<\/li>\n<li><strong>Celkov\u00fd pr\u016fm\u011br<\/strong> 3,60 \u00b1 0,15 mm<\/li>\n<li><strong>Polom\u011br ohybu<\/strong> 10n\u00e1sobek celkov\u00e9ho pr\u016fm\u011bru<\/li>\n<li><strong>Odpor<\/strong>\n<ul>\n<li>Vodivost &lt; 130 \u03a9\/km<\/li>\n<li>Izolace &gt; 5000 M\u03a9\/km<\/li>\n<\/ul>\n<\/li>\n<li><strong>Kapacita<\/strong>\n<ul>\n<li>\u00a0Mezi j\u00e1dry 47 pF\/m<\/li>\n<\/ul>\n<\/li>\n<\/ul>\n<div id=\"product-specifications\" class=\"vc_row wpb_row vc_row-fluid vc_custom_1538047796574\">\n<div class=\"wpb_column vc_column_container vc_col-sm-12\">\n<div class=\"vc_column-inner\">\n<div class=\"wpb_wrapper\">\n<div class=\"vc_tta-container\" data-vc-action=\"collapse\">\n<div class=\"vc_general vc_tta vc_tta-tabs vc_tta-color-grey vc_tta-style-classic vc_tta-shape-square vc_tta-o-shape-group vc_tta-tabs-position-top vc_tta-controls-align-left\">\n<div class=\"vc_tta-panels-container\">\n<div class=\"vc_tta-panels\">\n<div id=\"1537534903486-fd935797-f35124df-956f\" class=\"vc_tta-panel vc_active\" data-vc-content=\".vc_tta-panel-body\">\n<div class=\"vc_tta-panel-body\">\n<div class=\"wpb_vc_table wpb_content_element spec-tables spec-tables\">\n<table style=\"height: 46px; width: 1080px; border-style: solid; border-color: #000000;\" border=\"3px\">\n<tbody>\n<tr class=\"vc-th\" style=\"height: 23px;\">\n<td class=\"vc_table_cell\" style=\"height: 23px; width: 153.922px;\"><span class=\"vc_table_content\">\u010c\u00edslo modelu\u00a0<\/span><\/td>\n<td class=\"vc_table_cell\" style=\"height: 23px; width: 635.672px;\"><span class=\"vc_table_content\">Popis<\/span><\/td>\n<td class=\"vc_table_cell\" style=\"height: 23px; width: 106.062px;\"><span class=\"vc_table_content\">K\u00f3d RAL\u00a0<\/span><\/td>\n<td class=\"vc_table_cell\" style=\"height: 23px; width: 152.344px;\"><span class=\"vc_table_content\">D\u00e9lka c\u00edvky\u00a0<\/span><\/td>\n<\/tr>\n<tr style=\"height: 23px;\">\n<td class=\"vc_table_cell\" style=\"width: 153.922px; height: 23px;\"><span class=\"vc_table_content\">268-100-000<\/span><\/td>\n<td class=\"vc_table_cell\" style=\"width: 635.672px; height: 23px;\">Van Damme Pro Grade Classic XKE Super Flexible 1 p\u00e1r instala\u010dn\u00edch kabel\u016f, barva jet black<\/td>\n<td class=\"vc_table_cell\" style=\"width: 106.062px; height: 23px;\"><span class=\"vc_table_content\">RAL 9005<\/span><\/td>\n<td class=\"vc_table_cell\" style=\"width: 152.344px; height: 23px;\"><span class=\"vc_table_content\">100 m<\/span><\/td>\n<\/tr>\n<\/tbody>\n<\/table>\n<\/div>\n<\/div>\n<\/div>\n<\/div>\n<\/div>\n<\/div>\n<\/div>\n<\/div>\n<\/div>\n<\/div>\n<\/div>\n<p>&nbsp;<\/p>","protected":false},"excerpt":{"rendered":"<h1 style=\"text-align: center;\"><b>VAN DAMME PRO GRADE CLASSIC XKE SUPER FLEXIBLE 1 P\u00c1R<\/b><\/h1>","protected":false},"featured_media":12029,"template":"","meta":{"_acf_changed":false,"_et_pb_use_builder":"","_et_pb_old_content":"","_et_gb_content_width":"","inline_featured_image":false},"product_cat":[302,300],"product_tag":[],"class_list":["post-12028","product","type-product","status-publish","has-post-thumbnail","product_cat-kable-analogowe","product_cat-van-damme","first","instock","shipping-taxable","product-type-simple"],"acf":[],"_links":{"self":[{"href":"https:\/\/commercialaudio.pl\/cs\/wp-json\/wp\/v2\/product\/12028","targetHints":{"allow":["GET"]}}],"collection":[{"href":"https:\/\/commercialaudio.pl\/cs\/wp-json\/wp\/v2\/product"}],"about":[{"href":"https:\/\/commercialaudio.pl\/cs\/wp-json\/wp\/v2\/types\/product"}],"wp:featuredmedia":[{"embeddable":true,"href":"https:\/\/commercialaudio.pl\/cs\/wp-json\/wp\/v2\/media\/12029"}],"wp:attachment":[{"href":"https:\/\/commercialaudio.pl\/cs\/wp-json\/wp\/v2\/media?parent=12028"}],"wp:term":[{"taxonomy":"product_cat","embeddable":true,"href":"https:\/\/commercialaudio.pl\/cs\/wp-json\/wp\/v2\/product_cat?post=12028"},{"taxonomy":"product_tag","embeddable":true,"href":"https:\/\/commercialaudio.pl\/cs\/wp-json\/wp\/v2\/product_tag?post=12028"}],"curies":[{"name":"wp","href":"https:\/\/api.w.org\/{rel}","templated":true}]}}

Super ohebný kabel s jedním párem - Van Damme Pro Grade Classic XKE Super Flexible 1 Pair

<h1 style="text-align: center;"><b>VAN DAMME PRO GRADE CLASSIC XKE SUPER FLEXIBLE 1 PAIR &#8211; SUPER ELASTYCZNY KABEL JEDNOPAROWY</b></h1>
<p><span style="font-weight: 400;">Vysoce pružný jednopárový kabel Van Damme je symetrický analogový audio kabel o průměru 3,60 mm, vybavený spirálovým měděným stíněním. Tento kabel je ideální pro použití s miniaturními konektory, jako je řada Switchcraft Tini-Qg, a dalšími malými konektory, které se obvykle vyskytují u klopových mikrofonů. Jeho spirálové stínění skvěle snáší opakované ohýbání, což z něj v určitých dynamických aplikacích činí mnohem lepší volbu než jednopárové kabely s fóliovým stíněním.</span></p>
<h4><strong>Technické specifikace:</strong></h4>
<ul>
<li><strong>Maximální délka cívky </strong> 100 m</li>
<li><strong>Kabely</strong> 5 vodičů o průřezu 0,10 mm z bezkyslíkaté mědi potažené stříbrem<br />
14 x 0,10 mm neizolovaných vodičů z ultračisté bezkyslíkaté mědi</li>
<li><strong>Rozměry kabelů</strong> 19 × 0,10 mm, 0,15 mm², AWG 26/19</li>
<li><strong>Izolace</strong> Síťovaný polyethylen</li>
<li><strong>Typ displeje</strong> 60 × 0,10 mm spirálově vinutý drát z bezkyslíkaté mědi</li>
<li><strong>Materiál povrchu</strong> Pružný kompozit z PVC a neoprenu</li>
<li><strong>Celkový průměr</strong> 3,60 ± 0,15 mm</li>
<li><strong>Poloměr ohybu</strong> 10násobek celkového průměru</li>
<li><strong>Odpor</strong>
<ul>
<li>Vodivost &lt; 130 Ω/km</li>
<li>Izolace &gt; 5000 MΩ/km</li>
</ul>
</li>
<li><strong>Kapacita</strong>
<ul>
<li> Mezi jádry 47 pF/m</li>
</ul>
</li>
</ul>
<div id="product-specifications" class="vc_row wpb_row vc_row-fluid vc_custom_1538047796574">
<div class="wpb_column vc_column_container vc_col-sm-12">
<div class="vc_column-inner">
<div class="wpb_wrapper">
<div class="vc_tta-container" data-vc-action="collapse">
<div class="vc_general vc_tta vc_tta-tabs vc_tta-color-grey vc_tta-style-classic vc_tta-shape-square vc_tta-o-shape-group vc_tta-tabs-position-top vc_tta-controls-align-left">
<div class="vc_tta-panels-container">
<div class="vc_tta-panels">
<div id="1537534903486-fd935797-f35124df-956f" class="vc_tta-panel vc_active" data-vc-content=".vc_tta-panel-body">
<div class="vc_tta-panel-body">
<div class="wpb_vc_table wpb_content_element spec-tables spec-tables">
<table style="height: 46px; width: 1080px; border-style: solid; border-color: #000000;" border="3px">
<tbody>
<tr class="vc-th" style="height: 23px;">
<td class="vc_table_cell" style="height: 23px; width: 153.922px;"><span class="vc_table_content">Číslo modelu </span></td>
<td class="vc_table_cell" style="height: 23px; width: 635.672px;"><span class="vc_table_content">Popis</span></td>
<td class="vc_table_cell" style="height: 23px; width: 106.062px;"><span class="vc_table_content">Kód RAL </span></td>
<td class="vc_table_cell" style="height: 23px; width: 152.344px;"><span class="vc_table_content">Délka cívky </span></td>
</tr>
<tr style="height: 23px;">
<td class="vc_table_cell" style="width: 153.922px; height: 23px;"><span class="vc_table_content">268-100-000</span></td>
<td class="vc_table_cell" style="width: 635.672px; height: 23px;">Van Damme Pro Grade Classic XKE Super Flexible 1 pár instalačních kabelů, barva jet black</td>
<td class="vc_table_cell" style="width: 106.062px; height: 23px;"><span class="vc_table_content">RAL 9005</span></td>
<td class="vc_table_cell" style="width: 152.344px; height: 23px;"><span class="vc_table_content">100 m</span></td>
</tr>
</tbody>
</table>
</div>
</div>
</div>
</div>
</div>
</div>
</div>
</div>
</div>
</div>
</div>
<p>&nbsp;</p>

<h1 style="text-align: center;"><b>VAN DAMME PRO GRADE CLASSIC XKE SUPER FLEXIBLE 1 PÁR</b></h1>
