{"id":12056,"date":"2026-04-11T10:50:35","date_gmt":"2026-04-11T08:50:35","guid":{"rendered":"https:\/\/commercialaudio.pl\/?post_type=product&#038;p=12056"},"modified":"2026-04-11T10:56:13","modified_gmt":"2026-04-11T08:56:13","slug":"kabel-wieloparowy-we-wspolnym-oplocie-ekranujacym-van-damme-black-series-tour-grade-up-ofc-overall-braid-multicore","status":"publish","type":"product","link":"https:\/\/commercialaudio.pl\/cs\/produkt\/kabel-wieloparowy-we-wspolnym-oplocie-ekranujacym-van-damme-black-series-tour-grade-up-ofc-overall-braid-multicore\/","title":{"rendered":"V\u00edce\u017eilov\u00fd kabel s b\u011b\u017en\u00fdm st\u00edn\u00edc\u00edm opletem - Van Damme Black Series Tour Grade UP-OFC Overall Braid Multicore"},"content":{"rendered":"<h1 style=\"text-align: center;\"><b>VAN DAMME BLACK SERIES TOUR GRADE UP-OFC OVERALL BRAID MULTICORE &#8211; KABEL WIELOPAROWY WE WSP\u00d3LNYM OPLOCIE EKRANUJ\u0104CYM<\/b><\/h1>\n<p><span style=\"font-weight: 400;\">\u0158ada Van Damme Black Series Tour Grade p\u0159edstavuje s\u00e9rii analogov\u00fdch v\u00edcep\u00e1rov\u00fdch audio kabel\u016f, kter\u00e9 byly speci\u00e1ln\u011b navr\u017eeny tak, aby obst\u00e1ly i v nejn\u00e1ro\u010dn\u011bj\u0161\u00edch podm\u00ednk\u00e1ch koncertn\u00edch turn\u00e9 a dal\u0161\u00edch extr\u00e9mn\u00edch provozn\u00edch prost\u0159ed\u00edch. Tyto kabely byly mnohokr\u00e1t prov\u011b\u0159eny, d\u016fkladn\u011b otestov\u00e1ny a t\u011b\u0161\u00ed se pln\u00e9 d\u016fv\u011b\u0159e profesion\u00e1l\u016f z oboru koncertn\u00edho ozvu\u010den\u00ed, kte\u0159\u00ed je oce\u0148uj\u00ed jak pro jejich bezkonkuren\u010dn\u00ed odolnost, tak pro nejvy\u0161\u0161\u00ed v\u011brnost zvuku.<\/span><\/p>\n<h4><strong>Technick\u00e9 specifikace:<\/strong><\/h4>\n<ul>\n<li><strong>Maxim\u00e1ln\u00ed d\u00e9lka c\u00edvky <\/strong>500 m<\/li>\n<li><strong>Kabely <\/strong>28 x 0,10 neizolovan\u00fdch vodi\u010d\u016f z ultra\u010dist\u00e9 bezkysl\u00edkat\u00e9 m\u011bdi<\/li>\n<li><strong>Rozm\u011bry kabel\u016f<\/strong> 28 \u00d7 0,10 mm, 0,22 mm\u00b2, AWG 24\/28<\/li>\n<li><strong>Izolace<\/strong> Polypropylen<\/li>\n<li><strong>Typ displeje<\/strong> Hlin\u00edko-polyesterov\u00e1 f\u00f3lie o tlou\u0161\u0165ce 24 \u00b5m &gt;150% kryt\u00ed<br \/>\nPr\u016fhledn\u00e1 polyesterov\u00e1 f\u00f3lie<\/li>\n<li><strong>Odvodn\u00ed potrub\u00ed<\/strong> 19 \u00d7 0,12 mm, poc\u00ednovan\u00e1 bezkysl\u00edkov\u00e1 m\u011b\u010f nejvy\u0161\u0161\u00ed \u010distoty<\/li>\n<\/ul>\n<h5><strong>Celkov\u00e1 konstrukce<\/strong><\/h5>\n<ul>\n<li><strong>Odd\u011blova\u010d<\/strong> M\u011bkk\u00e1 p\u00e1ska<\/li>\n<li><strong>Celkov\u00e9 opleten\u00ed<\/strong> C\u00ednovan\u00fd m\u011bd\u011bn\u00fd dr\u00e1t, povrchov\u00e1 \u00faprava &lt; 80%<\/li>\n<li><strong>Materi\u00e1l vn\u011bj\u0161\u00edho pl\u00e1\u0161t\u011b<\/strong> Pru\u017en\u00fd PVC kompozit, barva Jet Black RAL 9005<\/li>\n<li><strong>Polom\u011br ohybu<\/strong> 10n\u00e1sobek celkov\u00e9ho pr\u016fm\u011bru<\/li>\n<li><strong>Odpor<\/strong>\n<ul>\n<li>Vodi\u010d 90 \u03a9\/km<\/li>\n<li>Izolace &gt;5000 M\u03a9\/km<\/li>\n<\/ul>\n<\/li>\n<li><strong>Kapacita<\/strong>\n<ul>\n<li>Mezi j\u00e1dry 81 pF\/m<\/li>\n<li>Mezi j\u00e1drem a st\u00edn\u011bn\u00edm 160 pF\/m<\/li>\n<\/ul>\n<\/li>\n<\/ul>\n<ul>\n<li style=\"list-style-type: none;\"><\/li>\n<\/ul>\n<div id=\"product-specifications\" class=\"vc_row wpb_row vc_row-fluid vc_custom_1538047796574\">\n<div class=\"wpb_column vc_column_container vc_col-sm-12\">\n<div class=\"vc_column-inner\">\n<div class=\"wpb_wrapper\">\n<div class=\"vc_tta-container\" data-vc-action=\"collapse\">\n<div class=\"vc_general vc_tta vc_tta-tabs vc_tta-color-grey vc_tta-style-classic vc_tta-shape-square vc_tta-o-shape-group vc_tta-tabs-position-top vc_tta-controls-align-left\">\n<div class=\"vc_tta-panels-container\">\n<div class=\"vc_tta-panels\">\n<div id=\"1537534903486-fd935797-f35124df-956f\" class=\"vc_tta-panel vc_active\" data-vc-content=\".vc_tta-panel-body\">\n<div class=\"vc_tta-panel-body\">\n<div class=\"wpb_vc_table wpb_content_element spec-tables spec-tables\">\n<table style=\"height: 92px; width: 1027px; border-style: solid; border-color: #000000;\" border=\"3px\">\n<tbody>\n<tr class=\"vc-th\" style=\"height: 23px;\">\n<td class=\"vc_table_cell\" style=\"height: 23px; width: 145px;\"><span class=\"vc_table_content\">\u010c\u00edslo modelu\u00a0<\/span><\/td>\n<td class=\"vc_table_cell\" style=\"height: 23px; width: 596px;\"><span class=\"vc_table_content\">Popis<\/span><\/td>\n<td style=\"width: 142px;\"><span class=\"vc_table_content\">K\u00f3d RAL<\/span><\/td>\n<td class=\"vc_table_cell\" style=\"height: 23px; width: 144px;\"><span class=\"vc_table_content\">D\u00e9lka c\u00edvky\u00a0<\/span><\/td>\n<\/tr>\n<tr>\n<td class=\"vc_table_cell\" style=\"width: 145px;\"><span class=\"vc_table_content\">268-104-000<\/span><\/td>\n<td class=\"vc_table_cell\" style=\"width: 596px;\"><span class=\"vc_table_content\">Van Damme Black Series Tour Grade, 4 p\u00e1ry, v\u00edce\u017eilov\u00e9 kabely<\/span><\/td>\n<td class=\"vc_table_cell\" style=\"width: 142px;\"><span class=\"vc_table_content\">9.60<\/span><\/td>\n<td class=\"vc_table_cell\" style=\"width: 144px;\"><span class=\"vc_table_content\">500 m<\/span><\/td>\n<\/tr>\n<tr>\n<td class=\"vc_table_cell\" style=\"width: 145px;\"><span class=\"vc_table_content\">268-108-000<\/span><\/td>\n<td class=\"vc_table_cell\" style=\"width: 596px;\"><span class=\"vc_table_content\">Van Damme Black Series Tour Grade, 8 p\u00e1r\u016f, v\u00edce\u017eilov\u00e9<\/span><\/td>\n<td class=\"vc_table_cell\" style=\"width: 142px;\"><span class=\"vc_table_content\">12.30<\/span><\/td>\n<td class=\"vc_table_cell\" style=\"width: 144px;\"><span class=\"vc_table_content\">500 m<\/span><\/td>\n<\/tr>\n<tr>\n<td class=\"vc_table_cell\" style=\"width: 145px;\"><span class=\"vc_table_content\">268-112-000<\/span><\/td>\n<td class=\"vc_table_cell\" style=\"width: 596px;\"><span class=\"vc_table_content\">Van Damme Black Series Tour Grade, 12 p\u00e1r\u016f, v\u00edce\u017eilov\u00e9 kabely<\/span><\/td>\n<td class=\"vc_table_cell\" style=\"width: 142px;\"><span class=\"vc_table_content\">13.00<\/span><\/td>\n<td class=\"vc_table_cell\" style=\"width: 144px;\"><span class=\"vc_table_content\">500 m<\/span><\/td>\n<\/tr>\n<tr>\n<td class=\"vc_table_cell\" style=\"width: 145px;\"><span class=\"vc_table_content\">268-116-000<\/span><\/td>\n<td class=\"vc_table_cell\" style=\"width: 596px;\"><span class=\"vc_table_content\">Van Damme Black Series Tour Grade 16 p\u00e1r v\u00edce\u017eilov\u00fdch kabel\u016f<\/span><\/td>\n<td class=\"vc_table_cell\" style=\"width: 142px;\"><span class=\"vc_table_content\">14.50<\/span><\/td>\n<td class=\"vc_table_cell\" style=\"width: 144px;\"><span class=\"vc_table_content\">500 m<\/span><\/td>\n<\/tr>\n<tr>\n<td class=\"vc_table_cell\" style=\"width: 145px;\"><span class=\"vc_table_content\">268-124-000<\/span><\/td>\n<td class=\"vc_table_cell\" style=\"width: 596px;\"><span class=\"vc_table_content\">Van Damme Black Series Tour Grade 24 p\u00e1r, v\u00edce\u017eilov\u00e9<\/span><\/td>\n<td class=\"vc_table_cell\" style=\"width: 142px;\"><span class=\"vc_table_content\">17.20<\/span><\/td>\n<td class=\"vc_table_cell\" style=\"width: 144px;\"><span class=\"vc_table_content\">500 m<\/span><\/td>\n<\/tr>\n<tr>\n<td class=\"vc_table_cell\" style=\"width: 145px;\"><span class=\"vc_table_content\">268-132-000<\/span><\/td>\n<td class=\"vc_table_cell\" style=\"width: 596px;\"><span class=\"vc_table_content\">Van Damme Black Series Tour Grade 32 p\u00e1r, v\u00edce\u017eilov\u00e9<\/span><\/td>\n<td class=\"vc_table_cell\" style=\"width: 142px;\"><span class=\"vc_table_content\">19.00<\/span><\/td>\n<td class=\"vc_table_cell\" style=\"width: 144px;\"><span class=\"vc_table_content\">500 m<\/span><\/td>\n<\/tr>\n<tr>\n<td class=\"vc_table_cell\" style=\"width: 145px;\"><span class=\"vc_table_content\">268-148-000<\/span><\/td>\n<td class=\"vc_table_cell\" style=\"width: 596px;\"><span class=\"vc_table_content\">Van Damme Black Series Tour Grade 48 p\u00e1r v\u00edce\u017eilov\u00fdch kabel\u016f<\/span><\/td>\n<td class=\"vc_table_cell\" style=\"width: 142px;\"><span class=\"vc_table_content\">22.80<\/span><\/td>\n<td class=\"vc_table_cell\" style=\"width: 144px;\"><span class=\"vc_table_content\">500 m<\/span><\/td>\n<\/tr>\n<\/tbody>\n<\/table>\n<\/div>\n<\/div>\n<\/div>\n<\/div>\n<\/div>\n<\/div>\n<\/div>\n<\/div>\n<\/div>\n<\/div>\n<\/div>\n<p>&nbsp;<\/p>","protected":false},"excerpt":{"rendered":"<h1 style=\"text-align: center;\"><b>VAN DAMME BLACK SERIES TOUR GRADE UP-OFC celoplo\u0161n\u00e1 pleten\u00e1 \u0161\u0148\u016fra s v\u00edce\u017eilov\u00fdm j\u00e1drem<\/b><\/h1>","protected":false},"featured_media":12057,"template":"","meta":{"_acf_changed":false,"_et_pb_use_builder":"","_et_pb_old_content":"","_et_gb_content_width":"","inline_featured_image":false},"product_cat":[302,300],"product_tag":[],"class_list":["post-12056","product","type-product","status-publish","has-post-thumbnail","product_cat-kable-analogowe","product_cat-van-damme","first","instock","shipping-taxable","product-type-simple"],"acf":[],"_links":{"self":[{"href":"https:\/\/commercialaudio.pl\/cs\/wp-json\/wp\/v2\/product\/12056","targetHints":{"allow":["GET"]}}],"collection":[{"href":"https:\/\/commercialaudio.pl\/cs\/wp-json\/wp\/v2\/product"}],"about":[{"href":"https:\/\/commercialaudio.pl\/cs\/wp-json\/wp\/v2\/types\/product"}],"wp:featuredmedia":[{"embeddable":true,"href":"https:\/\/commercialaudio.pl\/cs\/wp-json\/wp\/v2\/media\/12057"}],"wp:attachment":[{"href":"https:\/\/commercialaudio.pl\/cs\/wp-json\/wp\/v2\/media?parent=12056"}],"wp:term":[{"taxonomy":"product_cat","embeddable":true,"href":"https:\/\/commercialaudio.pl\/cs\/wp-json\/wp\/v2\/product_cat?post=12056"},{"taxonomy":"product_tag","embeddable":true,"href":"https:\/\/commercialaudio.pl\/cs\/wp-json\/wp\/v2\/product_tag?post=12056"}],"curies":[{"name":"wp","href":"https:\/\/api.w.org\/{rel}","templated":true}]}}

Vícežilový kabel s běžným stínícím opletem - Van Damme Black Series Tour Grade UP-OFC Overall Braid Multicore

<h1 style="text-align: center;"><b>VAN DAMME BLACK SERIES TOUR GRADE UP-OFC OVERALL BRAID MULTICORE &#8211; KABEL WIELOPAROWY WE WSPÓLNYM OPLOCIE EKRANUJĄCYM</b></h1>
<p><span style="font-weight: 400;">Řada Van Damme Black Series Tour Grade představuje sérii analogových vícepárových audio kabelů, které byly speciálně navrženy tak, aby obstály i v nejnáročnějších podmínkách koncertních turné a dalších extrémních provozních prostředích. Tyto kabely byly mnohokrát prověřeny, důkladně otestovány a těší se plné důvěře profesionálů z oboru koncertního ozvučení, kteří je oceňují jak pro jejich bezkonkurenční odolnost, tak pro nejvyšší věrnost zvuku.</span></p>
<h4><strong>Technické specifikace:</strong></h4>
<ul>
<li><strong>Maximální délka cívky </strong>500 m</li>
<li><strong>Kabely </strong>28 x 0,10 neizolovaných vodičů z ultračisté bezkyslíkaté mědi</li>
<li><strong>Rozměry kabelů</strong> 28 × 0,10 mm, 0,22 mm², AWG 24/28</li>
<li><strong>Izolace</strong> Polypropylen</li>
<li><strong>Typ displeje</strong> Hliníko-polyesterová fólie o tloušťce 24 µm &gt;150% krytí<br />
Průhledná polyesterová fólie</li>
<li><strong>Odvodní potrubí</strong> 19 × 0,12 mm, pocínovaná bezkyslíková měď nejvyšší čistoty</li>
</ul>
<h5><strong>Celková konstrukce</strong></h5>
<ul>
<li><strong>Oddělovač</strong> Měkká páska</li>
<li><strong>Celkové opletení</strong> Cínovaný měděný drát, povrchová úprava &lt; 80%</li>
<li><strong>Materiál vnějšího pláště</strong> Pružný PVC kompozit, barva Jet Black RAL 9005</li>
<li><strong>Poloměr ohybu</strong> 10násobek celkového průměru</li>
<li><strong>Odpor</strong>
<ul>
<li>Vodič 90 Ω/km</li>
<li>Izolace &gt;5000 MΩ/km</li>
</ul>
</li>
<li><strong>Kapacita</strong>
<ul>
<li>Mezi jádry 81 pF/m</li>
<li>Mezi jádrem a stíněním 160 pF/m</li>
</ul>
</li>
</ul>
<ul>
<li style="list-style-type: none;"></li>
</ul>
<div id="product-specifications" class="vc_row wpb_row vc_row-fluid vc_custom_1538047796574">
<div class="wpb_column vc_column_container vc_col-sm-12">
<div class="vc_column-inner">
<div class="wpb_wrapper">
<div class="vc_tta-container" data-vc-action="collapse">
<div class="vc_general vc_tta vc_tta-tabs vc_tta-color-grey vc_tta-style-classic vc_tta-shape-square vc_tta-o-shape-group vc_tta-tabs-position-top vc_tta-controls-align-left">
<div class="vc_tta-panels-container">
<div class="vc_tta-panels">
<div id="1537534903486-fd935797-f35124df-956f" class="vc_tta-panel vc_active" data-vc-content=".vc_tta-panel-body">
<div class="vc_tta-panel-body">
<div class="wpb_vc_table wpb_content_element spec-tables spec-tables">
<table style="height: 92px; width: 1027px; border-style: solid; border-color: #000000;" border="3px">
<tbody>
<tr class="vc-th" style="height: 23px;">
<td class="vc_table_cell" style="height: 23px; width: 145px;"><span class="vc_table_content">Číslo modelu </span></td>
<td class="vc_table_cell" style="height: 23px; width: 596px;"><span class="vc_table_content">Popis</span></td>
<td style="width: 142px;"><span class="vc_table_content">Kód RAL</span></td>
<td class="vc_table_cell" style="height: 23px; width: 144px;"><span class="vc_table_content">Délka cívky </span></td>
</tr>
<tr>
<td class="vc_table_cell" style="width: 145px;"><span class="vc_table_content">268-104-000</span></td>
<td class="vc_table_cell" style="width: 596px;"><span class="vc_table_content">Van Damme Black Series Tour Grade, 4 páry, vícežilové kabely</span></td>
<td class="vc_table_cell" style="width: 142px;"><span class="vc_table_content">9.60</span></td>
<td class="vc_table_cell" style="width: 144px;"><span class="vc_table_content">500 m</span></td>
</tr>
<tr>
<td class="vc_table_cell" style="width: 145px;"><span class="vc_table_content">268-108-000</span></td>
<td class="vc_table_cell" style="width: 596px;"><span class="vc_table_content">Van Damme Black Series Tour Grade, 8 párů, vícežilové</span></td>
<td class="vc_table_cell" style="width: 142px;"><span class="vc_table_content">12.30</span></td>
<td class="vc_table_cell" style="width: 144px;"><span class="vc_table_content">500 m</span></td>
</tr>
<tr>
<td class="vc_table_cell" style="width: 145px;"><span class="vc_table_content">268-112-000</span></td>
<td class="vc_table_cell" style="width: 596px;"><span class="vc_table_content">Van Damme Black Series Tour Grade, 12 párů, vícežilové kabely</span></td>
<td class="vc_table_cell" style="width: 142px;"><span class="vc_table_content">13.00</span></td>
<td class="vc_table_cell" style="width: 144px;"><span class="vc_table_content">500 m</span></td>
</tr>
<tr>
<td class="vc_table_cell" style="width: 145px;"><span class="vc_table_content">268-116-000</span></td>
<td class="vc_table_cell" style="width: 596px;"><span class="vc_table_content">Van Damme Black Series Tour Grade 16 pár vícežilových kabelů</span></td>
<td class="vc_table_cell" style="width: 142px;"><span class="vc_table_content">14.50</span></td>
<td class="vc_table_cell" style="width: 144px;"><span class="vc_table_content">500 m</span></td>
</tr>
<tr>
<td class="vc_table_cell" style="width: 145px;"><span class="vc_table_content">268-124-000</span></td>
<td class="vc_table_cell" style="width: 596px;"><span class="vc_table_content">Van Damme Black Series Tour Grade 24 pár, vícežilové</span></td>
<td class="vc_table_cell" style="width: 142px;"><span class="vc_table_content">17.20</span></td>
<td class="vc_table_cell" style="width: 144px;"><span class="vc_table_content">500 m</span></td>
</tr>
<tr>
<td class="vc_table_cell" style="width: 145px;"><span class="vc_table_content">268-132-000</span></td>
<td class="vc_table_cell" style="width: 596px;"><span class="vc_table_content">Van Damme Black Series Tour Grade 32 pár, vícežilové</span></td>
<td class="vc_table_cell" style="width: 142px;"><span class="vc_table_content">19.00</span></td>
<td class="vc_table_cell" style="width: 144px;"><span class="vc_table_content">500 m</span></td>
</tr>
<tr>
<td class="vc_table_cell" style="width: 145px;"><span class="vc_table_content">268-148-000</span></td>
<td class="vc_table_cell" style="width: 596px;"><span class="vc_table_content">Van Damme Black Series Tour Grade 48 pár vícežilových kabelů</span></td>
<td class="vc_table_cell" style="width: 142px;"><span class="vc_table_content">22.80</span></td>
<td class="vc_table_cell" style="width: 144px;"><span class="vc_table_content">500 m</span></td>
</tr>
</tbody>
</table>
</div>
</div>
</div>
</div>
</div>
</div>
</div>
</div>
</div>
</div>
</div>
<p>&nbsp;</p>

<h1 style="text-align: center;"><b>VAN DAMME BLACK SERIES TOUR GRADE UP-OFC celoplošná pletená šňůra s vícežilovým jádrem</b></h1>
