{"id":12078,"date":"2026-04-12T08:46:44","date_gmt":"2026-04-12T06:46:44","guid":{"rendered":"https:\/\/commercialaudio.pl\/?post_type=product&#038;p=12078"},"modified":"2026-04-29T14:28:58","modified_gmt":"2026-04-29T12:28:58","slug":"kabel-wieloparowy-110-ohm-z-indywidualnymi-powlokami-par-van-damme-super-green-series-digi-grade-enhanced-aes-ebu","status":"publish","type":"product","link":"https:\/\/commercialaudio.pl\/cs\/produkt\/kabel-wieloparowy-110-ohm-z-indywidualnymi-powlokami-par-van-damme-super-green-series-digi-grade-enhanced-aes-ebu\/","title":{"rendered":"V\u00edcep\u00e1rov\u00fd kabel 110 OHM s povrchovou \u00fapravou jednotliv\u00fdch p\u00e1r\u016f - Van Damme Super Green Series Digi Grade Enhanced AES\/EBU"},"content":{"rendered":"<h2 style=\"text-align: center;\"><b>VAN DAMME SUPER GREEN SERIES DIGI GRADE ENHANCED AES\/EBU 110 OHM s p\u0159edem nanesenou izolac\u00ed <\/b><b style=\"text-align: center;\">- <\/b><b style=\"text-align: center;\">V\u00cdCEVODN\u00dd KABEL<\/b><b style=\"text-align: center;\">110 ohm\u016f <\/b><b style=\"text-align: center;\">S INDIVIDU\u00c1LN\u00cdMI PAROV\u00ddMI POVRCHOV\u00ddMI \u00daPRAVAMI<\/b><\/h2>\n<p><span style=\"font-weight: 400;\">V\u00edce\u017eilov\u00fd kabel 110 OHM s individu\u00e1ln\u00edmi pl\u00e1\u0161ti jednotliv\u00fdch \u017eil je vylep\u0161en\u00fd kabel AES\/EBU ze s\u00e9rie <a href=\"https:\/\/commercialaudio.pl\/cs\/van-damme-elektroinstalacni-prislusenstvi\/\" target=\"_blank\" rel=\"noopener\">Van Damme<\/a> Super Green se dod\u00e1v\u00e1 jako v\u00edcep\u00e1rov\u00fd kabel s f\u00f3liov\u00fdm st\u00edn\u011bn\u00edm a spole\u010dn\u00fdm opletov\u00fdm st\u00edn\u011bn\u00edm, a tak\u00e9 jako jednop\u00e1rov\u00fd kabel v PVC pl\u00e1\u0161ti. Ob\u011b varianty byly optimalizov\u00e1ny pro p\u0159enos digit\u00e1ln\u00edch audio sign\u00e1l\u016f se vzorkovac\u00ed frekvenc\u00ed 96 kHz na velk\u00e9 vzd\u00e1lenosti. D\u00edky v\u00edcep\u00e1rov\u00e9 konstrukci, zalo\u017een\u00e9 na osv\u011bd\u010den\u00e9 s\u00e9rii <a href=\"https:\/\/www.van-damme.com\/\" target=\"_blank\" rel=\"noopener\">Van Damme<\/a> Black Series \u2013 tento kabel se ide\u00e1ln\u011b osv\u011bd\u010duje v n\u00e1ro\u010dn\u00fdch podm\u00ednk\u00e1ch koncertn\u00edch turn\u00e9. Vzhledem k tomu, \u017ee zesilova\u010de mnoha v\u00fdrobc\u016f jsou optimalizov\u00e1ny pro vstupy AES\/EBU 96 kHz, p\u0159edstavuje tato \u0159ada mimo\u0159\u00e1dn\u011b \u00fa\u010dinn\u00e9 \u0159e\u0161en\u00ed pro p\u0159enos sign\u00e1lu z mix\u00e1\u017en\u00edho pultu na pozici FOH do rackov\u00fdch sk\u0159\u00edn\u00ed s zesilova\u010di um\u00edst\u011bn\u00fdmi na jevi\u0161ti. Jednop\u00e1rov\u00e1 verze se nav\u00edc skv\u011ble hod\u00ed pro zapojen\u00ed rackov\u00fdch sk\u0159\u00edn\u00ed a st\u00e1l\u00fdch instalac\u00ed, kter\u00e9 nevy\u017eaduj\u00ed bezhalogenov\u00e9 (non-LSZH) pl\u00e1\u0161t\u011b.<\/span><\/p>\n<h4><strong>Technick\u00e9 specifikace:<\/strong><\/h4>\n<ul>\n<li><strong>Maxim\u00e1ln\u00ed d\u00e9lka c\u00edvky <\/strong>500 m<\/li>\n<li><strong>Kabely <\/strong>7 x 0,25 neizolovan\u00fdch vodi\u010d\u016f z ultra\u010dist\u00e9 bezkysl\u00edkat\u00e9 m\u011bdi<\/li>\n<li><strong>Rozm\u011bry kabel\u016f<\/strong> 7 \u00d7 0,25 mm, 0,34 mm\u00b2, AWG 22\/7<\/li>\n<li><strong>Izolace<\/strong>\u00a0Polyethylenov\u00e1 p\u011bna<\/li>\n<li><strong>Typ displeje<\/strong> Hlin\u00edko-polyesterov\u00e1 f\u00f3lie 24 \u00b5m &gt;150% kryc\u00ed<\/li>\n<li><strong>Odvodn\u00ed potrub\u00ed<\/strong> 7 x 0,16 mm poc\u00ednovan\u00e1 m\u011b\u010f, ultra\u010dist\u00e1, bezkysl\u00edkov\u00e1<\/li>\n<li><strong>Parot\u011bsn\u00e1 izolace <\/strong>PVC kompozit v barv\u011b Pebble Grey RAL 7032<\/li>\n<\/ul>\n<h5><strong>Celkov\u00e1 konstrukce<\/strong><\/h5>\n<ul>\n<li><strong>Odd\u011blova\u010d<\/strong> M\u011bkk\u00e1 p\u00e1ska<\/li>\n<li><strong>Vn\u011bj\u0161\u00ed oplet<\/strong> Pozinkovan\u00fd m\u011bd\u011bn\u00fd pletivo &gt; 85% krytina<\/li>\n<li><strong>Materi\u00e1l vn\u011bj\u0161\u00edho pl\u00e1\u0161t\u011b <\/strong>Pru\u017en\u00fd PVC kompozit v barv\u011b Jet Black RAL 9005<\/li>\n<li><strong>Polom\u011br ohybu<\/strong> 15n\u00e1sobek celkov\u00e9ho pr\u016fm\u011bru<\/li>\n<\/ul>\n<h5><strong>1-p\u00e1rov\u00fd kabel 268-431-050:<\/strong><\/h5>\n<ul>\n<li><strong>Kabely<\/strong> 7 \u00d7 0,25 mm neizolovan\u00e1, ultra\u010dist\u00e1 bezkysl\u00edkat\u00e1 m\u011b\u010f<\/li>\n<li><strong>Rozm\u011bry kabel\u016f<\/strong> 7 \u00d7 0,25 mm, 0,34 mm\u00b2, AWG 22\/7<\/li>\n<li><strong>Izolace<\/strong> Polyetylen s p\u011bnovou vrstvou<\/li>\n<li><strong>Typ displeje<\/strong> Hlin\u00edko-polyesterov\u00e1 f\u00f3lie 24 \u00b5m &gt;150% kryc\u00ed<\/li>\n<li><strong>Odvodn\u00ed potrub\u00ed<\/strong> 19 \u00d7 0,12 mm neizolovan\u00e1 m\u011b\u010f ultra\u010dist\u00e1 bezkysl\u00edkov\u00e1<\/li>\n<li><strong>Celkov\u00fd povrch<\/strong> Pru\u017en\u00fd PVC kompozit, barva Leaf Green RAL 6002<\/li>\n<li><strong>Celkov\u00fd pr\u016fm\u011br<\/strong> 4,80 \u00b1 0,15 mm<\/li>\n<li><strong>Polom\u011br ohybu<\/strong> 10n\u00e1sobek celkov\u00e9ho pr\u016fm\u011bru<\/li>\n<\/ul>\n<ul>\n<li><strong>Odpor<\/strong>\n<ul>\n<li>\u017d\u00edla &lt; 58,8 \u03a9\/km<\/li>\n<li>Izolace &lt; 5000 M\u03a9\/km<\/li>\n<\/ul>\n<\/li>\n<li><strong>Kapacita<\/strong>\n<ul>\n<li>Mezi \u017eilami 40 pF\/m<\/li>\n<li>Mezi vodi\u010dem a st\u00edn\u011bn\u00edm 80 pF\/m<\/li>\n<\/ul>\n<\/li>\n<li><strong>Impedance<\/strong> 110 \u00b1 201 TP3T \u03a9<\/li>\n<li><strong>Tlumen\u00ed<\/strong> p\u0159i 3 MHz 4,90 dB\/100 m<\/li>\n<\/ul>\n<div id=\"product-specifications\" class=\"vc_row wpb_row vc_row-fluid vc_custom_1538047796574\">\n<div class=\"wpb_column vc_column_container vc_col-sm-12\">\n<div class=\"vc_column-inner\">\n<div class=\"wpb_wrapper\">\n<div class=\"vc_tta-container\" data-vc-action=\"collapse\">\n<div class=\"vc_general vc_tta vc_tta-tabs vc_tta-color-grey vc_tta-style-classic vc_tta-shape-square vc_tta-o-shape-group vc_tta-tabs-position-top vc_tta-controls-align-left\">\n<div class=\"vc_tta-panels-container\">\n<div class=\"vc_tta-panels\">\n<div id=\"1537534903486-fd935797-f35124df-956f\" class=\"vc_tta-panel vc_active\" data-vc-content=\".vc_tta-panel-body\">\n<div class=\"vc_tta-panel-body\">\n<div class=\"wpb_vc_table wpb_content_element spec-tables spec-tables\">\n<table style=\"height: 92px; width: 1080px; border-style: solid; border-color: #000000;\" border=\"3px\">\n<tbody>\n<tr class=\"vc-th\" style=\"height: 23px;\">\n<td class=\"vc_table_cell\" style=\"height: 23px; width: 145px;\"><span class=\"vc_table_content\">\u010c\u00edslo modelu\u00a0<\/span><\/td>\n<td class=\"vc_table_cell\" style=\"height: 23px; width: 596px;\"><span class=\"vc_table_content\">Popis<\/span><\/td>\n<td style=\"width: 142px;\"><span class=\"vc_table_content\">K\u00f3d RAL<\/span><\/td>\n<td class=\"vc_table_cell\" style=\"height: 23px; width: 144px;\"><span class=\"vc_table_content\">D\u00e9lka c\u00edvky\u00a0<\/span><\/td>\n<\/tr>\n<tr>\n<td class=\"vc_table_cell\" style=\"width: 145px;\"><span class=\"vc_table_content\">268-434-050<\/span><\/td>\n<td class=\"vc_table_cell\" style=\"width: 596px;\"><span class=\"vc_table_content\">Van Damme Super Green Series Digi Grade, 4 p\u00e1ry, v\u00edce\u017eilov\u00e9 kabely<\/span><\/td>\n<td class=\"vc_table_cell\" style=\"width: 142px;\"><span class=\"vc_table_content\">13.30<\/span><\/td>\n<td class=\"vc_table_cell\" style=\"width: 144px;\"><span class=\"vc_table_content\">500 m<\/span><\/td>\n<\/tr>\n<tr>\n<td class=\"vc_table_cell\" style=\"width: 145px;\"><span class=\"vc_table_content\">268-438-050<\/span><\/td>\n<td class=\"vc_table_cell\" style=\"width: 596px;\"><span class=\"vc_table_content\">Van Damme Super Green Series Digi Grade, 8 p\u00e1r\u016f, v\u00edce\u017eilov\u00e9 kabely<\/span><\/td>\n<td class=\"vc_table_cell\" style=\"width: 142px;\"><span class=\"vc_table_content\">17.20<\/span><\/td>\n<td class=\"vc_table_cell\" style=\"width: 144px;\"><span class=\"vc_table_content\">500 m<\/span><\/td>\n<\/tr>\n<tr>\n<td class=\"vc_table_cell\" style=\"width: 145px;\"><span class=\"vc_table_content\">268-432-050<\/span><\/td>\n<td class=\"vc_table_cell\" style=\"width: 596px;\"><span class=\"vc_table_content\">Van Damme Super Green Series Digi Grade, 12 p\u00e1r\u016f, v\u00edce\u017eilov\u00e9 kabely<\/span><\/td>\n<td class=\"vc_table_cell\" style=\"width: 142px;\"><span class=\"vc_table_content\">21.00<\/span><\/td>\n<td class=\"vc_table_cell\" style=\"width: 144px;\"><span class=\"vc_table_content\">500 m<\/span><\/td>\n<\/tr>\n<tr>\n<td class=\"vc_table_cell\" style=\"width: 145px;\"><span class=\"vc_table_content\">268-431-050<\/span><\/td>\n<td class=\"vc_table_cell\" style=\"width: 596px;\"><span class=\"vc_table_content\">Van Damme Super Green Series Digi Grade, 1 p\u00e1r<\/span><\/td>\n<td class=\"vc_table_cell\" style=\"width: 142px;\"><span class=\"vc_table_content\">4.80<\/span><\/td>\n<td class=\"vc_table_cell\" style=\"width: 144px;\"><span class=\"vc_table_content\">500 m<\/span><\/td>\n<\/tr>\n<\/tbody>\n<\/table>\n<\/div>\n<\/div>\n<\/div>\n<\/div>\n<\/div>\n<\/div>\n<\/div>\n<\/div>\n<\/div>\n<\/div>\n<\/div>\n<p>&nbsp;<\/p>","protected":false},"excerpt":{"rendered":"<h1 style=\"text-align: center;\"><b>VAN DAMME SUPER GREEN SERIES DIGI GRADE ENHANCED AES\/EBU 110 OHM s p\u0159edem nanesenou izolac\u00ed<\/b><\/h1>","protected":false},"featured_media":12079,"template":"","meta":{"_acf_changed":false,"_et_pb_use_builder":"","_et_pb_old_content":"","_et_gb_content_width":"","inline_featured_image":false},"product_cat":[300,303],"product_tag":[],"class_list":["post-12078","product","type-product","status-publish","has-post-thumbnail","product_cat-van-damme","product_cat-kable-cyfrowe","first","instock","shipping-taxable","product-type-simple"],"acf":[],"_links":{"self":[{"href":"https:\/\/commercialaudio.pl\/cs\/wp-json\/wp\/v2\/product\/12078","targetHints":{"allow":["GET"]}}],"collection":[{"href":"https:\/\/commercialaudio.pl\/cs\/wp-json\/wp\/v2\/product"}],"about":[{"href":"https:\/\/commercialaudio.pl\/cs\/wp-json\/wp\/v2\/types\/product"}],"wp:featuredmedia":[{"embeddable":true,"href":"https:\/\/commercialaudio.pl\/cs\/wp-json\/wp\/v2\/media\/12079"}],"wp:attachment":[{"href":"https:\/\/commercialaudio.pl\/cs\/wp-json\/wp\/v2\/media?parent=12078"}],"wp:term":[{"taxonomy":"product_cat","embeddable":true,"href":"https:\/\/commercialaudio.pl\/cs\/wp-json\/wp\/v2\/product_cat?post=12078"},{"taxonomy":"product_tag","embeddable":true,"href":"https:\/\/commercialaudio.pl\/cs\/wp-json\/wp\/v2\/product_tag?post=12078"}],"curies":[{"name":"wp","href":"https:\/\/api.w.org\/{rel}","templated":true}]}}

Vícepárový kabel 110 OHM s povrchovou úpravou jednotlivých párů - Van Damme Super Green Series Digi Grade Enhanced AES/EBU

<h2 style="text-align: center;"><b>VAN DAMME SUPER GREEN SERIES DIGI GRADE ENHANCED AES/EBU 110 OHM s předem nanesenou izolací </b><b style="text-align: center;">- </b><b style="text-align: center;">VÍCEVODNÝ KABEL</b><b style="text-align: center;">110 ohmů </b><b style="text-align: center;">S INDIVIDUÁLNÍMI PAROVÝMI POVRCHOVÝMI ÚPRAVAMI</b></h2>
<p><span style="font-weight: 400;">Vícežilový kabel 110 OHM s individuálními plášti jednotlivých žil je vylepšený kabel AES/EBU ze série <a href="https://commercialaudio.pl/cs/van-damme-elektroinstalacni-prislusenstvi/" target="_blank" rel="noopener">Van Damme</a> Super Green se dodává jako vícepárový kabel s fóliovým stíněním a společným opletovým stíněním, a také jako jednopárový kabel v PVC plášti. Obě varianty byly optimalizovány pro přenos digitálních audio signálů se vzorkovací frekvencí 96 kHz na velké vzdálenosti. Díky vícepárové konstrukci, založené na osvědčené sérii <a href="https://www.van-damme.com/" target="_blank" rel="noopener">Van Damme</a> Black Series – tento kabel se ideálně osvědčuje v náročných podmínkách koncertních turné. Vzhledem k tomu, že zesilovače mnoha výrobců jsou optimalizovány pro vstupy AES/EBU 96 kHz, představuje tato řada mimořádně účinné řešení pro přenos signálu z mixážního pultu na pozici FOH do rackových skříní s zesilovači umístěnými na jevišti. Jednopárová verze se navíc skvěle hodí pro zapojení rackových skříní a stálých instalací, které nevyžadují bezhalogenové (non-LSZH) pláště.</span></p>
<h4><strong>Technické specifikace:</strong></h4>
<ul>
<li><strong>Maximální délka cívky </strong>500 m</li>
<li><strong>Kabely </strong>7 x 0,25 neizolovaných vodičů z ultračisté bezkyslíkaté mědi</li>
<li><strong>Rozměry kabelů</strong> 7 × 0,25 mm, 0,34 mm², AWG 22/7</li>
<li><strong>Izolace</strong> Polyethylenová pěna</li>
<li><strong>Typ displeje</strong> Hliníko-polyesterová fólie 24 µm &gt;150% krycí</li>
<li><strong>Odvodní potrubí</strong> 7 x 0,16 mm pocínovaná měď, ultračistá, bezkyslíková</li>
<li><strong>Parotěsná izolace </strong>PVC kompozit v barvě Pebble Grey RAL 7032</li>
</ul>
<h5><strong>Celková konstrukce</strong></h5>
<ul>
<li><strong>Oddělovač</strong> Měkká páska</li>
<li><strong>Vnější oplet</strong> Pozinkovaný měděný pletivo &gt; 85% krytina</li>
<li><strong>Materiál vnějšího pláště </strong>Pružný PVC kompozit v barvě Jet Black RAL 9005</li>
<li><strong>Poloměr ohybu</strong> 15násobek celkového průměru</li>
</ul>
<h5><strong>1-párový kabel 268-431-050:</strong></h5>
<ul>
<li><strong>Kabely</strong> 7 × 0,25 mm neizolovaná, ultračistá bezkyslíkatá měď</li>
<li><strong>Rozměry kabelů</strong> 7 × 0,25 mm, 0,34 mm², AWG 22/7</li>
<li><strong>Izolace</strong> Polyetylen s pěnovou vrstvou</li>
<li><strong>Typ displeje</strong> Hliníko-polyesterová fólie 24 µm &gt;150% krycí</li>
<li><strong>Odvodní potrubí</strong> 19 × 0,12 mm neizolovaná měď ultračistá bezkyslíková</li>
<li><strong>Celkový povrch</strong> Pružný PVC kompozit, barva Leaf Green RAL 6002</li>
<li><strong>Celkový průměr</strong> 4,80 ± 0,15 mm</li>
<li><strong>Poloměr ohybu</strong> 10násobek celkového průměru</li>
</ul>
<ul>
<li><strong>Odpor</strong>
<ul>
<li>Žíla &lt; 58,8 Ω/km</li>
<li>Izolace &lt; 5000 MΩ/km</li>
</ul>
</li>
<li><strong>Kapacita</strong>
<ul>
<li>Mezi žilami 40 pF/m</li>
<li>Mezi vodičem a stíněním 80 pF/m</li>
</ul>
</li>
<li><strong>Impedance</strong> 110 ± 201 TP3T Ω</li>
<li><strong>Tlumení</strong> při 3 MHz 4,90 dB/100 m</li>
</ul>
<div id="product-specifications" class="vc_row wpb_row vc_row-fluid vc_custom_1538047796574">
<div class="wpb_column vc_column_container vc_col-sm-12">
<div class="vc_column-inner">
<div class="wpb_wrapper">
<div class="vc_tta-container" data-vc-action="collapse">
<div class="vc_general vc_tta vc_tta-tabs vc_tta-color-grey vc_tta-style-classic vc_tta-shape-square vc_tta-o-shape-group vc_tta-tabs-position-top vc_tta-controls-align-left">
<div class="vc_tta-panels-container">
<div class="vc_tta-panels">
<div id="1537534903486-fd935797-f35124df-956f" class="vc_tta-panel vc_active" data-vc-content=".vc_tta-panel-body">
<div class="vc_tta-panel-body">
<div class="wpb_vc_table wpb_content_element spec-tables spec-tables">
<table style="height: 92px; width: 1080px; border-style: solid; border-color: #000000;" border="3px">
<tbody>
<tr class="vc-th" style="height: 23px;">
<td class="vc_table_cell" style="height: 23px; width: 145px;"><span class="vc_table_content">Číslo modelu </span></td>
<td class="vc_table_cell" style="height: 23px; width: 596px;"><span class="vc_table_content">Popis</span></td>
<td style="width: 142px;"><span class="vc_table_content">Kód RAL</span></td>
<td class="vc_table_cell" style="height: 23px; width: 144px;"><span class="vc_table_content">Délka cívky </span></td>
</tr>
<tr>
<td class="vc_table_cell" style="width: 145px;"><span class="vc_table_content">268-434-050</span></td>
<td class="vc_table_cell" style="width: 596px;"><span class="vc_table_content">Van Damme Super Green Series Digi Grade, 4 páry, vícežilové kabely</span></td>
<td class="vc_table_cell" style="width: 142px;"><span class="vc_table_content">13.30</span></td>
<td class="vc_table_cell" style="width: 144px;"><span class="vc_table_content">500 m</span></td>
</tr>
<tr>
<td class="vc_table_cell" style="width: 145px;"><span class="vc_table_content">268-438-050</span></td>
<td class="vc_table_cell" style="width: 596px;"><span class="vc_table_content">Van Damme Super Green Series Digi Grade, 8 párů, vícežilové kabely</span></td>
<td class="vc_table_cell" style="width: 142px;"><span class="vc_table_content">17.20</span></td>
<td class="vc_table_cell" style="width: 144px;"><span class="vc_table_content">500 m</span></td>
</tr>
<tr>
<td class="vc_table_cell" style="width: 145px;"><span class="vc_table_content">268-432-050</span></td>
<td class="vc_table_cell" style="width: 596px;"><span class="vc_table_content">Van Damme Super Green Series Digi Grade, 12 párů, vícežilové kabely</span></td>
<td class="vc_table_cell" style="width: 142px;"><span class="vc_table_content">21.00</span></td>
<td class="vc_table_cell" style="width: 144px;"><span class="vc_table_content">500 m</span></td>
</tr>
<tr>
<td class="vc_table_cell" style="width: 145px;"><span class="vc_table_content">268-431-050</span></td>
<td class="vc_table_cell" style="width: 596px;"><span class="vc_table_content">Van Damme Super Green Series Digi Grade, 1 pár</span></td>
<td class="vc_table_cell" style="width: 142px;"><span class="vc_table_content">4.80</span></td>
<td class="vc_table_cell" style="width: 144px;"><span class="vc_table_content">500 m</span></td>
</tr>
</tbody>
</table>
</div>
</div>
</div>
</div>
</div>
</div>
</div>
</div>
</div>
</div>
</div>
<p>&nbsp;</p>

<h1 style="text-align: center;"><b>VAN DAMME SUPER GREEN SERIES DIGI GRADE ENHANCED AES/EBU 110 OHM s předem nanesenou izolací</b></h1>
