{"id":12104,"date":"2026-04-16T15:30:52","date_gmt":"2026-04-16T13:30:52","guid":{"rendered":"https:\/\/commercialaudio.pl\/?post_type=product&#038;p=12104"},"modified":"2026-04-29T11:08:47","modified_gmt":"2026-04-29T09:08:47","slug":"kabel-glosnikowy-o-zmniejszonej-srednicy-zewnetrznej-van-damme-black-series-reduced-od-tour-grade-speaker","status":"publish","type":"product","link":"https:\/\/commercialaudio.pl\/cs\/produkt\/kabel-glosnikowy-o-zmniejszonej-srednicy-zewnetrznej-van-damme-black-series-reduced-od-tour-grade-speaker\/","title":{"rendered":"Reproduktorov\u00fd kabel Van Damme Black Series se sn\u00ed\u017een\u00fdm OD Tour Grade"},"content":{"rendered":"<h2 style=\"text-align: center;\"><b>VAN DAMME BLACK SERIES REDUCED OD TOUR GRADE SPEAKER &#8211; KABEL G\u0141O\u015aNIKOWY O ZMNIEJSZONEJ \u015aREDNICY ZEWN\u0118TRZNEJ<\/b><\/h2>\n<p><span style=\"font-weight: 400;\">\u0158ada reproduktorov\u00fdch kabel\u016f <a href=\"https:\/\/commercialaudio.pl\/cs\/van-damme-elektroinstalacni-prislusenstvi\/\" target=\"_blank\" rel=\"noopener\">Van Damme<\/a> s redukovan\u00fdm vn\u011bj\u0161\u00edm pr\u016fm\u011brem (Reduced OD) zahrnuje 2- a 4-\u017eilov\u00e9 kabely o pr\u016f\u0159ezu 4,00 mm\u00b2, kter\u00e9 jsou navr\u017eeny tak, aby dosahovaly co nejmen\u0161\u00edho celkov\u00e9ho pr\u016fm\u011bru. Jsou b\u011b\u017en\u011b pou\u017e\u00edv\u00e1ny s v\u00edcep\u00f3lov\u00fdmi konektory k vytvo\u0159en\u00ed sign\u00e1ln\u00edch vstup\u016f zesilova\u010d\u016f (break-ins) nebo reproduktorov\u00fdch rozvod\u016f (breakouts) a p\u0159isp\u00edvaj\u00ed tak\u00e9 ke sn\u00ed\u017een\u00ed p\u0159epravn\u00ed hmotnosti za\u0159\u00edzen\u00ed. Je t\u0159eba m\u00edt na pam\u011bti, \u017ee tyto kabely proch\u00e1zej\u00ed procesem dvojit\u00e9ho lisov\u00e1n\u00ed (extrudov\u00e1n\u00ed) \u2013 prvn\u00ed lisov\u00e1n\u00ed obaluje vnit\u0159n\u00ed vodi\u010de, zat\u00edmco druh\u00e9 vytv\u00e1\u0159\u00ed hladk\u00fd a kruhov\u00fd vn\u011bj\u0161\u00ed pl\u00e1\u0161\u0165.<\/span><\/p>\n<h4><strong>Technick\u00e9 specifikace:<\/strong><\/h4>\n<h5><strong>Reproduktorov\u00fd kabel:<\/strong><\/h5>\n<ul>\n<li><strong>Maxim\u00e1ln\u00ed d\u00e9lka c\u00edvky <\/strong>500 m<\/li>\n<li><strong>Kabely <\/strong>Neizolovan\u00e9 vodi\u010de z ultra\u010dist\u00e9 bezkysl\u00edkat\u00e9 m\u011bdi<\/li>\n<li><strong>Izolace <\/strong>PVC, \u010derven\u00e1, modr\u00e1, \u010dern\u00e1, b\u00edl\u00e1<\/li>\n<li><strong>Celkov\u00fd povrch <\/strong>Flexibiln\u00ed PVC kompozit v barv\u011b Jet Black RAL 9005, dvojit\u00e9 reli\u00e9fn\u00ed vzorov\u00e1n\u00ed<\/li>\n<li><strong>Provozn\u00ed nap\u011bt\u00ed<\/strong> 300\/500 V<\/li>\n<li><strong>Polom\u011br ohybu<\/strong> 10n\u00e1sobek celkov\u00e9ho pr\u016fm\u011bru<\/li>\n<\/ul>\n<div id=\"product-specifications\" class=\"vc_row wpb_row vc_row-fluid vc_custom_1538047796574\">\n<div class=\"wpb_column vc_column_container vc_col-sm-12\">\n<div class=\"vc_column-inner\">\n<div class=\"wpb_wrapper\">\n<div class=\"vc_tta-container\" data-vc-action=\"collapse\">\n<div class=\"vc_general vc_tta vc_tta-tabs vc_tta-color-grey vc_tta-style-classic vc_tta-shape-square vc_tta-o-shape-group vc_tta-tabs-position-top vc_tta-controls-align-left\">\n<div class=\"vc_tta-panels-container\">\n<div class=\"vc_tta-panels\">\n<div id=\"1537534903486-fd935797-f35124df-956f\" class=\"vc_tta-panel vc_active\" data-vc-content=\".vc_tta-panel-body\">\n<div class=\"vc_tta-panel-body\">\n<div class=\"wpb_vc_table wpb_content_element spec-tables spec-tables\">\n<table style=\"height: 69px; width: 1080px; border-style: solid; border-color: #000000;\" border=\"3px\">\n<tbody>\n<tr class=\"vc-th\" style=\"height: 23px;\">\n<td class=\"vc_table_cell\" style=\"height: 23px; width: 242.312px;\"><span class=\"vc_table_content\">\u010c\u00edslo modelu\u00a0<\/span><\/td>\n<td class=\"vc_table_cell\" style=\"height: 23px; width: 191.844px;\"><span class=\"vc_table_content\">Kabel<\/span><\/td>\n<td style=\"width: 177.711px; height: 23px;\">Celkov\u00fd pr\u016fm\u011br (mm)<span class=\"vc_table_content\"><br \/>\n<\/span><\/td>\n<td style=\"width: 181.742px; height: 23px;\"><span class=\"vc_table_content\">Zkroucen\u00ed<\/span><\/td>\n<td class=\"vc_table_cell\" style=\"height: 23px; width: 248.391px;\">Odpor (\u03a9\/km)<\/td>\n<\/tr>\n<tr style=\"height: 23px;\">\n<td class=\"vc_table_cell\" style=\"width: 242.312px; height: 23px;\"><span class=\"vc_table_content\">268-545-001<\/span><\/td>\n<td class=\"vc_table_cell\" style=\"width: 191.844px; height: 23px;\"><span class=\"vc_table_content\">4.00 <span style=\"font-weight: 400;\">mm\u00b2<\/span><\/span><\/td>\n<td class=\"vc_table_cell\" style=\"width: 177.711px; height: 23px;\"><span class=\"vc_table_content\">9.80<\/span><\/td>\n<td class=\"vc_table_cell\" style=\"width: 181.742px; height: 23px;\"><span class=\"vc_table_content\">56 \u00d7 0,31 mm<\/span><\/td>\n<td class=\"vc_table_cell\" style=\"width: 248.391px; height: 23px;\"><span class=\"vc_table_content\">4.50<\/span><\/td>\n<\/tr>\n<tr style=\"height: 23px;\">\n<td class=\"vc_table_cell\" style=\"width: 242.312px; height: 23px;\"><span class=\"vc_table_content\">268-544-001<\/span><\/td>\n<td class=\"vc_table_cell\" style=\"width: 191.844px; height: 23px;\"><span class=\"vc_table_content\">4.00 <span style=\"font-weight: 400;\">mm\u00b2<\/span><\/span><\/td>\n<td class=\"vc_table_cell\" style=\"width: 177.711px; height: 23px;\"><span class=\"vc_table_content\">11.20<\/span><\/td>\n<td class=\"vc_table_cell\" style=\"width: 181.742px; height: 23px;\"><span class=\"vc_table_content\">56 \u00d7 0,31 mm<\/span><\/td>\n<td class=\"vc_table_cell\" style=\"width: 248.391px; height: 23px;\"><span class=\"vc_table_content\">4.50<\/span><\/td>\n<\/tr>\n<\/tbody>\n<\/table>\n<\/div>\n<\/div>\n<\/div>\n<\/div>\n<\/div>\n<\/div>\n<\/div>\n<\/div>\n<\/div>\n<\/div>\n<\/div>\n<p>&nbsp;<\/p>\n<div id=\"product-specifications\" class=\"vc_row wpb_row vc_row-fluid vc_custom_1538047796574\">\n<div class=\"wpb_column vc_column_container vc_col-sm-12\">\n<div class=\"vc_column-inner\">\n<div class=\"wpb_wrapper\">\n<div class=\"vc_tta-container\" data-vc-action=\"collapse\">\n<div class=\"vc_general vc_tta vc_tta-tabs vc_tta-color-grey vc_tta-style-classic vc_tta-shape-square vc_tta-o-shape-group vc_tta-tabs-position-top vc_tta-controls-align-left\">\n<div class=\"vc_tta-panels-container\">\n<div class=\"vc_tta-panels\">\n<div id=\"1537534903486-fd935797-f35124df-956f\" class=\"vc_tta-panel vc_active\" data-vc-content=\".vc_tta-panel-body\">\n<div class=\"vc_tta-panel-body\">\n<div class=\"wpb_vc_table wpb_content_element spec-tables spec-tables\">\n<table style=\"height: 50px; width: 1080px; border-style: solid; border-color: #000000;\" border=\"3px\">\n<tbody>\n<tr class=\"vc-th\" style=\"height: 23px;\">\n<td class=\"vc_table_cell\" style=\"height: 23px; width: 173.859px;\"><span class=\"vc_table_content\">\u010c\u00edslo modelu\u00a0<\/span><\/td>\n<td class=\"vc_table_cell\" style=\"height: 23px; width: 707.492px;\"><span class=\"vc_table_content\">Popis<\/span><\/td>\n<td class=\"vc_table_cell\" style=\"height: 23px; width: 172.648px;\"><span class=\"vc_table_content\">D\u00e9lka c\u00edvky\u00a0<\/span><\/td>\n<\/tr>\n<tr style=\"height: 44px;\">\n<td class=\"vc_table_cell\" style=\"width: 173.859px; height: 44px;\"><span class=\"vc_table_content\">268-545-001<\/span><\/td>\n<td class=\"vc_table_cell\" style=\"width: 707.492px; height: 44px;\"><span class=\"vc_table_content\"><a href=\"https:\/\/www.van-damme.com\/\" target=\"_blank\" rel=\"noopener\">Van Damme<\/a> Black Series Reduced OD 2 x 4,00 <span style=\"font-weight: 400;\">mm\u00b2<\/span>\u00a0dvouos\u00fd<\/span><\/td>\n<td class=\"vc_table_cell\" style=\"width: 172.648px; height: 44px;\"><span class=\"vc_table_content\">500 m<\/span><\/td>\n<\/tr>\n<tr style=\"height: 44px;\">\n<td class=\"vc_table_cell\" style=\"width: 173.859px; height: 44px;\"><span class=\"vc_table_content\">268-544-001<\/span><\/td>\n<td class=\"vc_table_cell\" style=\"width: 707.492px; height: 44px;\"><span class=\"vc_table_content\">Van Damme Black Series Reduced OD 4 x 4,00 <span style=\"font-weight: 400;\">mm\u00b2<\/span>\u00a0dvouos\u00fd<\/span><\/td>\n<td class=\"vc_table_cell\" style=\"width: 172.648px; height: 44px;\"><span class=\"vc_table_content\">500 m<\/span><\/td>\n<\/tr>\n<\/tbody>\n<\/table>\n<\/div>\n<\/div>\n<\/div>\n<\/div>\n<\/div>\n<\/div>\n<\/div>\n<\/div>\n<\/div>\n<\/div>\n<\/div>\n<p>&nbsp;<\/p>","protected":false},"excerpt":{"rendered":"<h1 style=\"text-align: center;\"><b>VAN DAMME BLACK SERIES \u2013 ZLEVN\u011aN\u00dd REPRODUKTOR TYPU TOUR GRADE<\/b><\/h1>","protected":false},"featured_media":12105,"template":"","meta":{"_acf_changed":false,"_et_pb_use_builder":"","_et_pb_old_content":"","_et_gb_content_width":"","inline_featured_image":false},"product_cat":[304,300],"product_tag":[],"class_list":["post-12104","product","type-product","status-publish","has-post-thumbnail","product_cat-kable-glosnikowe","product_cat-van-damme","first","instock","shipping-taxable","product-type-simple"],"acf":[],"_links":{"self":[{"href":"https:\/\/commercialaudio.pl\/cs\/wp-json\/wp\/v2\/product\/12104","targetHints":{"allow":["GET"]}}],"collection":[{"href":"https:\/\/commercialaudio.pl\/cs\/wp-json\/wp\/v2\/product"}],"about":[{"href":"https:\/\/commercialaudio.pl\/cs\/wp-json\/wp\/v2\/types\/product"}],"wp:featuredmedia":[{"embeddable":true,"href":"https:\/\/commercialaudio.pl\/cs\/wp-json\/wp\/v2\/media\/12105"}],"wp:attachment":[{"href":"https:\/\/commercialaudio.pl\/cs\/wp-json\/wp\/v2\/media?parent=12104"}],"wp:term":[{"taxonomy":"product_cat","embeddable":true,"href":"https:\/\/commercialaudio.pl\/cs\/wp-json\/wp\/v2\/product_cat?post=12104"},{"taxonomy":"product_tag","embeddable":true,"href":"https:\/\/commercialaudio.pl\/cs\/wp-json\/wp\/v2\/product_tag?post=12104"}],"curies":[{"name":"wp","href":"https:\/\/api.w.org\/{rel}","templated":true}]}}

Reproduktorový kabel Van Damme Black Series se sníženým OD Tour Grade

<h2 style="text-align: center;"><b>VAN DAMME BLACK SERIES REDUCED OD TOUR GRADE SPEAKER &#8211; KABEL GŁOŚNIKOWY O ZMNIEJSZONEJ ŚREDNICY ZEWNĘTRZNEJ</b></h2>
<p><span style="font-weight: 400;">Řada reproduktorových kabelů <a href="https://commercialaudio.pl/cs/van-damme-elektroinstalacni-prislusenstvi/" target="_blank" rel="noopener">Van Damme</a> s redukovaným vnějším průměrem (Reduced OD) zahrnuje 2- a 4-žilové kabely o průřezu 4,00 mm², které jsou navrženy tak, aby dosahovaly co nejmenšího celkového průměru. Jsou běžně používány s vícepólovými konektory k vytvoření signálních vstupů zesilovačů (break-ins) nebo reproduktorových rozvodů (breakouts) a přispívají také ke snížení přepravní hmotnosti zařízení. Je třeba mít na paměti, že tyto kabely procházejí procesem dvojitého lisování (extrudování) – první lisování obaluje vnitřní vodiče, zatímco druhé vytváří hladký a kruhový vnější plášť.</span></p>
<h4><strong>Technické specifikace:</strong></h4>
<h5><strong>Reproduktorový kabel:</strong></h5>
<ul>
<li><strong>Maximální délka cívky </strong>500 m</li>
<li><strong>Kabely </strong>Neizolované vodiče z ultračisté bezkyslíkaté mědi</li>
<li><strong>Izolace </strong>PVC, červená, modrá, černá, bílá</li>
<li><strong>Celkový povrch </strong>Flexibilní PVC kompozit v barvě Jet Black RAL 9005, dvojité reliéfní vzorování</li>
<li><strong>Provozní napětí</strong> 300/500 V</li>
<li><strong>Poloměr ohybu</strong> 10násobek celkového průměru</li>
</ul>
<div id="product-specifications" class="vc_row wpb_row vc_row-fluid vc_custom_1538047796574">
<div class="wpb_column vc_column_container vc_col-sm-12">
<div class="vc_column-inner">
<div class="wpb_wrapper">
<div class="vc_tta-container" data-vc-action="collapse">
<div class="vc_general vc_tta vc_tta-tabs vc_tta-color-grey vc_tta-style-classic vc_tta-shape-square vc_tta-o-shape-group vc_tta-tabs-position-top vc_tta-controls-align-left">
<div class="vc_tta-panels-container">
<div class="vc_tta-panels">
<div id="1537534903486-fd935797-f35124df-956f" class="vc_tta-panel vc_active" data-vc-content=".vc_tta-panel-body">
<div class="vc_tta-panel-body">
<div class="wpb_vc_table wpb_content_element spec-tables spec-tables">
<table style="height: 69px; width: 1080px; border-style: solid; border-color: #000000;" border="3px">
<tbody>
<tr class="vc-th" style="height: 23px;">
<td class="vc_table_cell" style="height: 23px; width: 242.312px;"><span class="vc_table_content">Číslo modelu </span></td>
<td class="vc_table_cell" style="height: 23px; width: 191.844px;"><span class="vc_table_content">Kabel</span></td>
<td style="width: 177.711px; height: 23px;">Celkový průměr (mm)<span class="vc_table_content"><br />
</span></td>
<td style="width: 181.742px; height: 23px;"><span class="vc_table_content">Zkroucení</span></td>
<td class="vc_table_cell" style="height: 23px; width: 248.391px;">Odpor (Ω/km)</td>
</tr>
<tr style="height: 23px;">
<td class="vc_table_cell" style="width: 242.312px; height: 23px;"><span class="vc_table_content">268-545-001</span></td>
<td class="vc_table_cell" style="width: 191.844px; height: 23px;"><span class="vc_table_content">4.00 <span style="font-weight: 400;">mm²</span></span></td>
<td class="vc_table_cell" style="width: 177.711px; height: 23px;"><span class="vc_table_content">9.80</span></td>
<td class="vc_table_cell" style="width: 181.742px; height: 23px;"><span class="vc_table_content">56 × 0,31 mm</span></td>
<td class="vc_table_cell" style="width: 248.391px; height: 23px;"><span class="vc_table_content">4.50</span></td>
</tr>
<tr style="height: 23px;">
<td class="vc_table_cell" style="width: 242.312px; height: 23px;"><span class="vc_table_content">268-544-001</span></td>
<td class="vc_table_cell" style="width: 191.844px; height: 23px;"><span class="vc_table_content">4.00 <span style="font-weight: 400;">mm²</span></span></td>
<td class="vc_table_cell" style="width: 177.711px; height: 23px;"><span class="vc_table_content">11.20</span></td>
<td class="vc_table_cell" style="width: 181.742px; height: 23px;"><span class="vc_table_content">56 × 0,31 mm</span></td>
<td class="vc_table_cell" style="width: 248.391px; height: 23px;"><span class="vc_table_content">4.50</span></td>
</tr>
</tbody>
</table>
</div>
</div>
</div>
</div>
</div>
</div>
</div>
</div>
</div>
</div>
</div>
<p>&nbsp;</p>
<div id="product-specifications" class="vc_row wpb_row vc_row-fluid vc_custom_1538047796574">
<div class="wpb_column vc_column_container vc_col-sm-12">
<div class="vc_column-inner">
<div class="wpb_wrapper">
<div class="vc_tta-container" data-vc-action="collapse">
<div class="vc_general vc_tta vc_tta-tabs vc_tta-color-grey vc_tta-style-classic vc_tta-shape-square vc_tta-o-shape-group vc_tta-tabs-position-top vc_tta-controls-align-left">
<div class="vc_tta-panels-container">
<div class="vc_tta-panels">
<div id="1537534903486-fd935797-f35124df-956f" class="vc_tta-panel vc_active" data-vc-content=".vc_tta-panel-body">
<div class="vc_tta-panel-body">
<div class="wpb_vc_table wpb_content_element spec-tables spec-tables">
<table style="height: 50px; width: 1080px; border-style: solid; border-color: #000000;" border="3px">
<tbody>
<tr class="vc-th" style="height: 23px;">
<td class="vc_table_cell" style="height: 23px; width: 173.859px;"><span class="vc_table_content">Číslo modelu </span></td>
<td class="vc_table_cell" style="height: 23px; width: 707.492px;"><span class="vc_table_content">Popis</span></td>
<td class="vc_table_cell" style="height: 23px; width: 172.648px;"><span class="vc_table_content">Délka cívky </span></td>
</tr>
<tr style="height: 44px;">
<td class="vc_table_cell" style="width: 173.859px; height: 44px;"><span class="vc_table_content">268-545-001</span></td>
<td class="vc_table_cell" style="width: 707.492px; height: 44px;"><span class="vc_table_content"><a href="https://www.van-damme.com/" target="_blank" rel="noopener">Van Damme</a> Black Series Reduced OD 2 x 4,00 <span style="font-weight: 400;">mm²</span> dvouosý</span></td>
<td class="vc_table_cell" style="width: 172.648px; height: 44px;"><span class="vc_table_content">500 m</span></td>
</tr>
<tr style="height: 44px;">
<td class="vc_table_cell" style="width: 173.859px; height: 44px;"><span class="vc_table_content">268-544-001</span></td>
<td class="vc_table_cell" style="width: 707.492px; height: 44px;"><span class="vc_table_content">Van Damme Black Series Reduced OD 4 x 4,00 <span style="font-weight: 400;">mm²</span> dvouosý</span></td>
<td class="vc_table_cell" style="width: 172.648px; height: 44px;"><span class="vc_table_content">500 m</span></td>
</tr>
</tbody>
</table>
</div>
</div>
</div>
</div>
</div>
</div>
</div>
</div>
</div>
</div>
</div>
<p>&nbsp;</p>

<h1 style="text-align: center;"><b>VAN DAMME BLACK SERIES – ZLEVNĚNÝ REPRODUKTOR TYPU TOUR GRADE</b></h1>
