{"id":11721,"date":"2026-03-11T15:44:49","date_gmt":"2026-03-11T14:44:49","guid":{"rendered":"https:\/\/commercialaudio.pl\/?post_type=product&#038;p=11721"},"modified":"2026-03-11T15:57:04","modified_gmt":"2026-03-11T14:57:04","slug":"podwojny-modul-sieciowy-dante-rav","status":"publish","type":"product","link":"https:\/\/commercialaudio.pl\/sk\/produkt\/podwojny-modul-sieciowy-dante-rav\/","title":{"rendered":"Du\u00e1lny sie\u0165ov\u00fd zvukov\u00fd modul - DirectOut DANTE.RAV.SRC.IO"},"content":{"rendered":"<h1 style=\"text-align: center;\">DirectOut DANTE.RAV.SRC.IO<\/h1>\n<p>DANTE.RAV.SRC.IO je du\u00e1lny sie\u0165ov\u00fd audio modul pre s\u00e9riu <a href=\"https:\/\/commercialaudio.pl\/sk\/produkt\/zvukovy-procesor-prodigymp-directout\/\" target=\"_blank\" rel=\"noopener\">PRODIGY<\/a> i <a href=\"https:\/\/commercialaudio.pl\/sk\/produkt\/procesor-audio-directout-mavena\/\" target=\"_blank\" rel=\"noopener\">MAVEN.A<\/a> umo\u017e\u0148uj\u00faci podporu 64-kan\u00e1lov\u00e9ho pr\u00fadu Dante a 64-kan\u00e1lov\u00e9ho pr\u00fadu RAVENNA.<\/p>\n<p><strong>Jeden modul, dva zvukov\u00e9 motory<\/strong><\/p>\n<p>Modul vybaven\u00fd dvoma sie\u0165ov\u00fdmi zvukov\u00fdmi kartami pon\u00faka 2 x 64 r\u00f4znych zvukov\u00fdch protokolov \u2013 Dante a RAVENNA. To umo\u017e\u0148uje pripojenie dvoch zvukov\u00fdch protokolov do jednej z\u00e1suvky A zariadenia MAVEN.A alebo PRODIGY.MC. V\u010faka dvom z\u00e1suvk\u00e1m typu A na zariaden\u00ed PRODIGY.MP je mo\u017en\u00e9 rozsah roz\u0161\u00edri\u0165 o tret\u00ed, ba dokonca aj \u0161tvrt\u00fd zvukov\u00fd protokol.<\/p>\n<p><img loading=\"lazy\" decoding=\"async\" class=\"aligncenter wp-image-11712 size-full\" src=\"https:\/\/commercialaudio.pl\/wp-content\/uploads\/2026\/03\/3.jpg\" alt=\"dante.rav\" width=\"2362\" height=\"1328\" srcset=\"https:\/\/commercialaudio.pl\/wp-content\/uploads\/2026\/03\/3.jpg 2362w, https:\/\/commercialaudio.pl\/wp-content\/uploads\/2026\/03\/3-1280x720.jpg 1280w, https:\/\/commercialaudio.pl\/wp-content\/uploads\/2026\/03\/3-980x551.jpg 980w, https:\/\/commercialaudio.pl\/wp-content\/uploads\/2026\/03\/3-480x270.jpg 480w\" sizes=\"(min-width: 0px) and (max-width: 480px) 480px, (min-width: 481px) and (max-width: 980px) 980px, (min-width: 981px) and (max-width: 1280px) 1280px, (min-width: 1281px) 2362px, 100vw\" \/><\/p>\n<p><strong>Prevod vzorkovacej frekvencie<\/strong><\/p>\n<p>Individu\u00e1lny obvod HD SRC pre obojsmern\u00fa konverziu vzorkovacej frekvencie je \u0161tandardne integrovan\u00fd.<br \/>\nDve zvukov\u00e9 karty m\u00f4\u017eu pracova\u0165 s r\u00f4znymi vzorkovac\u00edmi frekvenciami.<br \/>\nDvojit\u00e9 sie\u0165ov\u00e9 moduly zabezpe\u010duj\u00fa plynul\u00e9 prepojenie medzi hranicami hod\u00edn a r\u00f4znymi audio protokolmi v jednom module.<\/p>\n<p><strong>Redundantn\u00e9 toky<\/strong><\/p>\n<p>K dispoz\u00edcii s\u00fa 2 x 2 nez\u00e1visl\u00e9 sie\u0165ov\u00e9 rozhrania na pripojenie ka\u017ed\u00e9ho protokolu prostredn\u00edctvom druh\u00e9ho kan\u00e1la (hlavn\u00fd\/ved\u013eaj\u0161\u00ed alebo Port 1 \/ Port 2).<\/p>\n<p>Po\u010det zvukov\u00fdch kan\u00e1lov na protokol sa pri vy\u0161\u0161\u00edch vzorkovac\u00edch frekvenci\u00e1ch zni\u017euje \u2013 32 kan\u00e1lov pri 2 FS alebo 16 kan\u00e1lov pri 4 FS.<\/p>\n<p>Dante je technol\u00f3gia audio siete spolo\u010dnosti <a href=\"https:\/\/www.audinate.com\/\" target=\"_blank\" rel=\"noopener\">Audinate<\/a>.<\/p>\n<p>RAVENNA je otvoren\u00e1 sie\u0165ov\u00e1 audio technol\u00f3gia, ktor\u00fa p\u00f4vodne vyvinula spolo\u010dnos\u0165 ALC NetworX.<br \/>\nVlastn\u00e1 implement\u00e1cia syst\u00e9mu RAVENNA spolo\u010dnosti DirectOut je zalo\u017een\u00e1 na viac ako desa\u0165ro\u010dnom v\u00fdvoji.<\/p>\n<p>Ako \u00fa\u010dastn\u00edk programu JT-NM Tested je RAV.IO zaraden\u00fd do katal\u00f3gu JT-NM Tested ako modul kompatibiln\u00fd so \u0161tandardmi SMPTE 2110.<\/p>\n<p>&nbsp;<\/p>","protected":false},"excerpt":{"rendered":"<h1 style=\"text-align: center;\">DIRECTOUT DANTE.RAV.SRC.IO<\/h1>","protected":false},"featured_media":11692,"template":"","meta":{"_acf_changed":false,"_et_pb_use_builder":"","_et_pb_old_content":"","_et_gb_content_width":"","inline_featured_image":false},"product_cat":[283],"product_tag":[],"class_list":["post-11721","product","type-product","status-publish","has-post-thumbnail","product_cat-moduly","first","instock","shipping-taxable","product-type-simple"],"acf":[],"_links":{"self":[{"href":"https:\/\/commercialaudio.pl\/sk\/wp-json\/wp\/v2\/product\/11721","targetHints":{"allow":["GET"]}}],"collection":[{"href":"https:\/\/commercialaudio.pl\/sk\/wp-json\/wp\/v2\/product"}],"about":[{"href":"https:\/\/commercialaudio.pl\/sk\/wp-json\/wp\/v2\/types\/product"}],"wp:featuredmedia":[{"embeddable":true,"href":"https:\/\/commercialaudio.pl\/sk\/wp-json\/wp\/v2\/media\/11692"}],"wp:attachment":[{"href":"https:\/\/commercialaudio.pl\/sk\/wp-json\/wp\/v2\/media?parent=11721"}],"wp:term":[{"taxonomy":"product_cat","embeddable":true,"href":"https:\/\/commercialaudio.pl\/sk\/wp-json\/wp\/v2\/product_cat?post=11721"},{"taxonomy":"product_tag","embeddable":true,"href":"https:\/\/commercialaudio.pl\/sk\/wp-json\/wp\/v2\/product_tag?post=11721"}],"curies":[{"name":"wp","href":"https:\/\/api.w.org\/{rel}","templated":true}]}}

Duálny sieťový zvukový modul - DirectOut DANTE.RAV.SRC.IO

<h1 style="text-align: center;">DirectOut DANTE.RAV.SRC.IO</h1>
<p>DANTE.RAV.SRC.IO je duálny sieťový audio modul pre sériu <a href="https://commercialaudio.pl/sk/produkt/zvukovy-procesor-prodigymp-directout/" target="_blank" rel="noopener">PRODIGY</a> i <a href="https://commercialaudio.pl/sk/produkt/procesor-audio-directout-mavena/" target="_blank" rel="noopener">MAVEN.A</a> umožňujúci podporu 64-kanálového prúdu Dante a 64-kanálového prúdu RAVENNA.</p>
<p><strong>Jeden modul, dva zvukové motory</strong></p>
<p>Modul vybavený dvoma sieťovými zvukovými kartami ponúka 2 x 64 rôznych zvukových protokolov – Dante a RAVENNA. To umožňuje pripojenie dvoch zvukových protokolov do jednej zásuvky A zariadenia MAVEN.A alebo PRODIGY.MC. Vďaka dvom zásuvkám typu A na zariadení PRODIGY.MP je možné rozsah rozšíriť o tretí, ba dokonca aj štvrtý zvukový protokol.</p>
<p><img loading="lazy" decoding="async" class="aligncenter wp-image-11712 size-full" src="https://commercialaudio.pl/wp-content/uploads/2026/03/3.jpg" alt="dante.rav" width="2362" height="1328" srcset="https://commercialaudio.pl/wp-content/uploads/2026/03/3.jpg 2362w, https://commercialaudio.pl/wp-content/uploads/2026/03/3-1280x720.jpg 1280w, https://commercialaudio.pl/wp-content/uploads/2026/03/3-980x551.jpg 980w, https://commercialaudio.pl/wp-content/uploads/2026/03/3-480x270.jpg 480w" sizes="(min-width: 0px) and (max-width: 480px) 480px, (min-width: 481px) and (max-width: 980px) 980px, (min-width: 981px) and (max-width: 1280px) 1280px, (min-width: 1281px) 2362px, 100vw" /></p>
<p><strong>Prevod vzorkovacej frekvencie</strong></p>
<p>Individuálny obvod HD SRC pre obojsmernú konverziu vzorkovacej frekvencie je štandardne integrovaný.<br />
Dve zvukové karty môžu pracovať s rôznymi vzorkovacími frekvenciami.<br />
Dvojité sieťové moduly zabezpečujú plynulé prepojenie medzi hranicami hodín a rôznymi audio protokolmi v jednom module.</p>
<p><strong>Redundantné toky</strong></p>
<p>K dispozícii sú 2 x 2 nezávislé sieťové rozhrania na pripojenie každého protokolu prostredníctvom druhého kanála (hlavný/vedľajší alebo Port 1 / Port 2).</p>
<p>Počet zvukových kanálov na protokol sa pri vyšších vzorkovacích frekvenciách znižuje – 32 kanálov pri 2 FS alebo 16 kanálov pri 4 FS.</p>
<p>Dante je technológia audio siete spoločnosti <a href="https://www.audinate.com/" target="_blank" rel="noopener">Audinate</a>.</p>
<p>RAVENNA je otvorená sieťová audio technológia, ktorú pôvodne vyvinula spoločnosť ALC NetworX.<br />
Vlastná implementácia systému RAVENNA spoločnosti DirectOut je založená na viac ako desaťročnom vývoji.</p>
<p>Ako účastník programu JT-NM Tested je RAV.IO zaradený do katalógu JT-NM Tested ako modul kompatibilný so štandardmi SMPTE 2110.</p>
<p>&nbsp;</p>
