{"id":12025,"date":"2026-04-09T19:27:29","date_gmt":"2026-04-09T17:27:29","guid":{"rendered":"https:\/\/commercialaudio.pl\/?post_type=product&#038;p=12025"},"modified":"2026-04-09T20:46:10","modified_gmt":"2026-04-09T18:46:10","slug":"kabel-do-konsolet-van-damme-reduced-od-console","status":"publish","type":"product","link":"https:\/\/commercialaudio.pl\/sk\/produkt\/kabel-do-konsolet-van-damme-reduced-od-console\/","title":{"rendered":"K\u00e1bel pre konzoly - Van Damme Reduced OD Console"},"content":{"rendered":"<h1 style=\"text-align: center;\"><b>VAN DAMME REDUCED OD CONSOLE &#8211; KABEL DO KONSOLET<\/b><\/h1>\n<p><span style=\"font-weight: 400;\">K\u00e1bel pre mix\u00e1\u017ene pulty s redukovan\u00fdm vonkaj\u0161\u00edm priemerom Van Damme bol p\u00f4vodne vyvinut\u00fd v spolupr\u00e1ci s dvoma najzn\u00e1mej\u0161\u00edmi britsk\u00fdmi v\u00fdrobcami mix\u00e1\u017enych pultov. Tento kr\u00faten\u00fd k\u00e1bel s f\u00f3liov\u00fdm tienen\u00edm a mal\u00fdm celkov\u00fdm priemerom sa ide\u00e1lne hod\u00ed pre k\u00e1blov\u00e9 zv\u00e4zky s ve\u013emi vysokou hustotou, kde ve\u013ekos\u0165 a hmotnos\u0165 maj\u00fa k\u013e\u00fa\u010dov\u00fd v\u00fdznam \u2013 napr\u00edklad v zlo\u017eit\u00fdch rozv\u00e1dza\u010dov\u00fdch syst\u00e9moch a v anal\u00f3govom audio zapojen\u00ed vo vysielac\u00edch vozidl\u00e1ch.<\/span><\/p>\n<h4><strong>Technick\u00e9 \u0161pecifik\u00e1cie:<\/strong><\/h4>\n<ul>\n<li><strong>Maxim\u00e1lna d\u013a\u017eka cievky <\/strong> 500 m<\/li>\n<li><strong>K\u00e1ble<\/strong> 28 x 0,10 mm neizolovan\u00fdch vodi\u010dov z ultra\u010distej bezkysl\u00edkovej medi<\/li>\n<li><strong>Rozmery k\u00e1blov<\/strong> 28 \u00d7 0,10 mm, 0,22 mm\u00b2, AWG 24\/28<\/li>\n<li><strong>Izol\u00e1cia<\/strong> Polyetyl\u00e9n<\/li>\n<li><strong>Typ obrazovky<\/strong> 24 \u00b5m hlin\u00edkovo-polyesterov\u00e1 f\u00f3lia, povrchov\u00e1 \u00faprava &gt; 150%<\/li>\n<li><strong>Odvodn\u00fd k\u00e1bel<\/strong> 19 \u00d7 0,12 mm, pozinkovan\u00e1 bezkysl\u00edkov\u00e1 me\u010f najvy\u0161\u0161ej \u010distoty<\/li>\n<li><strong>Materi\u00e1l povrchu<\/strong> Pru\u017en\u00fd kompozit z PVC<\/li>\n<li><strong>Celkov\u00fd priemer<\/strong> 2,7 \u00b1 0,15 mm<\/li>\n<li><strong>R\u00e1dius ohybu<\/strong> 10-n\u00e1sobok celkov\u00e9ho priemeru<\/li>\n<li><strong>Odpor<\/strong>\n<ul>\n<li>Vodivost &lt; 90 \u03a9\/km<\/li>\n<li>Izol\u00e1cia &gt; 2500 M\u03a9\/km<\/li>\n<\/ul>\n<\/li>\n<li><strong>Kapacita<\/strong>\n<ul>\n<li>\u00a0Medzi jadrami 100 pF\/m<\/li>\n<li>Medzi jadrom a stienen\u00edm 200 pF\/m<\/li>\n<\/ul>\n<\/li>\n<\/ul>\n<div id=\"product-specifications\" class=\"vc_row wpb_row vc_row-fluid vc_custom_1538047796574\">\n<div class=\"wpb_column vc_column_container vc_col-sm-12\">\n<div class=\"vc_column-inner\">\n<div class=\"wpb_wrapper\">\n<div class=\"vc_tta-container\" data-vc-action=\"collapse\">\n<div class=\"vc_general vc_tta vc_tta-tabs vc_tta-color-grey vc_tta-style-classic vc_tta-shape-square vc_tta-o-shape-group vc_tta-tabs-position-top vc_tta-controls-align-left\">\n<div class=\"vc_tta-panels-container\">\n<div class=\"vc_tta-panels\">\n<div id=\"1537534903486-fd935797-f35124df-956f\" class=\"vc_tta-panel vc_active\" data-vc-content=\".vc_tta-panel-body\">\n<div class=\"vc_tta-panel-body\">\n<div class=\"wpb_vc_table wpb_content_element spec-tables spec-tables\">\n<table style=\"height: 50px; width: 1080px; border-style: solid; border-color: #000000;\" border=\"3px\">\n<tbody>\n<tr class=\"vc-th\" style=\"height: 23px;\">\n<td class=\"vc_table_cell\" style=\"height: 23px; width: 95px;\"><span class=\"vc_table_content\">\u010c\u00edslo modelu\u00a0<\/span><\/td>\n<td class=\"vc_table_cell\" style=\"height: 23px; width: 397px;\"><span class=\"vc_table_content\">Popis<\/span><\/td>\n<td class=\"vc_table_cell\" style=\"height: 23px; width: 65px;\"><span class=\"vc_table_content\">K\u00f3d RAL\u00a0<\/span><\/td>\n<td class=\"vc_table_cell\" style=\"height: 23px; width: 94px;\"><span class=\"vc_table_content\">D\u013a\u017eka cievky\u00a0<\/span><\/td>\n<\/tr>\n<tr>\n<td class=\"vc_table_cell\" style=\"width: 95px;\"><span class=\"vc_table_content\">268-000-000<\/span><\/td>\n<td class=\"vc_table_cell\" style=\"width: 397px;\"><span class=\"vc_table_content\">Van Damme z\u013eavnen\u00fd k\u00e1bel pre konzolu OD, farba jet black<\/span><\/td>\n<td class=\"vc_table_cell\" style=\"width: 65px;\"><span class=\"vc_table_content\">RAL 9005<\/span><\/td>\n<td class=\"vc_table_cell\" style=\"width: 94px;\"><span class=\"vc_table_content\">500 m<\/span><\/td>\n<\/tr>\n<tr>\n<td class=\"vc_table_cell\" style=\"width: 95px;\"><span class=\"vc_table_content\">268-066-080<\/span><\/td>\n<td class=\"vc_table_cell\" style=\"width: 397px;\"><span class=\"vc_table_content\">Van Damme z\u013eavnen\u00fd k\u00e1bel pre konzolu OD, modro-siv\u00fd<\/span><\/td>\n<td class=\"vc_table_cell\" style=\"width: 65px;\"><span class=\"vc_table_content\">RAL 7031<\/span><\/td>\n<td class=\"vc_table_cell\" style=\"width: 94px;\"><span class=\"vc_table_content\">500 m<\/span><\/td>\n<\/tr>\n<\/tbody>\n<\/table>\n<\/div>\n<\/div>\n<\/div>\n<\/div>\n<\/div>\n<\/div>\n<\/div>\n<\/div>\n<\/div>\n<\/div>\n<\/div>\n<p>&nbsp;<\/p>","protected":false},"excerpt":{"rendered":"<h1 style=\"text-align: center;\"><b>VAN DAMME Z\u013dAVNEN\u00c9 Z KONSOLY<\/b><\/h1>","protected":false},"featured_media":12026,"template":"","meta":{"_acf_changed":false,"_et_pb_use_builder":"","_et_pb_old_content":"","_et_gb_content_width":"","inline_featured_image":false},"product_cat":[302,300],"product_tag":[],"class_list":["post-12025","product","type-product","status-publish","has-post-thumbnail","product_cat-kable-analogowe","product_cat-van-damme","first","instock","shipping-taxable","product-type-simple"],"acf":[],"_links":{"self":[{"href":"https:\/\/commercialaudio.pl\/sk\/wp-json\/wp\/v2\/product\/12025","targetHints":{"allow":["GET"]}}],"collection":[{"href":"https:\/\/commercialaudio.pl\/sk\/wp-json\/wp\/v2\/product"}],"about":[{"href":"https:\/\/commercialaudio.pl\/sk\/wp-json\/wp\/v2\/types\/product"}],"wp:featuredmedia":[{"embeddable":true,"href":"https:\/\/commercialaudio.pl\/sk\/wp-json\/wp\/v2\/media\/12026"}],"wp:attachment":[{"href":"https:\/\/commercialaudio.pl\/sk\/wp-json\/wp\/v2\/media?parent=12025"}],"wp:term":[{"taxonomy":"product_cat","embeddable":true,"href":"https:\/\/commercialaudio.pl\/sk\/wp-json\/wp\/v2\/product_cat?post=12025"},{"taxonomy":"product_tag","embeddable":true,"href":"https:\/\/commercialaudio.pl\/sk\/wp-json\/wp\/v2\/product_tag?post=12025"}],"curies":[{"name":"wp","href":"https:\/\/api.w.org\/{rel}","templated":true}]}}

Kábel pre konzoly - Van Damme Reduced OD Console

<h1 style="text-align: center;"><b>VAN DAMME REDUCED OD CONSOLE &#8211; KABEL DO KONSOLET</b></h1>
<p><span style="font-weight: 400;">Kábel pre mixážne pulty s redukovaným vonkajším priemerom Van Damme bol pôvodne vyvinutý v spolupráci s dvoma najznámejšími britskými výrobcami mixážnych pultov. Tento krútený kábel s fóliovým tienením a malým celkovým priemerom sa ideálne hodí pre káblové zväzky s veľmi vysokou hustotou, kde veľkosť a hmotnosť majú kľúčový význam – napríklad v zložitých rozvádzačových systémoch a v analógovom audio zapojení vo vysielacích vozidlách.</span></p>
<h4><strong>Technické špecifikácie:</strong></h4>
<ul>
<li><strong>Maximálna dĺžka cievky </strong> 500 m</li>
<li><strong>Káble</strong> 28 x 0,10 mm neizolovaných vodičov z ultračistej bezkyslíkovej medi</li>
<li><strong>Rozmery káblov</strong> 28 × 0,10 mm, 0,22 mm², AWG 24/28</li>
<li><strong>Izolácia</strong> Polyetylén</li>
<li><strong>Typ obrazovky</strong> 24 µm hliníkovo-polyesterová fólia, povrchová úprava &gt; 150%</li>
<li><strong>Odvodný kábel</strong> 19 × 0,12 mm, pozinkovaná bezkyslíková meď najvyššej čistoty</li>
<li><strong>Materiál povrchu</strong> Pružný kompozit z PVC</li>
<li><strong>Celkový priemer</strong> 2,7 ± 0,15 mm</li>
<li><strong>Rádius ohybu</strong> 10-násobok celkového priemeru</li>
<li><strong>Odpor</strong>
<ul>
<li>Vodivost &lt; 90 Ω/km</li>
<li>Izolácia &gt; 2500 MΩ/km</li>
</ul>
</li>
<li><strong>Kapacita</strong>
<ul>
<li> Medzi jadrami 100 pF/m</li>
<li>Medzi jadrom a stienením 200 pF/m</li>
</ul>
</li>
</ul>
<div id="product-specifications" class="vc_row wpb_row vc_row-fluid vc_custom_1538047796574">
<div class="wpb_column vc_column_container vc_col-sm-12">
<div class="vc_column-inner">
<div class="wpb_wrapper">
<div class="vc_tta-container" data-vc-action="collapse">
<div class="vc_general vc_tta vc_tta-tabs vc_tta-color-grey vc_tta-style-classic vc_tta-shape-square vc_tta-o-shape-group vc_tta-tabs-position-top vc_tta-controls-align-left">
<div class="vc_tta-panels-container">
<div class="vc_tta-panels">
<div id="1537534903486-fd935797-f35124df-956f" class="vc_tta-panel vc_active" data-vc-content=".vc_tta-panel-body">
<div class="vc_tta-panel-body">
<div class="wpb_vc_table wpb_content_element spec-tables spec-tables">
<table style="height: 50px; width: 1080px; border-style: solid; border-color: #000000;" border="3px">
<tbody>
<tr class="vc-th" style="height: 23px;">
<td class="vc_table_cell" style="height: 23px; width: 95px;"><span class="vc_table_content">Číslo modelu </span></td>
<td class="vc_table_cell" style="height: 23px; width: 397px;"><span class="vc_table_content">Popis</span></td>
<td class="vc_table_cell" style="height: 23px; width: 65px;"><span class="vc_table_content">Kód RAL </span></td>
<td class="vc_table_cell" style="height: 23px; width: 94px;"><span class="vc_table_content">Dĺžka cievky </span></td>
</tr>
<tr>
<td class="vc_table_cell" style="width: 95px;"><span class="vc_table_content">268-000-000</span></td>
<td class="vc_table_cell" style="width: 397px;"><span class="vc_table_content">Van Damme zľavnený kábel pre konzolu OD, farba jet black</span></td>
<td class="vc_table_cell" style="width: 65px;"><span class="vc_table_content">RAL 9005</span></td>
<td class="vc_table_cell" style="width: 94px;"><span class="vc_table_content">500 m</span></td>
</tr>
<tr>
<td class="vc_table_cell" style="width: 95px;"><span class="vc_table_content">268-066-080</span></td>
<td class="vc_table_cell" style="width: 397px;"><span class="vc_table_content">Van Damme zľavnený kábel pre konzolu OD, modro-sivý</span></td>
<td class="vc_table_cell" style="width: 65px;"><span class="vc_table_content">RAL 7031</span></td>
<td class="vc_table_cell" style="width: 94px;"><span class="vc_table_content">500 m</span></td>
</tr>
</tbody>
</table>
</div>
</div>
</div>
</div>
</div>
</div>
</div>
</div>
</div>
</div>
</div>
<p>&nbsp;</p>

<h1 style="text-align: center;"><b>VAN DAMME ZĽAVNENÉ Z KONSOLY</b></h1>
