{"id":12056,"date":"2026-04-11T10:50:35","date_gmt":"2026-04-11T08:50:35","guid":{"rendered":"https:\/\/commercialaudio.pl\/?post_type=product&#038;p=12056"},"modified":"2026-04-11T10:56:13","modified_gmt":"2026-04-11T08:56:13","slug":"kabel-wieloparowy-we-wspolnym-oplocie-ekranujacym-van-damme-black-series-tour-grade-up-ofc-overall-braid-multicore","status":"publish","type":"product","link":"https:\/\/commercialaudio.pl\/sk\/produkt\/kabel-wieloparowy-we-wspolnym-oplocie-ekranujacym-van-damme-black-series-tour-grade-up-ofc-overall-braid-multicore\/","title":{"rendered":"Viac\u017eilov\u00fd k\u00e1bel so spolo\u010dn\u00fdm opleten\u00edm - Van Damme Black Series Tour Grade UP-OFC Overall Braid Multicore"},"content":{"rendered":"<h1 style=\"text-align: center;\"><b>VAN DAMME BLACK SERIES TOUR GRADE UP-OFC OVERALL BRAID MULTICORE &#8211; KABEL WIELOPAROWY WE WSP\u00d3LNYM OPLOCIE EKRANUJ\u0104CYM<\/b><\/h1>\n<p><span style=\"font-weight: 400;\">Rad Van Damme Black Series Tour Grade je s\u00e9ria anal\u00f3gov\u00fdch viacp\u00e1rov\u00fdch audio k\u00e1blov, navrhnut\u00e1 \u0161peci\u00e1lne tak, aby zvl\u00e1dla aj tie najn\u00e1ro\u010dnej\u0161ie podmienky koncertn\u00fdch turn\u00e9 a in\u00e9 extr\u00e9mne prev\u00e1dzkov\u00e9 prostredia. Tieto k\u00e1ble boli mnohokr\u00e1t overen\u00e9, d\u00f4kladne otestovan\u00e9 a te\u0161ia sa plnej d\u00f4vere profesion\u00e1lov z oblasti koncertn\u00e9ho ozvu\u010denia, ktor\u00ed ich oce\u0148uj\u00fa nielen pre ich bezkonkuren\u010dn\u00fa odolnos\u0165, ale aj pre najvy\u0161\u0161iu vernos\u0165 zvuku.<\/span><\/p>\n<h4><strong>Technick\u00e9 \u0161pecifik\u00e1cie:<\/strong><\/h4>\n<ul>\n<li><strong>Maxim\u00e1lna d\u013a\u017eka cievky <\/strong>500 m<\/li>\n<li><strong>K\u00e1ble <\/strong>28 x 0,10 neizolovan\u00fdch vodi\u010dov z ultra\u010distej bezkysl\u00edkovej medi<\/li>\n<li><strong>Rozmery k\u00e1blov<\/strong> 28 \u00d7 0,10 mm, 0,22 mm\u00b2, AWG 24\/28<\/li>\n<li><strong>Izol\u00e1cia<\/strong> Polypropyl\u00e9n<\/li>\n<li><strong>Typ obrazovky<\/strong> Hlin\u00edkovo-polyesterov\u00e1 f\u00f3lia s hr\u00fabkou 24 \u00b5m &gt;150% na pokrytie<br \/>\nPrieh\u013eadn\u00e1 polyesterov\u00e1 f\u00f3lia<\/li>\n<li><strong>Odvodn\u00fd k\u00e1bel<\/strong> 19 \u00d7 0,12 mm, poc\u00ednovan\u00e1 bezkysl\u00edkov\u00e1 me\u010f najvy\u0161\u0161ej \u010distoty<\/li>\n<\/ul>\n<h5><strong>Celkov\u00e1 kon\u0161trukcia<\/strong><\/h5>\n<ul>\n<li><strong>Odde\u013eova\u010d<\/strong> M\u00e4kk\u00e1 p\u00e1ska<\/li>\n<li><strong>Celkov\u00e9 opletenie<\/strong> C\u00ednovan\u00fd meden\u00fd dr\u00f4t, povrchov\u00e1 \u00faprava &lt; 80%<\/li>\n<li><strong>Materi\u00e1l vonkaj\u0161ieho povrchu<\/strong> Pru\u017en\u00fd kompozit z PVC, farba Jet Black RAL 9005<\/li>\n<li><strong>R\u00e1dius ohybu<\/strong> 10-n\u00e1sobok celkov\u00e9ho priemeru<\/li>\n<li><strong>Odpor<\/strong>\n<ul>\n<li>Vodi\u010d 90 \u03a9\/km<\/li>\n<li>Izol\u00e1cia &gt;5000 M\u03a9\/km<\/li>\n<\/ul>\n<\/li>\n<li><strong>Kapacita<\/strong>\n<ul>\n<li>Medzi jadrami 81 pF\/m<\/li>\n<li>Medzi jadrom a stienen\u00edm 160 pF\/m<\/li>\n<\/ul>\n<\/li>\n<\/ul>\n<ul>\n<li style=\"list-style-type: none;\"><\/li>\n<\/ul>\n<div id=\"product-specifications\" class=\"vc_row wpb_row vc_row-fluid vc_custom_1538047796574\">\n<div class=\"wpb_column vc_column_container vc_col-sm-12\">\n<div class=\"vc_column-inner\">\n<div class=\"wpb_wrapper\">\n<div class=\"vc_tta-container\" data-vc-action=\"collapse\">\n<div class=\"vc_general vc_tta vc_tta-tabs vc_tta-color-grey vc_tta-style-classic vc_tta-shape-square vc_tta-o-shape-group vc_tta-tabs-position-top vc_tta-controls-align-left\">\n<div class=\"vc_tta-panels-container\">\n<div class=\"vc_tta-panels\">\n<div id=\"1537534903486-fd935797-f35124df-956f\" class=\"vc_tta-panel vc_active\" data-vc-content=\".vc_tta-panel-body\">\n<div class=\"vc_tta-panel-body\">\n<div class=\"wpb_vc_table wpb_content_element spec-tables spec-tables\">\n<table style=\"height: 92px; width: 1027px; border-style: solid; border-color: #000000;\" border=\"3px\">\n<tbody>\n<tr class=\"vc-th\" style=\"height: 23px;\">\n<td class=\"vc_table_cell\" style=\"height: 23px; width: 145px;\"><span class=\"vc_table_content\">\u010c\u00edslo modelu\u00a0<\/span><\/td>\n<td class=\"vc_table_cell\" style=\"height: 23px; width: 596px;\"><span class=\"vc_table_content\">Popis<\/span><\/td>\n<td style=\"width: 142px;\"><span class=\"vc_table_content\">K\u00f3d RAL<\/span><\/td>\n<td class=\"vc_table_cell\" style=\"height: 23px; width: 144px;\"><span class=\"vc_table_content\">D\u013a\u017eka cievky\u00a0<\/span><\/td>\n<\/tr>\n<tr>\n<td class=\"vc_table_cell\" style=\"width: 145px;\"><span class=\"vc_table_content\">268-104-000<\/span><\/td>\n<td class=\"vc_table_cell\" style=\"width: 596px;\"><span class=\"vc_table_content\">Van Damme Black Series Tour Grade, 4 p\u00e1ry viacjadrov\u00fdch k\u00e1blov<\/span><\/td>\n<td class=\"vc_table_cell\" style=\"width: 142px;\"><span class=\"vc_table_content\">9.60<\/span><\/td>\n<td class=\"vc_table_cell\" style=\"width: 144px;\"><span class=\"vc_table_content\">500 m<\/span><\/td>\n<\/tr>\n<tr>\n<td class=\"vc_table_cell\" style=\"width: 145px;\"><span class=\"vc_table_content\">268-108-000<\/span><\/td>\n<td class=\"vc_table_cell\" style=\"width: 596px;\"><span class=\"vc_table_content\">Van Damme Black Series Tour Grade, 8 p\u00e1rov, viac\u017eilov\u00e9<\/span><\/td>\n<td class=\"vc_table_cell\" style=\"width: 142px;\"><span class=\"vc_table_content\">12.30<\/span><\/td>\n<td class=\"vc_table_cell\" style=\"width: 144px;\"><span class=\"vc_table_content\">500 m<\/span><\/td>\n<\/tr>\n<tr>\n<td class=\"vc_table_cell\" style=\"width: 145px;\"><span class=\"vc_table_content\">268-112-000<\/span><\/td>\n<td class=\"vc_table_cell\" style=\"width: 596px;\"><span class=\"vc_table_content\">Van Damme Black Series Tour Grade 12-p\u00e1rov\u00fd viac\u017eilov\u00fd k\u00e1bel<\/span><\/td>\n<td class=\"vc_table_cell\" style=\"width: 142px;\"><span class=\"vc_table_content\">13.00<\/span><\/td>\n<td class=\"vc_table_cell\" style=\"width: 144px;\"><span class=\"vc_table_content\">500 m<\/span><\/td>\n<\/tr>\n<tr>\n<td class=\"vc_table_cell\" style=\"width: 145px;\"><span class=\"vc_table_content\">268-116-000<\/span><\/td>\n<td class=\"vc_table_cell\" style=\"width: 596px;\"><span class=\"vc_table_content\">Van Damme Black Series Tour Grade 16-p\u00e1rov\u00fd viac\u017eilov\u00fd k\u00e1bel<\/span><\/td>\n<td class=\"vc_table_cell\" style=\"width: 142px;\"><span class=\"vc_table_content\">14.50<\/span><\/td>\n<td class=\"vc_table_cell\" style=\"width: 144px;\"><span class=\"vc_table_content\">500 m<\/span><\/td>\n<\/tr>\n<tr>\n<td class=\"vc_table_cell\" style=\"width: 145px;\"><span class=\"vc_table_content\">268-124-000<\/span><\/td>\n<td class=\"vc_table_cell\" style=\"width: 596px;\"><span class=\"vc_table_content\">Van Damme Black Series Tour Grade 24-p\u00e1rov\u00fd viac\u017eilov\u00fd k\u00e1bel<\/span><\/td>\n<td class=\"vc_table_cell\" style=\"width: 142px;\"><span class=\"vc_table_content\">17.20<\/span><\/td>\n<td class=\"vc_table_cell\" style=\"width: 144px;\"><span class=\"vc_table_content\">500 m<\/span><\/td>\n<\/tr>\n<tr>\n<td class=\"vc_table_cell\" style=\"width: 145px;\"><span class=\"vc_table_content\">268-132-000<\/span><\/td>\n<td class=\"vc_table_cell\" style=\"width: 596px;\"><span class=\"vc_table_content\">Van Damme Black Series Tour Grade 32 p\u00e1r viac\u017eilov\u00fdch k\u00e1blov<\/span><\/td>\n<td class=\"vc_table_cell\" style=\"width: 142px;\"><span class=\"vc_table_content\">19.00<\/span><\/td>\n<td class=\"vc_table_cell\" style=\"width: 144px;\"><span class=\"vc_table_content\">500 m<\/span><\/td>\n<\/tr>\n<tr>\n<td class=\"vc_table_cell\" style=\"width: 145px;\"><span class=\"vc_table_content\">268-148-000<\/span><\/td>\n<td class=\"vc_table_cell\" style=\"width: 596px;\"><span class=\"vc_table_content\">Van Damme Black Series Tour Grade 48 p\u00e1rov, viacjadrov\u00e9<\/span><\/td>\n<td class=\"vc_table_cell\" style=\"width: 142px;\"><span class=\"vc_table_content\">22.80<\/span><\/td>\n<td class=\"vc_table_cell\" style=\"width: 144px;\"><span class=\"vc_table_content\">500 m<\/span><\/td>\n<\/tr>\n<\/tbody>\n<\/table>\n<\/div>\n<\/div>\n<\/div>\n<\/div>\n<\/div>\n<\/div>\n<\/div>\n<\/div>\n<\/div>\n<\/div>\n<\/div>\n<p>&nbsp;<\/p>","protected":false},"excerpt":{"rendered":"<h1 style=\"text-align: center;\"><b>VAN DAMME BLACK SERIES TOUR GRADE UP-OFC CELOPL\u00c1TOV\u00dd MULTIVL\u00c1KNN\u00dd OPLE\u0164OV\u00dd K\u00c1BEL<\/b><\/h1>","protected":false},"featured_media":12057,"template":"","meta":{"_acf_changed":false,"_et_pb_use_builder":"","_et_pb_old_content":"","_et_gb_content_width":"","inline_featured_image":false},"product_cat":[302,300],"product_tag":[],"class_list":["post-12056","product","type-product","status-publish","has-post-thumbnail","product_cat-kable-analogowe","product_cat-van-damme","first","instock","shipping-taxable","product-type-simple"],"acf":[],"_links":{"self":[{"href":"https:\/\/commercialaudio.pl\/sk\/wp-json\/wp\/v2\/product\/12056","targetHints":{"allow":["GET"]}}],"collection":[{"href":"https:\/\/commercialaudio.pl\/sk\/wp-json\/wp\/v2\/product"}],"about":[{"href":"https:\/\/commercialaudio.pl\/sk\/wp-json\/wp\/v2\/types\/product"}],"wp:featuredmedia":[{"embeddable":true,"href":"https:\/\/commercialaudio.pl\/sk\/wp-json\/wp\/v2\/media\/12057"}],"wp:attachment":[{"href":"https:\/\/commercialaudio.pl\/sk\/wp-json\/wp\/v2\/media?parent=12056"}],"wp:term":[{"taxonomy":"product_cat","embeddable":true,"href":"https:\/\/commercialaudio.pl\/sk\/wp-json\/wp\/v2\/product_cat?post=12056"},{"taxonomy":"product_tag","embeddable":true,"href":"https:\/\/commercialaudio.pl\/sk\/wp-json\/wp\/v2\/product_tag?post=12056"}],"curies":[{"name":"wp","href":"https:\/\/api.w.org\/{rel}","templated":true}]}}

Viacžilový kábel so spoločným opletením - Van Damme Black Series Tour Grade UP-OFC Overall Braid Multicore

<h1 style="text-align: center;"><b>VAN DAMME BLACK SERIES TOUR GRADE UP-OFC OVERALL BRAID MULTICORE &#8211; KABEL WIELOPAROWY WE WSPÓLNYM OPLOCIE EKRANUJĄCYM</b></h1>
<p><span style="font-weight: 400;">Rad Van Damme Black Series Tour Grade je séria analógových viacpárových audio káblov, navrhnutá špeciálne tak, aby zvládla aj tie najnáročnejšie podmienky koncertných turné a iné extrémne prevádzkové prostredia. Tieto káble boli mnohokrát overené, dôkladne otestované a tešia sa plnej dôvere profesionálov z oblasti koncertného ozvučenia, ktorí ich oceňujú nielen pre ich bezkonkurenčnú odolnosť, ale aj pre najvyššiu vernosť zvuku.</span></p>
<h4><strong>Technické špecifikácie:</strong></h4>
<ul>
<li><strong>Maximálna dĺžka cievky </strong>500 m</li>
<li><strong>Káble </strong>28 x 0,10 neizolovaných vodičov z ultračistej bezkyslíkovej medi</li>
<li><strong>Rozmery káblov</strong> 28 × 0,10 mm, 0,22 mm², AWG 24/28</li>
<li><strong>Izolácia</strong> Polypropylén</li>
<li><strong>Typ obrazovky</strong> Hliníkovo-polyesterová fólia s hrúbkou 24 µm &gt;150% na pokrytie<br />
Priehľadná polyesterová fólia</li>
<li><strong>Odvodný kábel</strong> 19 × 0,12 mm, pocínovaná bezkyslíková meď najvyššej čistoty</li>
</ul>
<h5><strong>Celková konštrukcia</strong></h5>
<ul>
<li><strong>Oddeľovač</strong> Mäkká páska</li>
<li><strong>Celkové opletenie</strong> Cínovaný medený drôt, povrchová úprava &lt; 80%</li>
<li><strong>Materiál vonkajšieho povrchu</strong> Pružný kompozit z PVC, farba Jet Black RAL 9005</li>
<li><strong>Rádius ohybu</strong> 10-násobok celkového priemeru</li>
<li><strong>Odpor</strong>
<ul>
<li>Vodič 90 Ω/km</li>
<li>Izolácia &gt;5000 MΩ/km</li>
</ul>
</li>
<li><strong>Kapacita</strong>
<ul>
<li>Medzi jadrami 81 pF/m</li>
<li>Medzi jadrom a stienením 160 pF/m</li>
</ul>
</li>
</ul>
<ul>
<li style="list-style-type: none;"></li>
</ul>
<div id="product-specifications" class="vc_row wpb_row vc_row-fluid vc_custom_1538047796574">
<div class="wpb_column vc_column_container vc_col-sm-12">
<div class="vc_column-inner">
<div class="wpb_wrapper">
<div class="vc_tta-container" data-vc-action="collapse">
<div class="vc_general vc_tta vc_tta-tabs vc_tta-color-grey vc_tta-style-classic vc_tta-shape-square vc_tta-o-shape-group vc_tta-tabs-position-top vc_tta-controls-align-left">
<div class="vc_tta-panels-container">
<div class="vc_tta-panels">
<div id="1537534903486-fd935797-f35124df-956f" class="vc_tta-panel vc_active" data-vc-content=".vc_tta-panel-body">
<div class="vc_tta-panel-body">
<div class="wpb_vc_table wpb_content_element spec-tables spec-tables">
<table style="height: 92px; width: 1027px; border-style: solid; border-color: #000000;" border="3px">
<tbody>
<tr class="vc-th" style="height: 23px;">
<td class="vc_table_cell" style="height: 23px; width: 145px;"><span class="vc_table_content">Číslo modelu </span></td>
<td class="vc_table_cell" style="height: 23px; width: 596px;"><span class="vc_table_content">Popis</span></td>
<td style="width: 142px;"><span class="vc_table_content">Kód RAL</span></td>
<td class="vc_table_cell" style="height: 23px; width: 144px;"><span class="vc_table_content">Dĺžka cievky </span></td>
</tr>
<tr>
<td class="vc_table_cell" style="width: 145px;"><span class="vc_table_content">268-104-000</span></td>
<td class="vc_table_cell" style="width: 596px;"><span class="vc_table_content">Van Damme Black Series Tour Grade, 4 páry viacjadrových káblov</span></td>
<td class="vc_table_cell" style="width: 142px;"><span class="vc_table_content">9.60</span></td>
<td class="vc_table_cell" style="width: 144px;"><span class="vc_table_content">500 m</span></td>
</tr>
<tr>
<td class="vc_table_cell" style="width: 145px;"><span class="vc_table_content">268-108-000</span></td>
<td class="vc_table_cell" style="width: 596px;"><span class="vc_table_content">Van Damme Black Series Tour Grade, 8 párov, viacžilové</span></td>
<td class="vc_table_cell" style="width: 142px;"><span class="vc_table_content">12.30</span></td>
<td class="vc_table_cell" style="width: 144px;"><span class="vc_table_content">500 m</span></td>
</tr>
<tr>
<td class="vc_table_cell" style="width: 145px;"><span class="vc_table_content">268-112-000</span></td>
<td class="vc_table_cell" style="width: 596px;"><span class="vc_table_content">Van Damme Black Series Tour Grade 12-párový viacžilový kábel</span></td>
<td class="vc_table_cell" style="width: 142px;"><span class="vc_table_content">13.00</span></td>
<td class="vc_table_cell" style="width: 144px;"><span class="vc_table_content">500 m</span></td>
</tr>
<tr>
<td class="vc_table_cell" style="width: 145px;"><span class="vc_table_content">268-116-000</span></td>
<td class="vc_table_cell" style="width: 596px;"><span class="vc_table_content">Van Damme Black Series Tour Grade 16-párový viacžilový kábel</span></td>
<td class="vc_table_cell" style="width: 142px;"><span class="vc_table_content">14.50</span></td>
<td class="vc_table_cell" style="width: 144px;"><span class="vc_table_content">500 m</span></td>
</tr>
<tr>
<td class="vc_table_cell" style="width: 145px;"><span class="vc_table_content">268-124-000</span></td>
<td class="vc_table_cell" style="width: 596px;"><span class="vc_table_content">Van Damme Black Series Tour Grade 24-párový viacžilový kábel</span></td>
<td class="vc_table_cell" style="width: 142px;"><span class="vc_table_content">17.20</span></td>
<td class="vc_table_cell" style="width: 144px;"><span class="vc_table_content">500 m</span></td>
</tr>
<tr>
<td class="vc_table_cell" style="width: 145px;"><span class="vc_table_content">268-132-000</span></td>
<td class="vc_table_cell" style="width: 596px;"><span class="vc_table_content">Van Damme Black Series Tour Grade 32 pár viacžilových káblov</span></td>
<td class="vc_table_cell" style="width: 142px;"><span class="vc_table_content">19.00</span></td>
<td class="vc_table_cell" style="width: 144px;"><span class="vc_table_content">500 m</span></td>
</tr>
<tr>
<td class="vc_table_cell" style="width: 145px;"><span class="vc_table_content">268-148-000</span></td>
<td class="vc_table_cell" style="width: 596px;"><span class="vc_table_content">Van Damme Black Series Tour Grade 48 párov, viacjadrové</span></td>
<td class="vc_table_cell" style="width: 142px;"><span class="vc_table_content">22.80</span></td>
<td class="vc_table_cell" style="width: 144px;"><span class="vc_table_content">500 m</span></td>
</tr>
</tbody>
</table>
</div>
</div>
</div>
</div>
</div>
</div>
</div>
</div>
</div>
</div>
</div>
<p>&nbsp;</p>

<h1 style="text-align: center;"><b>VAN DAMME BLACK SERIES TOUR GRADE UP-OFC CELOPLÁTOVÝ MULTIVLÁKNNÝ OPLEŤOVÝ KÁBEL</b></h1>
