{"id":8831,"date":"2024-06-10T22:05:49","date_gmt":"2024-06-10T20:05:49","guid":{"rendered":"https:\/\/commercialaudio.pl\/?post_type=product&#038;p=8831"},"modified":"2024-06-11T15:56:18","modified_gmt":"2024-06-11T13:56:18","slug":"modul-sieci-audio-directout-milanio","status":"publish","type":"product","link":"https:\/\/commercialaudio.pl\/sk\/produkt\/modul-sieci-audio-directout-milanio\/","title":{"rendered":"Modul zvukovej siete - DirectOut MILAN.IO"},"content":{"rendered":"<h1 style=\"text-align: center;\">DirectOut MILAN.IO<\/h1>\n<p>MILAN.IO je modul audio siete* pre s\u00e9riu PRODIGY ur\u010den\u00fd na prepojenie tokov AVB\/Milan.<\/p>\n<p>K dispoz\u00edcii je aj ako MILAN.SRC.IO s integrovanou konverziou vzorkovacej frekvencie (HD SRC). S\u00e9ria PRODIGY pon\u00faka tie\u017e konverziu vzorkovacej frekvencie s n\u00edzkym oneskoren\u00edm (FastSRC\u2122) pre vstup aj v\u00fdstup.<\/p>\n<p>Dve redundantn\u00e9 gigabitov\u00e9 sie\u0165ov\u00e9 rozhrania s konektormi RJ45 alebo SFP prip\u00e1jaj\u00fa a\u017e 128 zvukov\u00fdch kan\u00e1lov (vstup\/v\u00fdstup) prostredn\u00edctvom intern\u00e9ho prep\u00edna\u010da.<\/p>\n<p>Ilo\u015b\u0107 kana\u0142\u00f3w audio jest zmniejszona przy wy\u017cszych cz\u0119stotliwo\u015bciach pr\u00f3bkowania &#8211; 64 kana\u0142y @ 2 FS lub 32 kana\u0142y @ 4 FS.<\/p>\n<p>Milan je sie\u0165ov\u00e1 audio technol\u00f3gia, ktor\u00fa vyvinuli a udr\u017eiavaj\u00fa l\u00eddri na trhu Pro Audio v r\u00e1mci Avnu Alliance\u00ae. Milan\u2122 je na \u0161tandardoch zalo\u017een\u00fd deterministick\u00fd sie\u0165ov\u00fd protokol pre m\u00e9di\u00e1 v re\u00e1lnom \u010dase.<\/p>\n<p>* prihl\u00e1sen\u00fd na certifik\u00e1ciu<\/p>","protected":false},"excerpt":{"rendered":"<h1 style=\"text-align: center;\">DIRECTOUT MILAN.IO<\/h1>","protected":false},"featured_media":8817,"template":"","meta":{"_acf_changed":false,"_et_pb_use_builder":"","_et_pb_old_content":"","_et_gb_content_width":"","inline_featured_image":false},"product_cat":[283],"product_tag":[],"class_list":["post-8831","product","type-product","status-publish","has-post-thumbnail","product_cat-moduly","first","instock","shipping-taxable","product-type-simple"],"acf":[],"_links":{"self":[{"href":"https:\/\/commercialaudio.pl\/sk\/wp-json\/wp\/v2\/product\/8831","targetHints":{"allow":["GET"]}}],"collection":[{"href":"https:\/\/commercialaudio.pl\/sk\/wp-json\/wp\/v2\/product"}],"about":[{"href":"https:\/\/commercialaudio.pl\/sk\/wp-json\/wp\/v2\/types\/product"}],"wp:featuredmedia":[{"embeddable":true,"href":"https:\/\/commercialaudio.pl\/sk\/wp-json\/wp\/v2\/media\/8817"}],"wp:attachment":[{"href":"https:\/\/commercialaudio.pl\/sk\/wp-json\/wp\/v2\/media?parent=8831"}],"wp:term":[{"taxonomy":"product_cat","embeddable":true,"href":"https:\/\/commercialaudio.pl\/sk\/wp-json\/wp\/v2\/product_cat?post=8831"},{"taxonomy":"product_tag","embeddable":true,"href":"https:\/\/commercialaudio.pl\/sk\/wp-json\/wp\/v2\/product_tag?post=8831"}],"curies":[{"name":"wp","href":"https:\/\/api.w.org\/{rel}","templated":true}]}}

<h1 style="text-align: center;">DirectOut MILAN.IO</h1>
<p>MILAN.IO je modul audio siete* pre sériu PRODIGY určený na prepojenie tokov AVB/Milan.</p>
<p>K dispozícii je aj ako MILAN.SRC.IO s integrovanou konverziou vzorkovacej frekvencie (HD SRC). Séria PRODIGY ponúka tiež konverziu vzorkovacej frekvencie s nízkym oneskorením (FastSRC™) pre vstup aj výstup.</p>
<p>Dve redundantné gigabitové sieťové rozhrania s konektormi RJ45 alebo SFP pripájajú až 128 zvukových kanálov (vstup/výstup) prostredníctvom interného prepínača.</p>
<p>Ilość kanałów audio jest zmniejszona przy wyższych częstotliwościach próbkowania &#8211; 64 kanały @ 2 FS lub 32 kanały @ 4 FS.</p>
<p>Milan je sieťová audio technológia, ktorú vyvinuli a udržiavajú lídri na trhu Pro Audio v rámci Avnu Alliance®. Milan™ je na štandardoch založený deterministický sieťový protokol pre médiá v reálnom čase.</p>
<p>* prihlásený na certifikáciu</p>
