{"id":11867,"date":"2026-03-23T12:36:08","date_gmt":"2026-03-23T11:36:08","guid":{"rendered":"https:\/\/commercialaudio.pl\/?post_type=project&#038;p=11867"},"modified":"2026-03-23T22:36:21","modified_gmt":"2026-03-23T21:36:21","slug":"naglosnienie-stadionu-itaka-arena","status":"publish","type":"project","link":"https:\/\/commercialaudio.pl\/sk\/project\/naglosnienie-stadionu-itaka-arena\/","title":{"rendered":"Ithaca Arena Opole: ozvu\u010denie \u0161tadi\u00f3na, dod\u00e1vka syst\u00e9mu Bose Professional"},"content":{"rendered":"<h2 class=\"wp-block-heading\">Ozvu\u010denie \u0161tadi\u00f3na <a href=\"https:\/\/itakaarena.com\/\" target=\"_blank\" rel=\"noreferrer noopener\">Ithaca Arena v Opole<\/a> je zalo\u017een\u00fd na syst\u00e9me <a href=\"https:\/\/commercialaudio.pl\/sk\/produkt\/system-bose-arenamatch\/\" target=\"_blank\" rel=\"noreferrer noopener\">Bose Professional ArenaMatch<\/a>. Ako v\u00fdhradn\u00fd distrib\u00fator spolo\u010dnosti Bose Professional v Po\u013esku sme boli zodpovedn\u00ed za dod\u00e1vku syst\u00e9mu, ako aj za poskytovanie odbornej podpory pri n\u00e1vrhu, in\u0161tal\u00e1cii a uveden\u00ed do prev\u00e1dzky.<\/h2>\n\n\n\n<figure class=\"wp-block-image size-large\"><img loading=\"lazy\" decoding=\"async\" width=\"1024\" height=\"683\" src=\"https:\/\/commercialaudio.pl\/wp-content\/uploads\/2026\/03\/naglosnienie_stadionu-1024x683.jpg\" alt=\"propag\u00e1cia \u0161tadi\u00f3na\" class=\"wp-image-11831\" srcset=\"https:\/\/commercialaudio.pl\/wp-content\/uploads\/2026\/03\/naglosnienie_stadionu-980x654.jpg 980w, https:\/\/commercialaudio.pl\/wp-content\/uploads\/2026\/03\/naglosnienie_stadionu-480x320.jpg 480w\" sizes=\"(min-width: 0px) and (max-width: 480px) 480px, (min-width: 481px) and (max-width: 980px) 980px, (min-width: 981px) 1024px, 100vw\" \/><\/figure>","protected":false},"excerpt":{"rendered":"<p>Ozvu\u010denie \u0161tadi\u00f3na Ithaca Arena v Opole je zalo\u017een\u00e9 na syst\u00e9me Bose Professional ArenaMatch. Ako v\u00fdhradn\u00fd distrib\u00fator spolo\u010dnosti Bose Professional v Po\u013esku sme boli zodpovedn\u00ed za dod\u00e1vku syst\u00e9mu, ako aj za poskytovanie odbornej podpory pri n\u00e1vrhu, in\u0161tal\u00e1cii a uveden\u00ed syst\u00e9mu do prev\u00e1dzky.<\/p>","protected":false},"author":5,"featured_media":11831,"comment_status":"open","ping_status":"closed","template":"","meta":{"_acf_changed":false,"_et_pb_use_builder":"off","_et_pb_old_content":"","_et_gb_content_width":"","inline_featured_image":false,"footnotes":""},"project_category":[299],"project_tag":[],"class_list":["post-11867","project","type-project","status-publish","has-post-thumbnail","hentry","project_category-realizacje"],"acf":[],"_links":{"self":[{"href":"https:\/\/commercialaudio.pl\/sk\/wp-json\/wp\/v2\/project\/11867","targetHints":{"allow":["GET"]}}],"collection":[{"href":"https:\/\/commercialaudio.pl\/sk\/wp-json\/wp\/v2\/project"}],"about":[{"href":"https:\/\/commercialaudio.pl\/sk\/wp-json\/wp\/v2\/types\/project"}],"author":[{"embeddable":true,"href":"https:\/\/commercialaudio.pl\/sk\/wp-json\/wp\/v2\/users\/5"}],"replies":[{"embeddable":true,"href":"https:\/\/commercialaudio.pl\/sk\/wp-json\/wp\/v2\/comments?post=11867"}],"version-history":[{"count":1,"href":"https:\/\/commercialaudio.pl\/sk\/wp-json\/wp\/v2\/project\/11867\/revisions"}],"predecessor-version":[{"id":11868,"href":"https:\/\/commercialaudio.pl\/sk\/wp-json\/wp\/v2\/project\/11867\/revisions\/11868"}],"wp:featuredmedia":[{"embeddable":true,"href":"https:\/\/commercialaudio.pl\/sk\/wp-json\/wp\/v2\/media\/11831"}],"wp:attachment":[{"href":"https:\/\/commercialaudio.pl\/sk\/wp-json\/wp\/v2\/media?parent=11867"}],"wp:term":[{"taxonomy":"project_category","embeddable":true,"href":"https:\/\/commercialaudio.pl\/sk\/wp-json\/wp\/v2\/project_category?post=11867"},{"taxonomy":"project_tag","embeddable":true,"href":"https:\/\/commercialaudio.pl\/sk\/wp-json\/wp\/v2\/project_tag?post=11867"}],"curies":[{"name":"wp","href":"https:\/\/api.w.org\/{rel}","templated":true}]}}

Ithaca Arena Opole: ozvučenie štadióna, dodávka systému Bose Professional

<h2 class="wp-block-heading">Ozvučenie štadióna <a href="https://itakaarena.com/" target="_blank" rel="noreferrer noopener">Ithaca Arena v Opole</a> je založený na systéme <a href="https://commercialaudio.pl/sk/produkt/system-bose-arenamatch/" target="_blank" rel="noreferrer noopener">Bose Professional ArenaMatch</a>. Ako výhradný distribútor spoločnosti Bose Professional v Poľsku sme boli zodpovední za dodávku systému, ako aj za poskytovanie odbornej podpory pri návrhu, inštalácii a uvedení do prevádzky.</h2>



<figure class="wp-block-image size-large"><img loading="lazy" decoding="async" width="1024" height="683" src="https://commercialaudio.pl/wp-content/uploads/2026/03/naglosnienie_stadionu-1024x683.jpg" alt="propagácia štadióna" class="wp-image-11831" srcset="https://commercialaudio.pl/wp-content/uploads/2026/03/naglosnienie_stadionu-980x654.jpg 980w, https://commercialaudio.pl/wp-content/uploads/2026/03/naglosnienie_stadionu-480x320.jpg 480w" sizes="(min-width: 0px) and (max-width: 480px) 480px, (min-width: 481px) and (max-width: 980px) 980px, (min-width: 981px) 1024px, 100vw" /></figure>

<p>Ozvučenie štadióna Ithaca Arena v Opole je založené na systéme Bose Professional ArenaMatch. Ako výhradný distribútor spoločnosti Bose Professional v Poľsku sme boli zodpovední za dodávku systému, ako aj za poskytovanie odbornej podpory pri návrhu, inštalácii a uvedení systému do prevádzky.</p>
